{"id":86109,"date":"2026-03-19T22:07:53","date_gmt":"2026-03-19T22:07:53","guid":{"rendered":"https:\/\/soydeaqui.ddns.net\/pachuca\/index.php\/producto\/diadema-usb-yealink-uh34-lite-dual-con-almohadillas-de-esponja-y-certificacion-microsoft-teams\/"},"modified":"2026-03-19T22:08:05","modified_gmt":"2026-03-19T22:08:05","slug":"diadema-usb-yealink-uh34-lite-dual-con-almohadillas-de-esponja-y-certificacion-microsoft-teams","status":"publish","type":"product","link":"https:\/\/soydeaqui.ddns.net\/pachuca\/index.php\/producto\/diadema-usb-yealink-uh34-lite-dual-con-almohadillas-de-esponja-y-certificacion-microsoft-teams\/","title":{"rendered":"Diadema USB Yealink UH34 Lite Dual con Almohadillas de Esponja y Certificaci\u00f3n Microsoft Teams"},"content":{"rendered":"<p><!-- Header --><\/p>\n<header class='bg-dark text-white py-4'><!-- Imagen full width --> <img class='img-fluid w-100' src='https:\/\/ftp3.syscom.mx\/usuarios\/ftp\/single_page\/YEALINK\/BannerPrincipal.jpg' alt='Banner Yealink' \/> <\/p>\n<div class='container'>\n<div class='row align-items-center'>\n<div class='col-md-8'>\n<h1 class='display-4 fw-bold mb-0'>Serie Yealink UH<\/h1>\n<p class='lead mb-0'>Auriculares con Cable USB<\/p>\n<\/p><\/div>\n<\/p><\/div>\n<\/p><\/div>\n<\/header>\n<p><!-- Hero Section --> <\/p>\n<section class='text-white py-5' style='background-color: #267c5f;'>\n<div class='container text-center'>\n<h2 class='display-5 fw-bold mb-3'>Dise\u00f1ado para los trabajos modernos&comma; donde sea que ocurran<\/h2>\n<p class='lead'>Cableado para cada estaci\u00f3n de trabajo<\/p>\n<p class='fs-5'>La serie de auriculares USB Yealink re\u00fane una cancelaci\u00f3n de ruido con IA&comma; ANC h\u00edbrido&comma; y un plug-and-play f\u00e1cil de configurar. Est\u00e1 dise\u00f1ado para mantener las distracciones fuera y la productividad dentro: c\u00f3modo&comma; sin esfuerzo y con una claridad excepcional&comma; exactamente como debe ser.<\/p>\n<\/p><\/div>\n<\/section>\n<p> <!-- Features Section --> <\/p>\n<section class='py-5'>\n<div class='container'>\n<div class='row g-4'><!-- Feature 1 --> <\/p>\n<div class='col-md-4'>\n<div class='card h-100 border-primary'>\n<div class='card-body text-center'>\n<div class='display-1 text-primary mb-3'> <\/div>\n<p> <img src='https:\/\/ftp3.syscom.mx\/usuarios\/ftp\/single_page\/YEALINK\/1b.png' \/> <\/p>\n<h3 class='card-title h4'>Cancelaci\u00f3n de Ruido con Inteligencia Artificial<\/h3>\n<p class='card-text'>Certificado por Microsoft Teams Premium para una oficina abierta&comma; cargado completamente con una cancelaci\u00f3n de ruido con IA&comma; Arreglo de 4 micr\u00f3fonos&comma; y Acoustic Shield 3.0\u2014escuche su voz fuerte y clara. Y solo su voz. S\u00ed&comma; solo la suya.<\/p>\n<\/p><\/div>\n<\/p><\/div>\n<\/p><\/div>\n<p> <!-- Feature 2 --> <\/p>\n<div class='col-md-4'>\n<div class='card h-100 border-success'>\n<div class='card-body text-center'>\n<div class='display-1 text-success mb-3'> <\/div>\n<p> <img src='https:\/\/ftp3.syscom.mx\/usuarios\/ftp\/single_page\/YEALINK\/2b.png' \/> <\/p>\n<h3 class='card-title h4'>ANC H\u00edbrido<\/h3>\n<p class='card-text'>Hasta 2x cancelaci\u00f3n activa de ruido m\u00e1s potente&comma; equipado con micr\u00f3fonos de doble alimentaci\u00f3n y doble retroalimentaci\u00f3n.<\/p>\n<ul class='list-unstyled mt-3'>\n<li class='mb-2'><strong>Sonido ambiental:<\/strong> Escuche su entorno<\/li>\n<li class='mb-2'><strong>Modo ANC medio:<\/strong> Presione para reducir el ruido de fondo<\/li>\n<li><strong>Modo ANC alto:<\/strong> Mantenga presionado (2\u20133 s) para una cancelaci\u00f3n de ruido m\u00e1xima<\/li>\n<\/ul><\/div>\n<\/p><\/div>\n<\/p><\/div>\n<p> <!-- Feature 3 --> <\/p>\n<div class='col-md-4'>\n<div class='card h-100 border-info'>\n<div class='card-body text-center'>\n<div class='display-1 text-info mb-3'> <\/div>\n<p> <img src='https:\/\/ftp3.syscom.mx\/usuarios\/ftp\/single_page\/YEALINK\/3b.png' \/> <\/p>\n<h3 class='card-title h4'>Calidad de Audio Excepcional<\/h3>\n<p class='card-text'>De llamadas a m\u00fasica: escuche cada detalle&comma; siente cada ritmo.<\/p>\n<ul class='list-unstyled mt-3'>\n<li class='mb-2'>Altavoz de 35 mm<\/li>\n<li class='mb-2'>Excelente sonido est\u00e9reo<\/li>\n<li>Audio HD de banda ancha<\/li>\n<\/ul><\/div>\n<\/p><\/div>\n<\/p><\/div>\n<\/p><\/div>\n<\/p><\/div>\n<\/section>\n<p> <!-- Comfort Section --> <\/p>\n<section class='bg-light py-5'>\n<div class='container'>\n<h2 class='text-center display-6 fw-bold mb-4'>Dise\u00f1ado para su aventura auditiva<\/h2>\n<h3 class='text-center h4 text-primary mb-4'>Confort Acogedor para Usted<\/h3>\n<div class='row g-4'>\n<div class='col-md-6'>\n<div class='card'>\n<div class='card-body'>\n<h5 class='card-title'>Dise\u00f1o Ergon\u00f3mico<\/h5>\n<ul class='list-group list-group-flush'>\n<li class='list-group-item'>Copas de oreja con dise\u00f1o ergon\u00f3mico<\/li>\n<li class='list-group-item'>Almohadillas de espuma viscoel\u00e1stica suave y c\u00f3nica para una comodidad transpirable<\/li>\n<li class='list-group-item'>Brazos ergon\u00f3micos y un diadema que libera la presi\u00f3n con ajuste c\u00f3modo<\/li>\n<\/ul><\/div>\n<\/p><\/div>\n<\/p><\/div>\n<div class='col-md-6'>\n<div class='card'>\n<div class='card-body'>\n<h5 class='card-title'>Todo Sobre la Experiencia<\/h5>\n<ul class='list-group list-group-flush'>\n<li class='list-group-item'>Controles de llamada integrados y f\u00e1ciles de usar<\/li>\n<li class='list-group-item'>Conecta y listo para usar USB C\/A<\/li>\n<li class='list-group-item'>No molestar &#8211; Luz de ocupado<\/li>\n<li class='list-group-item'>Puede pon\u00e9rselo en cualquier o\u00eddo<\/li>\n<li class='list-group-item'>Levante el micr\u00f3fono para silenciar<\/li>\n<li class='list-group-item'>Compatible con las principales plataformas UC<\/li>\n<\/ul><\/div>\n<\/p><\/div>\n<\/p><\/div>\n<\/p><\/div>\n<\/p><\/div>\n<\/section>\n<p> <!-- Models Comparison --> <\/p>\n<section class='py-5'>\n<div class='container'>\n<h2 class='text-center display-6 fw-bold mb-4'>Elige tus Auriculares USB<\/h2>\n<p> <!-- Serie UH3X --> <\/p>\n<h3 class='h4 text-primary mb-3'>Serie UH3X<\/h3>\n<div class='table-responsive mb-5'>\n<table class='table table-striped table-bordered table-hover'>\n<thead class='table-dark'>\n<tr>\n<th>Especificaci\u00f3n<\/th>\n<th>UH34<\/th>\n<th>UH34SE<\/th>\n<th>UH35<\/th>\n<\/tr>\n<\/thead>\n<tbody>\n<tr>\n<td><strong>N\u00famero de micr\u00f3fonos con cancelaci\u00f3n de ruido<\/strong><\/td>\n<td>1<\/td>\n<td>1<\/td>\n<td>2<\/td>\n<\/tr>\n<tr>\n<td><strong>ANC H\u00edbrido<\/strong><\/td>\n<td>\u00d7<\/td>\n<td>\u00d7<\/td>\n<td>\u00d7<\/td>\n<\/tr>\n<tr>\n<td><strong>Tama\u00f1o del altavoz<\/strong><\/td>\n<td>28 mm<\/td>\n<td>28 mm<\/td>\n<td>35 mm<\/td>\n<\/tr>\n<tr>\n<td><strong>Rango de frecuencia<\/strong><\/td>\n<td>20 Hz-20 kHz<\/td>\n<td>20 Hz-20 kHz<\/td>\n<td>20 Hz-20 kHz<\/td>\n<\/tr>\n<tr>\n<td><strong>Peso<\/strong><\/td>\n<td>118 g<\/td>\n<td>118 g<\/td>\n<td>139.5 g<\/td>\n<\/tr>\n<tr>\n<td><strong>Estilo de vestir<\/strong><\/td>\n<td>Mono\/dual<\/td>\n<td>Mono\/dual<\/td>\n<td>Mono\/dual<\/td>\n<\/tr>\n<tr>\n<td><strong>Banda para la cabeza<\/strong><\/td>\n<td>\/<\/td>\n<td>\/<\/td>\n<td>Piel sint\u00e9tica + espuma<\/td>\n<\/tr>\n<tr>\n<td><strong>Almohadilla para o\u00eddo<\/strong><\/td>\n<td>Espuma \/ Cuero sint\u00e9tico<\/td>\n<td>Espuma \/ Cuero sint\u00e9tico<\/td>\n<td>Piel sint\u00e9tica<\/td>\n<\/tr>\n<tr>\n<td><strong>Rotaci\u00f3n del brazo<\/strong><\/td>\n<td>320\u00b0<\/td>\n<td>320\u00b0<\/td>\n<td>300\u00b0<\/td>\n<\/tr>\n<tr>\n<td><strong>\u00daselo en cualquier lado<\/strong><\/td>\n<td>\u00d7<\/td>\n<td>\u00d7<\/td>\n<td>\u00danico<\/td>\n<\/tr>\n<tr>\n<td><strong>Conectividad<\/strong><\/td>\n<td>USB-A<\/td>\n<td>USB-A<\/td>\n<td>USB-C\/A<\/td>\n<\/tr>\n<tr>\n<td><strong>Luz de ocupado<\/strong><\/td>\n<td>\u00d7<\/td>\n<td>\u00d7<\/td>\n<td>\u00d7<\/td>\n<\/tr>\n<tr>\n<td><strong>Control de m\u00fasica<\/strong><\/td>\n<td>\u00d7<\/td>\n<td>\u00d7<\/td>\n<td>\u00d7<\/td>\n<\/tr>\n<tr>\n<td><strong>Levantar brazo para silenciar<\/strong><\/td>\n<td>\u00d7<\/td>\n<td>\u00d7<\/td>\n<td>\u00d7<\/td>\n<\/tr>\n<tr>\n<td><strong>Conector de 3&comma;5 mm<\/strong><\/td>\n<td>\u00d7<\/td>\n<td>\u00d7<\/td>\n<td>\u00d7<\/td>\n<\/tr>\n<tr>\n<td><strong>Unidad de control<\/strong><\/td>\n<td>\u2713<\/td>\n<td>\u2713<\/td>\n<td>\u2713<\/td>\n<\/tr>\n<tr>\n<td><strong>Longitud del cable<\/strong><\/td>\n<td>2&comma;1 m<\/td>\n<td>2&comma;1 m<\/td>\n<td>1&comma;7 m<\/td>\n<\/tr>\n<\/tbody>\n<\/table><\/div>\n<p> <!-- Serie UH4X --> <\/p>\n<h3 class='h4 text-primary mb-3'>Serie UH4X<\/h3>\n<div class='table-responsive'>\n<table class='table table-striped table-bordered table-hover'>\n<thead class='table-dark'>\n<tr>\n<th>Especificaci\u00f3n<\/th>\n<th>UH42<\/th>\n<th>UH42SE<\/th>\n<th>UH44<\/th>\n<th>UH46<\/th>\n<th>UH48<\/th>\n<th>UH48SE<\/th>\n<\/tr>\n<\/thead>\n<tbody>\n<tr>\n<td><strong>N\u00famero de micr\u00f3fonos<\/strong><\/td>\n<td>1<\/td>\n<td>1<\/td>\n<td>2<\/td>\n<td>3<\/td>\n<td>6<\/td>\n<td>6<\/td>\n<\/tr>\n<tr>\n<td><strong>ANC H\u00edbrido<\/strong><\/td>\n<td>\u00d7<\/td>\n<td>\u00d7<\/td>\n<td>\u00d7<\/td>\n<td>\u00d7<\/td>\n<td>\u2713<\/td>\n<td>\u2713<\/td>\n<\/tr>\n<tr>\n<td><strong>Tama\u00f1o del altavoz<\/strong><\/td>\n<td>35 mm<\/td>\n<td>35 mm<\/td>\n<td>35 mm<\/td>\n<td>35 mm<\/td>\n<td>30 mm<\/td>\n<td>30 mm<\/td>\n<\/tr>\n<tr>\n<td><strong>Rango de frecuencia<\/strong><\/td>\n<td>20 Hz-20 kHz<\/td>\n<td>20 Hz-20 kHz<\/td>\n<td>20 Hz-20 kHz<\/td>\n<td>20 Hz-20 kHz<\/td>\n<td>20 Hz-20 kHz<\/td>\n<td>20 Hz-20 kHz<\/td>\n<\/tr>\n<tr>\n<td><strong>Peso<\/strong><\/td>\n<td>140 g<\/td>\n<td>140 g<\/td>\n<td>156 g<\/td>\n<td>166 g<\/td>\n<td>169 g<\/td>\n<td>169 g<\/td>\n<\/tr>\n<tr>\n<td><strong>Estilo de vestir<\/strong><\/td>\n<td>Mono\/dual<\/td>\n<td>Mono\/dual<\/td>\n<td>Mono\/dual<\/td>\n<td>Mono\/dual<\/td>\n<td>Doble<\/td>\n<td>Doble<\/td>\n<\/tr>\n<tr>\n<td><strong>Banda para la cabeza<\/strong><\/td>\n<td>Caucho suave<\/td>\n<td>Caucho suave<\/td>\n<td>Piel sint\u00e9tica + espuma<\/td>\n<td>Piel sint\u00e9tica + espuma<\/td>\n<td>Piel sint\u00e9tica + espuma<\/td>\n<td>Piel sint\u00e9tica + espuma<\/td>\n<\/tr>\n<tr>\n<td><strong>Almohadilla para o\u00eddo<\/strong><\/td>\n<td>Piel sint\u00e9tica<\/td>\n<td>Piel sint\u00e9tica<\/td>\n<td>Piel sint\u00e9tica<\/td>\n<td>Piel sint\u00e9tica<\/td>\n<td>Piel sint\u00e9tica<\/td>\n<td>Piel sint\u00e9tica<\/td>\n<\/tr>\n<tr>\n<td><strong>Rotaci\u00f3n del brazo<\/strong><\/td>\n<td>280\u00b0<\/td>\n<td>280\u00b0<\/td>\n<td>280\u00b0<\/td>\n<td>280\u00b0<\/td>\n<td>140\u00b0<\/td>\n<td>140\u00b0<\/td>\n<\/tr>\n<tr>\n<td><strong>\u00daselo en cualquier lado<\/strong><\/td>\n<td>\u00d7<\/td>\n<td>\u00d7<\/td>\n<td>\u00danico<\/td>\n<td>doble<\/td>\n<td>\u00d7<\/td>\n<td>\u00d7<\/td>\n<\/tr>\n<tr>\n<td><strong>Conectividad<\/strong><\/td>\n<td>USB-C\/A<\/td>\n<td>USB-C\/A<\/td>\n<td>USB-C\/A<\/td>\n<td>USB-C\/A<\/td>\n<td>USB-C\/A<\/td>\n<td>USB-C\/A<\/td>\n<\/tr>\n<tr>\n<td><strong>Luz de ocupado<\/strong><\/td>\n<td>\u00d7<\/td>\n<td>\u00d7<\/td>\n<td>\u00danico<\/td>\n<td>doble<\/td>\n<td>doble<\/td>\n<td>doble<\/td>\n<\/tr>\n<tr>\n<td><strong>Control de m\u00fasica<\/strong><\/td>\n<td>\u00d7<\/td>\n<td>\u00d7<\/td>\n<td>\u00d7<\/td>\n<td>\u00d7<\/td>\n<td>\u2713<\/td>\n<td>\u2713<\/td>\n<\/tr>\n<tr>\n<td><strong>Levantar brazo para silenciar<\/strong><\/td>\n<td>\u2713<\/td>\n<td>\u2713<\/td>\n<td>\u2713<\/td>\n<td>\u2713<\/td>\n<td>\u00d7<\/td>\n<td>\u00d7<\/td>\n<\/tr>\n<tr>\n<td><strong>Conector de 3&comma;5 mm<\/strong><\/td>\n<td>\u00d7<\/td>\n<td>\u00d7<\/td>\n<td>\u00d7<\/td>\n<td>\u00d7<\/td>\n<td>\u00d7<\/td>\n<td>\u00d7<\/td>\n<\/tr>\n<tr>\n<td><strong>Unidad de control<\/strong><\/td>\n<td>\u2713<\/td>\n<td>\u2713<\/td>\n<td>\u2713<\/td>\n<td>\u2713<\/td>\n<td>\u2713<\/td>\n<td>\u2713<\/td>\n<\/tr>\n<tr>\n<td><strong>Longitud del cable<\/strong><\/td>\n<td>2&comma;15 m<\/td>\n<td>2&comma;15 m<\/td>\n<td>2&comma;15 m<\/td>\n<td>2&comma;15 m<\/td>\n<td>1&comma;7 m<\/td>\n<td>1&comma;7 m<\/td>\n<\/tr>\n<\/tbody>\n<\/table><\/div>\n<\/p><\/div>\n<\/section>\n<p> <!-- Notas --> <\/p>\n<section class='bg-light py-4'>\n<div class='container'>\n<div class='alert alert-info' role='alert'>\n<h5 class='alert-heading'>Notas Importantes:<\/h5>\n<ul class='mb-0'>\n<li>La certificaci\u00f3n Open Office de Microsoft Teams Premium solo est\u00e1 disponible en el modelo UH48 de la serie UH.<\/li>\n<li>La cantidad de micr\u00f3fonos var\u00eda seg\u00fan el modelo.<\/li>\n<li>El Hybrid ANC solo est\u00e1 disponible en el modelo UH48 de la serie UH.<\/li>\n<li>El tama\u00f1o del altavoz var\u00eda seg\u00fan el modelo.<\/li>\n<li>El dise\u00f1o de confort var\u00eda seg\u00fan el modelo.<\/li>\n<li>Las caracter\u00edsticas var\u00edan seg\u00fan los modelos de la serie UH.<\/li>\n<\/ul><\/div>\n<\/p><\/div>\n<\/section>\n","protected":false},"excerpt":{"rendered":"<p>Diadema USB Yealink UH34 Lite Dual con Almohadillas de Esponja y Certificaci\u00f3n Microsoft Teams<\/p>\n","protected":false},"featured_media":86108,"comment_status":"open","ping_status":"closed","template":"","meta":[],"product_brand":[],"product_cat":[2040],"product_tag":[93,2004,2112],"class_list":{"0":"post-86109","1":"product","2":"type-product","3":"status-publish","4":"has-post-thumbnail","6":"product_cat-accesorios-voip-telefonia-ip-videoconferencia","7":"product_tag-accesorios","8":"product_tag-voip-telefonia-ip-videoconferencia","9":"product_tag-yealink","11":"first","12":"instock","13":"sale","14":"shipping-taxable","15":"purchasable","16":"product-type-simple"},"_links":{"self":[{"href":"https:\/\/soydeaqui.ddns.net\/pachuca\/index.php\/wp-json\/wp\/v2\/product\/86109","targetHints":{"allow":["GET"]}}],"collection":[{"href":"https:\/\/soydeaqui.ddns.net\/pachuca\/index.php\/wp-json\/wp\/v2\/product"}],"about":[{"href":"https:\/\/soydeaqui.ddns.net\/pachuca\/index.php\/wp-json\/wp\/v2\/types\/product"}],"replies":[{"embeddable":true,"href":"https:\/\/soydeaqui.ddns.net\/pachuca\/index.php\/wp-json\/wp\/v2\/comments?post=86109"}],"wp:featuredmedia":[{"embeddable":true,"href":"https:\/\/soydeaqui.ddns.net\/pachuca\/index.php\/wp-json\/wp\/v2\/media\/86108"}],"wp:attachment":[{"href":"https:\/\/soydeaqui.ddns.net\/pachuca\/index.php\/wp-json\/wp\/v2\/media?parent=86109"}],"wp:term":[{"taxonomy":"product_brand","embeddable":true,"href":"https:\/\/soydeaqui.ddns.net\/pachuca\/index.php\/wp-json\/wp\/v2\/product_brand?post=86109"},{"taxonomy":"product_cat","embeddable":true,"href":"https:\/\/soydeaqui.ddns.net\/pachuca\/index.php\/wp-json\/wp\/v2\/product_cat?post=86109"},{"taxonomy":"product_tag","embeddable":true,"href":"https:\/\/soydeaqui.ddns.net\/pachuca\/index.php\/wp-json\/wp\/v2\/product_tag?post=86109"}],"curies":[{"name":"wp","href":"https:\/\/api.w.org\/{rel}","templated":true}]}}