{"id":85948,"date":"2026-03-19T22:00:33","date_gmt":"2026-03-19T22:00:33","guid":{"rendered":"https:\/\/soydeaqui.ddns.net\/pachuca\/index.php\/producto\/adaptador-ehs-para-diademas-inalambricas-dect-de-yealink-compatible-con-diversas-marcas-de-telefonos-ip\/"},"modified":"2026-03-19T22:00:35","modified_gmt":"2026-03-19T22:00:35","slug":"adaptador-ehs-para-diademas-inalambricas-dect-de-yealink-compatible-con-diversas-marcas-de-telefonos-ip","status":"publish","type":"product","link":"https:\/\/soydeaqui.ddns.net\/pachuca\/index.php\/producto\/adaptador-ehs-para-diademas-inalambricas-dect-de-yealink-compatible-con-diversas-marcas-de-telefonos-ip\/","title":{"rendered":"Adaptador EHS Para Diademas Inal\u00e1mbricas DECT de Yealink Compatible con diversas marcas de Telefonos IP"},"content":{"rendered":"<div style='width: 100%; max-width: 1200px; margin: 0 auto; font-family: sans-serif; line-height: 1.6; color: inherit; background-color: transparent;'> <!-- Secci\u00f3n de descripci\u00f3n general --> <\/p>\n<div style='margin-bottom: 30px;'>\n<p style='font-size: 17px; line-height: 1.6; margin: 0 0 20px; color: inherit;'> El adaptador para auriculares inal\u00e1mbricos Yealink EHS62 es una soluci\u00f3n avanzada que proporciona una interfaz t\u00e9cnica entre su auricular DECT Yealink y un tel\u00e9fono de escritorio compatible (Cisco\/Avaya\/Poly\/Grandstream\/Mitel\/Unify\/Yealink T2X\/T4XG). Dise\u00f1ado para maximizar la productividad en aplicaciones empresariales como recepciones y centros de llamadas&comma; es ideal para los sectores corporativo&comma; financiero&comma; salud&comma; gubernamental&comma; educativo&comma; industrial y SME\/SoHo. <\/p>\n<\/p><\/div>\n<p> <!-- Secci\u00f3n de caracter\u00edsticas principales --> <\/p>\n<div style='margin-bottom: 30px;'>\n<h3 style='font-size: 22px; border-bottom: 2px solid currentColor; padding-bottom: 5px; margin-top: 0; margin-bottom: 20px; color: inherit; opacity: 0.8;'>Caracter\u00edsticas Principales<\/h3>\n<div style='display: flex; flex-wrap: wrap; gap: 20px;'>\n<div style='flex: 1 1 300px; min-width: 280px;'>\n<ul style='padding-left: 20px; font-size: 15px; color: inherit; list-style-type: disc;'>\n<li style='margin-bottom: 5px;'>Compatible con auriculares inal\u00e1mbricos Yealink (WH64\/WH65\/WH68)<\/li>\n<li style='margin-bottom: 5px;'>Perfectamente compatible con tel\u00e9fonos IP Cisco&comma; Avaya&comma; Poly&comma; Grandstream&comma; Mitel&comma; Unify y Yealink T2X\/T4XG<\/li>\n<li style='margin-bottom: 5px;'>Funcionamiento plug and play<\/li>\n<li style='margin-bottom: 5px;'>Las llamadas entrantes se transmiten directamente al auricular inal\u00e1mbrico<\/li>\n<li style='margin-bottom: 5px;'>Control de llamadas a trav\u00e9s del auricular inal\u00e1mbrico remoto: contestar&comma; colgar y ajustar el volumen<\/li>\n<\/ul><\/div>\n<\/p><\/div>\n<\/p><\/div>\n<p> <!-- Secci\u00f3n de detalles t\u00e9cnicos --> <\/p>\n<div style='margin-bottom: 30px;'>\n<h3 style='font-size: 22px; border-bottom: 2px solid currentColor; padding-bottom: 5px; margin-top: 0; margin-bottom: 20px; color: inherit; opacity: 0.8;'>Detalles T\u00e9cnicos<\/h3>\n<div style='display: flex; flex-wrap: wrap; gap: 20px;'>\n<div style='flex: 1 1 250px; border: 1px solid rgba(150&comma; 150&comma; 150&comma; 0.4); border-radius: 8px; overflow: hidden; display: flex; flex-direction: column;'>\n<div style='padding: 15px; border-bottom: 1px solid rgba(150&comma; 150&comma; 150&comma; 0.2); font-weight: bold; font-size: 18px; color: inherit;'>Especificaciones<\/div>\n<div style='padding: 15px; color: inherit;'>\n<ul style='padding-left: 20px; margin: 0; font-size: 14px; list-style-type: disc;'>\n<li style='margin-bottom: 5px;'>1 x Mini USB para auricular inal\u00e1mbrico Yealink (WH64\/WH65\/WH68)&comma; longitud del cable 20 cm<\/li>\n<li style='margin-bottom: 5px;'>Incluye cables de conexi\u00f3n para Mitel&comma; Unify&comma; Avaya&comma; Grandstream&comma; Yealink&comma; Cisco y Poly<\/li>\n<\/ul><\/div>\n<\/p><\/div>\n<div style='flex: 1 1 250px; border: 1px solid rgba(150&comma; 150&comma; 150&comma; 0.4); border-radius: 8px; overflow: hidden; display: flex; flex-direction: column;'>\n<div style='padding: 15px; border-bottom: 1px solid rgba(150&comma; 150&comma; 150&comma; 0.2); font-weight: bold; font-size: 18px; color: inherit;'>Interfaces y Conectividad<\/div>\n<div style='padding: 15px; color: inherit;'>\n<ul style='padding-left: 20px; margin: 0; font-size: 14px; list-style-type: disc;'>\n<li style='margin-bottom: 5px;'>1 x TR9-5 (8 pines) a RJ9 (4 pines) &#038; TR9-5 (8 pines) a RJ45 (10 pines) para Mitel y Unify<\/li>\n<li style='margin-bottom: 5px;'>1 x RJ9 (4 pines) a RJ9 (4 pines) para Avaya y Grandstream<\/li>\n<li style='margin-bottom: 5px;'>1 x RJ45 (10 pines) a RJ12 (6 pines) para Yealink<\/li>\n<li style='margin-bottom: 5px;'>1 x RJ9 (4 pines) a RJ9 (4 pines) &#038; RJ45 (10 pines) a RJ12 (6 pines) para Cisco<\/li>\n<li style='margin-bottom: 5px;'>1 x 5 pines a RJ45 (10 pines) para Poly<\/li>\n<\/ul><\/div>\n<\/p><\/div>\n<\/p><\/div>\n<\/p><\/div>\n<p> <!-- Secci\u00f3n de aplicaciones y casos de uso --> <\/p>\n<div style='margin-bottom: 30px;'>\n<h3 style='font-size: 22px; border-bottom: 2px solid currentColor; padding-bottom: 5px; margin-top: 0; margin-bottom: 20px; color: inherit; opacity: 0.8;'>Aplicaciones y Casos de Uso<\/h3>\n<div style='display: flex; flex-wrap: wrap; gap: 20px;'>\n<div style='flex: 1 1 250px; border: 1px solid rgba(150&comma; 150&comma; 150&comma; 0.4); border-radius: 8px; overflow: hidden; display: flex; flex-direction: column;'>\n<div style='padding: 15px; border-bottom: 1px solid rgba(150&comma; 150&comma; 150&comma; 0.2); font-weight: bold; font-size: 18px; color: inherit;'>Recepci\u00f3n<\/div>\n<div style='padding: 15px; color: inherit;'>\n<p style='margin: 0; font-size: 14px;'>Ideal para recepciones donde se requiere movilidad y control remoto de llamadas.<\/p>\n<\/p><\/div>\n<\/p><\/div>\n<div style='flex: 1 1 250px; border: 1px solid rgba(150&comma; 150&comma; 150&comma; 0.4); border-radius: 8px; overflow: hidden; display: flex; flex-direction: column;'>\n<div style='padding: 15px; border-bottom: 1px solid rgba(150&comma; 150&comma; 150&comma; 0.2); font-weight: bold; font-size: 18px; color: inherit;'>Centros de Llamadas<\/div>\n<div style='padding: 15px; color: inherit;'>\n<p style='margin: 0; font-size: 14px;'>Maximiza la productividad en centros de llamadas con control remoto de llamadas y ajuste de volumen.<\/p>\n<\/p><\/div>\n<\/p><\/div>\n<div style='flex: 1 1 250px; border: 1px solid rgba(150&comma; 150&comma; 150&comma; 0.4); border-radius: 8px; overflow: hidden; display: flex; flex-direction: column;'>\n<div style='padding: 15px; border-bottom: 1px solid rgba(150&comma; 150&comma; 150&comma; 0.2); font-weight: bold; font-size: 18px; color: inherit;'>Sectores Corporativos<\/div>\n<div style='padding: 15px; color: inherit;'>\n<p style='margin: 0; font-size: 14px;'>Perfecto para entornos corporativos que requieren compatibilidad con m\u00faltiples marcas de tel\u00e9fonos IP.<\/p>\n<\/p><\/div>\n<\/p><\/div>\n<\/p><\/div>\n<\/p><\/div>\n<\/p><\/div>\n","protected":false},"excerpt":{"rendered":"<p>Adaptador EHS Para Diademas Inal\u00e1mbricas DECT de Yealink Compatible con diversas marcas de Telefonos IP<\/p>\n","protected":false},"featured_media":85947,"comment_status":"open","ping_status":"closed","template":"","meta":[],"product_brand":[],"product_cat":[2040],"product_tag":[93,2004,2112],"class_list":{"0":"post-85948","1":"product","2":"type-product","3":"status-publish","4":"has-post-thumbnail","6":"product_cat-accesorios-voip-telefonia-ip-videoconferencia","7":"product_tag-accesorios","8":"product_tag-voip-telefonia-ip-videoconferencia","9":"product_tag-yealink","11":"first","12":"outofstock","13":"sale","14":"shipping-taxable","15":"purchasable","16":"product-type-simple"},"_links":{"self":[{"href":"https:\/\/soydeaqui.ddns.net\/pachuca\/index.php\/wp-json\/wp\/v2\/product\/85948","targetHints":{"allow":["GET"]}}],"collection":[{"href":"https:\/\/soydeaqui.ddns.net\/pachuca\/index.php\/wp-json\/wp\/v2\/product"}],"about":[{"href":"https:\/\/soydeaqui.ddns.net\/pachuca\/index.php\/wp-json\/wp\/v2\/types\/product"}],"replies":[{"embeddable":true,"href":"https:\/\/soydeaqui.ddns.net\/pachuca\/index.php\/wp-json\/wp\/v2\/comments?post=85948"}],"wp:featuredmedia":[{"embeddable":true,"href":"https:\/\/soydeaqui.ddns.net\/pachuca\/index.php\/wp-json\/wp\/v2\/media\/85947"}],"wp:attachment":[{"href":"https:\/\/soydeaqui.ddns.net\/pachuca\/index.php\/wp-json\/wp\/v2\/media?parent=85948"}],"wp:term":[{"taxonomy":"product_brand","embeddable":true,"href":"https:\/\/soydeaqui.ddns.net\/pachuca\/index.php\/wp-json\/wp\/v2\/product_brand?post=85948"},{"taxonomy":"product_cat","embeddable":true,"href":"https:\/\/soydeaqui.ddns.net\/pachuca\/index.php\/wp-json\/wp\/v2\/product_cat?post=85948"},{"taxonomy":"product_tag","embeddable":true,"href":"https:\/\/soydeaqui.ddns.net\/pachuca\/index.php\/wp-json\/wp\/v2\/product_tag?post=85948"}],"curies":[{"name":"wp","href":"https:\/\/api.w.org\/{rel}","templated":true}]}}