{"id":85770,"date":"2026-03-19T21:52:28","date_gmt":"2026-03-19T21:52:28","guid":{"rendered":"https:\/\/soydeaqui.ddns.net\/pachuca\/index.php\/producto\/auricular-dect-inalambrico-wh63-e2-de-yealink-con-certificacion-teams-y-cancelacion-de-ruido-profesional\/"},"modified":"2026-03-19T21:52:38","modified_gmt":"2026-03-19T21:52:38","slug":"auricular-dect-inalambrico-wh63-e2-de-yealink-con-certificacion-teams-y-cancelacion-de-ruido-profesional","status":"publish","type":"product","link":"https:\/\/soydeaqui.ddns.net\/pachuca\/index.php\/producto\/auricular-dect-inalambrico-wh63-e2-de-yealink-con-certificacion-teams-y-cancelacion-de-ruido-profesional\/","title":{"rendered":"Auricular DECT Inal\u00e1mbrico WH63 E2 de Yealink con Certificaci\u00f3n Teams y Cancelaci\u00f3n de Ruido Profesional"},"content":{"rendered":"<div style=\"width: 100%; max-width: 1200px; margin: 0px auto; font-family: sans-serif; line-height: 1.6; color: inherit; background-color: transparent; --darkreader-inline-color: inherit; --darkreader-inline-bgcolor: transparent;\" data-darkreader-inline-color=\"\" data-darkreader-inline-bgcolor=\"\">\n<div style=\"margin-bottom: 30px;\">\n<p style=\"font-size: 18px; line-height: 1.6; margin: 0px; color: inherit; --darkreader-inline-color: inherit;\" data-darkreader-inline-color=\"\">El Yealink WH63 E2 es un auricular inal&aacute;mbrico DECT convertible dise&ntilde;ado para ofrecer una experiencia de llamada flexible y eficiente en diversos entornos de oficina. Con tecnolog&iacute;a Acoustic Shield&comma; micr&oacute;fonos dobles que bloquean el ruido de fondo y una conectividad multi-dispositivo&comma; este auricular garantiza una comunicaci&oacute;n clara y eficaz. Adem&aacute;s&comma; su dise&ntilde;o ergon&oacute;mico y ligero&comma; junto con cuatro estilos de uso&comma; asegura comodidad durante largos periodos.<\/p>\n<\/div>\n<div style=\"margin-bottom: 30px;\">\n<h2 style=\"font-size: 24px; font-weight: 600; margin: 0px 0px 20px; color: inherit; opacity: 0.9; --darkreader-inline-color: inherit;\" data-darkreader-inline-color=\"\">Caracter&iacute;sticas Principales<\/h2>\n<div style=\"display: flex; flex-wrap: wrap; gap: 20px;\">\n<div style=\"flex: 1 1 300px; min-width: 280px; border: 1px solid rgba(150&comma; 150&comma; 150&comma; 0.4); border-radius: 8px; overflow: hidden; display: flex; flex-direction: column; --darkreader-inline-border-top: var(--darkreader-border-96969666&comma; rgba(74&comma; 80&comma; 83&comma; 0.4)); --darkreader-inline-border-right: var(--darkreader-border-96969666&comma; rgba(74&comma; 80&comma; 83&comma; 0.4)); --darkreader-inline-border-bottom: var(--darkreader-border-96969666&comma; rgba(74&comma; 80&comma; 83&comma; 0.4)); --darkreader-inline-border-left: var(--darkreader-border-96969666&comma; rgba(74&comma; 80&comma; 83&comma; 0.4));\" data-darkreader-inline-border-top=\"\" data-darkreader-inline-border-right=\"\" data-darkreader-inline-border-bottom=\"\" data-darkreader-inline-border-left=\"\">\n<div style=\"padding: 15px; border-bottom: 1px solid rgba(150&comma; 150&comma; 150&comma; 0.2); font-weight: bold; font-size: 18px; color: inherit; background-color: rgba(230&comma; 230&comma; 230&comma; 0.05); --darkreader-inline-border-bottom: var(--darkreader-border-96969633&comma; rgba(74&comma; 80&comma; 83&comma; 0.2)); --darkreader-inline-color: inherit; --darkreader-inline-bgcolor: var(--darkreader-background-e6e6e60d&comma; rgba(36&comma; 39&comma; 41&comma; 0.05));\" data-darkreader-inline-border-bottom=\"\" data-darkreader-inline-color=\"\" data-darkreader-inline-bgcolor=\"\">Caracter&iacute;sticas<\/div>\n<div style=\"padding: 15px; color: inherit; --darkreader-inline-color: inherit;\" data-darkreader-inline-color=\"\">\n<ul style=\"padding-left: 20px; margin: 0px; font-size: 14px; list-style-type: disc; color: inherit; --darkreader-inline-color: inherit;\" data-darkreader-inline-color=\"\">\n<li style=\"margin-bottom: 5px;\">Tecnolog&iacute;a Acoustic Shield para llamadas cristalinas<\/li>\n<li style=\"margin-bottom: 5px;\">Conectividad multi-dispositivo (tel&eacute;fono y PC)<\/li>\n<li style=\"margin-bottom: 5px;\">Dise&ntilde;o ergon&oacute;mico con 4 estilos de uso (almohadillas de aleta de tibur&oacute;n&comma; ganchos para las orejas&comma; diademas y bandas para el cuello)<\/li>\n<li style=\"margin-bottom: 5px;\">Alcance inal&aacute;mbrico de hasta 185 metros<\/li>\n<li style=\"margin-bottom: 5px;\">Bater&iacute;a con 8 horas de conversaci&oacute;n y 77 horas en espera<\/li>\n<li style=\"margin-bottom: 5px;\">Compatibilidad con tel&eacute;fonos IP y plataformas UC de varios fabricantes<\/li>\n<\/ul>\n<\/div>\n<\/div>\n<\/div>\n<\/div>\n<\/div>\n<div style=\"margin-bottom: 30px;\">\n<h2 style=\"font-size: 24px; font-weight: 600; margin: 0px 0px 20px; color: inherit; opacity: 0.9; --darkreader-inline-color: inherit;\" data-darkreader-inline-color=\"\">Detalles T&eacute;cnicos<\/h2>\n<div style=\"display: flex; flex-wrap: wrap; gap: 20px; margin-bottom: 30px;\">\n<div style=\"flex: 1 1 250px; border: 1px solid rgba(150&comma; 150&comma; 150&comma; 0.4); border-radius: 8px; overflow: hidden; display: flex; flex-direction: column; --darkreader-inline-border-top: var(--darkreader-border-96969666&comma; rgba(74&comma; 80&comma; 83&comma; 0.4)); --darkreader-inline-border-right: var(--darkreader-border-96969666&comma; rgba(74&comma; 80&comma; 83&comma; 0.4)); --darkreader-inline-border-bottom: var(--darkreader-border-96969666&comma; rgba(74&comma; 80&comma; 83&comma; 0.4)); --darkreader-inline-border-left: var(--darkreader-border-96969666&comma; rgba(74&comma; 80&comma; 83&comma; 0.4));\" data-darkreader-inline-border-top=\"\" data-darkreader-inline-border-right=\"\" data-darkreader-inline-border-bottom=\"\" data-darkreader-inline-border-left=\"\">\n<div style=\"padding: 15px; border-bottom: 1px solid rgba(150&comma; 150&comma; 150&comma; 0.2); font-weight: bold; font-size: 18px; color: inherit; background-color: rgba(230&comma; 230&comma; 230&comma; 0.05); --darkreader-inline-border-bottom: var(--darkreader-border-96969633&comma; rgba(74&comma; 80&comma; 83&comma; 0.2)); --darkreader-inline-color: inherit; --darkreader-inline-bgcolor: var(--darkreader-background-e6e6e60d&comma; rgba(36&comma; 39&comma; 41&comma; 0.05));\" data-darkreader-inline-border-bottom=\"\" data-darkreader-inline-color=\"\" data-darkreader-inline-bgcolor=\"\">Especificaciones<\/div>\n<div style=\"padding: 15px; color: inherit; --darkreader-inline-color: inherit;\" data-darkreader-inline-color=\"\">\n<ul style=\"padding-left: 20px; margin: 0px; font-size: 14px; list-style-type: disc; color: inherit; --darkreader-inline-color: inherit;\" data-darkreader-inline-color=\"\">\n<li style=\"margin-bottom: 5px;\"><strong>Tipo de conexi&oacute;n:<\/strong> DECT&trade;<\/li>\n<li style=\"margin-bottom: 5px;\"><strong>Alcance inal&aacute;mbrico:<\/strong> Hasta 185 m\/606 pies<\/li>\n<li style=\"margin-bottom: 5px;\"><strong>DECT seguro (nivel):<\/strong> Paso C<\/li>\n<li style=\"margin-bottom: 5px;\"><strong>Micr&oacute;fono doble con rango de frecuencia:<\/strong> 100 Hz-10 kHz<\/li>\n<li style=\"margin-bottom: 5px;\"><strong>Altavoz de \u0424 13.6 con rango de frecuencia:<\/strong> 20 Hz-14 kHz<\/li>\n<li style=\"margin-bottom: 5px;\"><strong>Protecci&oacute;n auditiva:<\/strong> EN50332&comma; AU G616<\/li>\n<li style=\"margin-bottom: 5px;\"><strong>Tiempo de conversaci&oacute;n:<\/strong> 8 horas<\/li>\n<li style=\"margin-bottom: 5px;\"><strong>Tiempo de espera:<\/strong> 77 horas<\/li>\n<li style=\"margin-bottom: 5px;\"><strong>Tiempo de carga:<\/strong> 2 horas (5V\/0&comma;6A)<\/li>\n<\/ul>\n<\/div>\n<\/div>\n<\/div>\n<div style=\"flex: 1 1 250px; border: 1px solid rgba(150&comma; 150&comma; 150&comma; 0.4); border-radius: 8px; overflow: hidden; display: flex; flex-direction: column; --darkreader-inline-border-top: var(--darkreader-border-96969666&comma; rgba(74&comma; 80&comma; 83&comma; 0.4)); --darkreader-inline-border-right: var(--darkreader-border-96969666&comma; rgba(74&comma; 80&comma; 83&comma; 0.4)); --darkreader-inline-border-bottom: var(--darkreader-border-96969666&comma; rgba(74&comma; 80&comma; 83&comma; 0.4)); --darkreader-inline-border-left: var(--darkreader-border-96969666&comma; rgba(74&comma; 80&comma; 83&comma; 0.4));\" data-darkreader-inline-border-top=\"\" data-darkreader-inline-border-right=\"\" data-darkreader-inline-border-bottom=\"\" data-darkreader-inline-border-left=\"\">\n<div style=\"padding: 15px; border-bottom: 1px solid rgba(150&comma; 150&comma; 150&comma; 0.2); font-weight: bold; font-size: 18px; color: inherit; background-color: rgba(230&comma; 230&comma; 230&comma; 0.05); --darkreader-inline-border-bottom: var(--darkreader-border-96969633&comma; rgba(74&comma; 80&comma; 83&comma; 0.2)); --darkreader-inline-color: inherit; --darkreader-inline-bgcolor: var(--darkreader-background-e6e6e60d&comma; rgba(36&comma; 39&comma; 41&comma; 0.05));\" data-darkreader-inline-border-bottom=\"\" data-darkreader-inline-color=\"\" data-darkreader-inline-bgcolor=\"\">Interfaces y Conectividad<\/div>\n<div style=\"padding: 15px; color: inherit; --darkreader-inline-color: inherit;\" data-darkreader-inline-color=\"\">\n<ul style=\"padding-left: 20px; margin: 0px; font-size: 14px; list-style-type: disc; color: inherit; --darkreader-inline-color: inherit;\" data-darkreader-inline-color=\"\">\n<li style=\"margin-bottom: 5px;\"><strong>2 puertos USB 2.0 Tipo-C<\/strong><\/li>\n<li style=\"margin-bottom: 5px;\"><strong>1 puerto Mini USB<\/strong><\/li>\n<li style=\"margin-bottom: 5px;\"><strong>1 puerto de alimentaci&oacute;n de CC<\/strong><\/li>\n<li style=\"margin-bottom: 5px;\"><strong>1 puerto de luz de bus<\/strong><\/li>\n<li style=\"margin-bottom: 5px;\"><strong>Conectividad USB a PC y tel&eacute;fono IP<\/strong><\/li>\n<\/ul>\n<\/div>\n<\/div>\n<\/div>\n<div style=\"margin-bottom: 30px;\">\n<h2 style=\"font-size: 24px; font-weight: 600; margin: 0px 0px 20px; color: inherit; opacity: 0.9; --darkreader-inline-color: inherit;\" data-darkreader-inline-color=\"\">Aplicaciones y Casos de Uso<\/h2>\n<div style=\"display: flex; flex-wrap: wrap; gap: 20px; margin-bottom: 30px;\">\n<div style=\"flex: 1 1 250px; border: 1px solid rgba(150&comma; 150&comma; 150&comma; 0.4); border-radius: 8px; overflow: hidden; display: flex; flex-direction: column; background-color: rgba(230&comma; 230&comma; 230&comma; 0.05); --darkreader-inline-border-top: var(--darkreader-border-96969666&comma; rgba(74&comma; 80&comma; 83&comma; 0.4)); --darkreader-inline-border-right: var(--darkreader-border-96969666&comma; rgba(74&comma; 80&comma; 83&comma; 0.4)); --darkreader-inline-border-bottom: var(--darkreader-border-96969666&comma; rgba(74&comma; 80&comma; 83&comma; 0.4)); --darkreader-inline-border-left: var(--darkreader-border-96969666&comma; rgba(74&comma; 80&comma; 83&comma; 0.4)); --darkreader-inline-bgcolor: var(--darkreader-background-e6e6e60d&comma; rgba(36&comma; 39&comma; 41&comma; 0.05));\" data-darkreader-inline-border-top=\"\" data-darkreader-inline-border-right=\"\" data-darkreader-inline-border-bottom=\"\" data-darkreader-inline-border-left=\"\" data-darkreader-inline-bgcolor=\"\">\n<div style=\"padding: 15px; border-bottom: 1px solid rgba(150&comma; 150&comma; 150&comma; 0.2); font-weight: bold; font-size: 18px; color: inherit; --darkreader-inline-border-bottom: var(--darkreader-border-96969633&comma; rgba(74&comma; 80&comma; 83&comma; 0.2)); --darkreader-inline-color: inherit;\" data-darkreader-inline-border-bottom=\"\" data-darkreader-inline-color=\"\">Oficinas<\/div>\n<div style=\"padding: 15px; color: inherit; --darkreader-inline-color: inherit;\" data-darkreader-inline-color=\"\">\n<p style=\"margin: 0px; font-size: 14px; color: inherit; --darkreader-inline-color: inherit;\" data-darkreader-inline-color=\"\">Ideal para entornos de oficina con m&uacute;ltiples dispositivos y necesidad de comunicaci&oacute;n clara y eficiente.<\/p>\n<\/div>\n<\/div>\n<div style=\"flex: 1 1 250px; border: 1px solid rgba(150&comma; 150&comma; 150&comma; 0.4); border-radius: 8px; overflow: hidden; display: flex; flex-direction: column; background-color: rgba(230&comma; 230&comma; 230&comma; 0.05); --darkreader-inline-border-top: var(--darkreader-border-96969666&comma; rgba(74&comma; 80&comma; 83&comma; 0.4)); --darkreader-inline-border-right: var(--darkreader-border-96969666&comma; rgba(74&comma; 80&comma; 83&comma; 0.4)); --darkreader-inline-border-bottom: var(--darkreader-border-96969666&comma; rgba(74&comma; 80&comma; 83&comma; 0.4)); --darkreader-inline-border-left: var(--darkreader-border-96969666&comma; rgba(74&comma; 80&comma; 83&comma; 0.4)); --darkreader-inline-bgcolor: var(--darkreader-background-e6e6e60d&comma; rgba(36&comma; 39&comma; 41&comma; 0.05));\" data-darkreader-inline-border-top=\"\" data-darkreader-inline-border-right=\"\" data-darkreader-inline-border-bottom=\"\" data-darkreader-inline-border-left=\"\" data-darkreader-inline-bgcolor=\"\">\n<div style=\"padding: 15px; border-bottom: 1px solid rgba(150&comma; 150&comma; 150&comma; 0.2); font-weight: bold; font-size: 18px; color: inherit; --darkreader-inline-border-bottom: var(--darkreader-border-96969633&comma; rgba(74&comma; 80&comma; 83&comma; 0.2)); --darkreader-inline-color: inherit;\" data-darkreader-inline-border-bottom=\"\" data-darkreader-inline-color=\"\">Reuniones en L&iacute;nea<\/div>\n<div style=\"padding: 15px; color: inherit; --darkreader-inline-color: inherit;\" data-darkreader-inline-color=\"\">\n<p style=\"margin: 0px; font-size: 14px; color: inherit; --darkreader-inline-color: inherit;\" data-darkreader-inline-color=\"\">Facilita conferencias en modo mixto para reuniones en l&iacute;nea m&aacute;s r&aacute;pidas y eficientes.<\/p>\n<\/div>\n<\/div>\n<\/div>\n<div style=\"display: flex; flex-wrap: wrap; gap: 20px; margin-bottom: 30px;\">\n<div style=\"flex: 1 1 250px; border: 1px solid rgba(150&comma; 150&comma; 150&comma; 0.4); border-radius: 8px; overflow: hidden; display: flex; flex-direction: column; background-color: rgba(230&comma; 230&comma; 230&comma; 0.05); --darkreader-inline-border-top: var(--darkreader-border-96969666&comma; rgba(74&comma; 80&comma; 83&comma; 0.4)); --darkreader-inline-border-right: var(--darkreader-border-96969666&comma; rgba(74&comma; 80&comma; 83&comma; 0.4)); --darkreader-inline-border-bottom: var(--darkreader-border-96969666&comma; rgba(74&comma; 80&comma; 83&comma; 0.4)); --darkreader-inline-border-left: var(--darkreader-border-96969666&comma; rgba(74&comma; 80&comma; 83&comma; 0.4)); --darkreader-inline-bgcolor: var(--darkreader-background-e6e6e60d&comma; rgba(36&comma; 39&comma; 41&comma; 0.05));\" data-darkreader-inline-border-top=\"\" data-darkreader-inline-border-right=\"\" data-darkreader-inline-border-bottom=\"\" data-darkreader-inline-border-left=\"\" data-darkreader-inline-bgcolor=\"\">\n<div style=\"padding: 15px; border-bottom: 1px solid rgba(150&comma; 150&comma; 150&comma; 0.2); font-weight: bold; font-size: 18px; color: inherit; --darkreader-inline-border-bottom: var(--darkreader-border-96969633&comma; rgba(74&comma; 80&comma; 83&comma; 0.2)); --darkreader-inline-color: inherit;\" data-darkreader-inline-border-bottom=\"\" data-darkreader-inline-color=\"\">Entornos Ruidosos<\/div>\n<div style=\"padding: 15px; color: inherit; --darkreader-inline-color: inherit;\" data-darkreader-inline-color=\"\">\n<p style=\"margin: 0px; font-size: 14px; color: inherit; --darkreader-inline-color: inherit;\" data-darkreader-inline-color=\"\">Perfecto para entornos con ruido de fondo gracias a la tecnolog&iacute;a Acoustic Shield.<\/p>\n<\/div>\n<\/div>\n<\/div>\n<\/div>\n","protected":false},"excerpt":{"rendered":"<p>Auricular DECT Inal\u00e1mbrico WH63 E2 de Yealink con Certificaci\u00f3n Teams y Cancelaci\u00f3n de Ruido Profesional<\/p>\n","protected":false},"featured_media":85769,"comment_status":"open","ping_status":"closed","template":"","meta":[],"product_brand":[],"product_cat":[2050],"product_tag":[2051,2004,2112],"class_list":{"0":"post-85770","1":"product","2":"type-product","3":"status-publish","4":"has-post-thumbnail","6":"product_cat-auriculares","7":"product_tag-auriculares","8":"product_tag-voip-telefonia-ip-videoconferencia","9":"product_tag-yealink","11":"first","12":"outofstock","13":"sale","14":"shipping-taxable","15":"purchasable","16":"product-type-simple"},"_links":{"self":[{"href":"https:\/\/soydeaqui.ddns.net\/pachuca\/index.php\/wp-json\/wp\/v2\/product\/85770","targetHints":{"allow":["GET"]}}],"collection":[{"href":"https:\/\/soydeaqui.ddns.net\/pachuca\/index.php\/wp-json\/wp\/v2\/product"}],"about":[{"href":"https:\/\/soydeaqui.ddns.net\/pachuca\/index.php\/wp-json\/wp\/v2\/types\/product"}],"replies":[{"embeddable":true,"href":"https:\/\/soydeaqui.ddns.net\/pachuca\/index.php\/wp-json\/wp\/v2\/comments?post=85770"}],"wp:featuredmedia":[{"embeddable":true,"href":"https:\/\/soydeaqui.ddns.net\/pachuca\/index.php\/wp-json\/wp\/v2\/media\/85769"}],"wp:attachment":[{"href":"https:\/\/soydeaqui.ddns.net\/pachuca\/index.php\/wp-json\/wp\/v2\/media?parent=85770"}],"wp:term":[{"taxonomy":"product_brand","embeddable":true,"href":"https:\/\/soydeaqui.ddns.net\/pachuca\/index.php\/wp-json\/wp\/v2\/product_brand?post=85770"},{"taxonomy":"product_cat","embeddable":true,"href":"https:\/\/soydeaqui.ddns.net\/pachuca\/index.php\/wp-json\/wp\/v2\/product_cat?post=85770"},{"taxonomy":"product_tag","embeddable":true,"href":"https:\/\/soydeaqui.ddns.net\/pachuca\/index.php\/wp-json\/wp\/v2\/product_tag?post=85770"}],"curies":[{"name":"wp","href":"https:\/\/api.w.org\/{rel}","templated":true}]}}