{"id":85755,"date":"2026-03-19T21:51:45","date_gmt":"2026-03-19T21:51:45","guid":{"rendered":"https:\/\/soydeaqui.ddns.net\/pachuca\/index.php\/producto\/diadema-inalambrica-wh64-hybrid-dual-de-yealink-con-certificacion-teams-y-microfonos-con-acoustic-shield-2-0\/"},"modified":"2026-03-19T21:51:56","modified_gmt":"2026-03-19T21:51:56","slug":"diadema-inalambrica-wh64-hybrid-dual-de-yealink-con-certificacion-teams-y-microfonos-con-acoustic-shield-2-0","status":"publish","type":"product","link":"https:\/\/soydeaqui.ddns.net\/pachuca\/index.php\/producto\/diadema-inalambrica-wh64-hybrid-dual-de-yealink-con-certificacion-teams-y-microfonos-con-acoustic-shield-2-0\/","title":{"rendered":"Diadema Inal\u00e1mbrica WH64 Hybrid Dual de Yealink con Certificaci\u00f3n Teams y Micr\u00f3fonos con Acoustic Shield 2.0"},"content":{"rendered":"<div style='width: 100%; max-width: 1200px; margin: 0 auto; font-family: sans-serif; line-height: 1.6; color: inherit; background-color: transparent;'>\n<div style='margin-bottom: 30px;'>\n<p style='font-size: 18px; line-height: 1.6; margin: 0 0 20px; color: inherit;'>El Yealink WH64 Hybrid es un auricular inal\u00e1mbrico con un dongle DECT para trabajo h\u00edbrido. Debido a sus modos integrados DECT y Bluetooth&comma; ofrece una soluci\u00f3n flexible y eficiente para el trabajo m\u00f3vil con m\u00faltiples conexiones en diversos escenarios. Su tecnolog\u00eda avanzada de escudo ac\u00fastico 2.0 filtra el ruido de fondo para una transmisi\u00f3n de sonido clara. Y la tecnolog\u00eda de conectividad inal\u00e1mbrica DECT ofrece un rango de llamada excepcional de hasta 150 m&comma; asegurando una comunicaci\u00f3n confiable e ininterrumpida a lo largo de distancias significativas. Se conecta sin problemas con plataformas UC para plug-and-play y cambio de dispositivos. Ideal para conversaciones claras y experiencias de oficina fluidas.<\/p>\n<\/div>\n<div style='margin-bottom: 30px;'>\n<h2 style='font-size: 24px; font-weight: 600; margin: 0 0 20px; color: inherit; border-bottom: 2px solid currentColor; padding-bottom: 5px; opacity: 0.8;'>Caracter\u00edsticas Principales<\/h2>\n<div style='display: flex; flex-wrap: wrap; gap: 20px; margin-top: 15px;'>\n<div style='flex: 1 1 250px; min-width: 200px; border: 1px solid rgba(150&comma; 150&comma; 150&comma; 0.4); border-radius: 8px; overflow: hidden; display: flex; flex-direction: column;'>\n<div style='padding: 15px; border-bottom: 1px solid rgba(150&comma; 150&comma; 150&comma; 0.2); font-weight: bold; font-size: 18px; color: inherit;'>Caracter\u00edsticas<\/div>\n<div style='padding: 15px; color: inherit;'>\n<ul style='padding-left: 20px; margin: 0; font-size: 14px; list-style-type: disc; color: inherit;'>\n<li style='margin-bottom: 5px; color: inherit;'>Tecnolog\u00eda inal\u00e1mbrica DECT y Bluetooth h\u00edbrida para conectividad flexible<\/li>\n<li style='margin-bottom: 5px; color: inherit;'>Tecnolog\u00eda Acoustic Shield 2.0 con tres micr\u00f3fonos integrados para cancelaci\u00f3n de ruido<\/li>\n<li style='margin-bottom: 5px; color: inherit;'>Alcance inal\u00e1mbrico DECT de hasta 150 metros<\/li>\n<li style='margin-bottom: 5px; color: inherit;'>Hasta 32 horas de tiempo de conversaci\u00f3n en modo Bluetooth (Dual)<\/li>\n<li style='margin-bottom: 5px; color: inherit;'>Compatibilidad con las plataformas UC m\u00e1s populares<\/li>\n<li style='margin-bottom: 5px; color: inherit;'>Dise\u00f1o ergon\u00f3mico y ligero para uso prolongado<\/li>\n<li style='margin-bottom: 5px; color: inherit;'>Indicador visual h\u00edbrido de ocupado<\/li>\n<\/ul>\n<\/div>\n<\/div>\n<\/div>\n<\/div>\n<\/div>\n<div style='margin-bottom: 30px;'>\n<h2 style='font-size: 24px; font-weight: 600; margin: 0 0 20px; color: inherit; border-bottom: 2px solid currentColor; padding-bottom: 5px; opacity: 0.8;'>Detalles T\u00e9cnicos<\/h2>\n<div style='display: flex; flex-wrap: wrap; gap: 20px; margin-top: 15px;'>\n<div style='flex: 1 1 250px; border: 1px solid rgba(150&comma; 150&comma; 150&comma; 0.4); border-radius: 8px; overflow: hidden; display: flex; flex-direction: column;'>\n<div style='padding: 15px; border-bottom: 1px solid rgba(150&comma; 150&comma; 150&comma; 0.2); font-weight: bold; font-size: 18px; color: inherit;'>Especificaciones<\/div>\n<div style='padding: 15px; color: inherit;'>\n<ul style='padding-left: 20px; margin: 0; font-size: 14px; list-style-type: disc; color: inherit;'>\n<li style='margin-bottom: 5px; color: inherit;'>Puerto USB tipo C 2.0 en auriculares<\/li>\n<li style='margin-bottom: 5px; color: inherit;'>Brazo articulado ajustable: 280\u00b0<\/li>\n<li style='margin-bottom: 5px; color: inherit;'>Peso: 92 g (Mono)&comma; 151 g (Dual)<\/li>\n<li style='margin-bottom: 5px; color: inherit;'>Tiempo de carga: 1&comma;5 horas (5 V\/1&comma;2 A)<\/li>\n<li style='margin-bottom: 5px; color: inherit;'>Rango de frecuencia del altavoz: 20 Hz-20 kHz<\/li>\n<li style='margin-bottom: 5px; color: inherit;'>Tama\u00f1o del altavoz: \u0424 30<\/li>\n<\/ul>\n<\/div>\n<\/div>\n<\/div>\n<div style='flex: 1 1 250px; border: 1px solid rgba(150&comma; 150&comma; 150&comma; 0.4); border-radius: 8px; overflow: hidden; display: flex; flex-direction: column;'>\n<div style='padding: 15px; border-bottom: 1px solid rgba(150&comma; 150&comma; 150&comma; 0.2); font-weight: bold; font-size: 18px; color: inherit;'>Interfaces y Conectividad<\/div>\n<div style='padding: 15px; color: inherit;'>\n<ul style='padding-left: 20px; margin: 0; font-size: 14px; list-style-type: disc; color: inherit;'>\n<li style='margin-bottom: 5px; color: inherit;'>Conectividad Bluetooth 5.2<\/li>\n<li style='margin-bottom: 5px; color: inherit;'>Perfiles Bluetooth: HFP v1.8&comma; A2DP v1.3.2&comma; AVRCP v1.6.2&comma; SPP v1.2<\/li>\n<li style='margin-bottom: 5px; color: inherit;'>Dongle DECT WDD60 para conexi\u00f3n USB-A<\/li>\n<li style='margin-bottom: 5px; color: inherit;'>Bandas de frecuencias DECT: 1880\u20131900 MHz (Europa)&comma; 1920\u20131930 MHz (EE.UU.)<\/li>\n<\/ul>\n<\/div>\n<\/div>\n<\/div>\n<\/div>\n<\/div>\n<div style='margin-bottom: 30px;'>\n<h2 style='font-size: 24px; font-weight: 600; margin: 0 0 20px; color: inherit; border-bottom: 2px solid currentColor; padding-bottom: 5px; opacity: 0.8;'>Aplicaciones y Casos de Uso<\/h2>\n<div style='display: flex; flex-wrap: wrap; gap: 20px; margin-top: 15px;'>\n<div style='flex: 1 1 250px; border: 1px solid rgba(150&comma; 150&comma; 150&comma; 0.4); border-radius: 8px; overflow: hidden; display: flex; flex-direction: column;'>\n<div style='padding: 15px; border-bottom: 1px solid rgba(150&comma; 150&comma; 150&comma; 0.2); font-weight: bold; font-size: 18px; color: inherit;'>Oficinas Abiertas<\/div>\n<div style='padding: 15px; color: inherit;'>\n<p style='margin: 0; font-size: 14px; color: inherit;'>Ideal para entornos de oficina abiertos y ruidosos&comma; gracias a la tecnolog\u00eda Acoustic Shield 2.0.<\/p>\n<\/div>\n<\/div>\n<div style='flex: 1 1 250px; border: 1px solid rgba(150&comma; 150&comma; 150&comma; 0.4); border-radius: 8px; overflow: hidden; display: flex; flex-direction: column;'>\n<div style='padding: 15px; border-bottom: 1px solid rgba(150&comma; 150&comma; 150&comma; 0.2); font-weight: bold; font-size: 18px; color: inherit;'>Trabajo M\u00f3vil<\/div>\n<div style='padding: 15px; color: inherit;'>\n<p style='margin: 0; font-size: 14px; color: inherit;'>Perfecto para profesionales en movimiento&comma; con conectividad Bluetooth y DECT de largo alcance.<\/p>\n<\/div>\n<\/div>\n<div style='flex: 1 1 250px; border: 1px solid rgba(150&comma; 150&comma; 150&comma; 0.4); border-radius: 8px; overflow: hidden; display: flex; flex-direction: column;'>\n<div style='padding: 15px; border-bottom: 1px solid rgba(150&comma; 150&comma; 150&comma; 0.2); font-weight: bold; font-size: 18px; color: inherit;'>Plataformas UC<\/div>\n<div style='padding: 15px; color: inherit;'>\n<p style='margin: 0; font-size: 14px; color: inherit;'>Compatibilidad con las principales plataformas de comunicaciones unificadas para una integraci\u00f3n sin problemas.<\/p>\n<\/div>\n<\/div>\n<\/div>\n<\/div>\n<\/div>\n<hr style='border: 0; border-top: 1px solid rgba(150&comma; 150&comma; 150&comma; 0.3); margin: 30px 0;'><\/div>\n","protected":false},"excerpt":{"rendered":"<p>Diadema Inal\u00e1mbrica WH64 Hybrid Dual de Yealink con Certificaci\u00f3n Teams y Micr\u00f3fonos con Acoustic Shield 2.0<\/p>\n","protected":false},"featured_media":85754,"comment_status":"open","ping_status":"closed","template":"","meta":[],"product_brand":[],"product_cat":[2040],"product_tag":[93,2004,2112],"class_list":{"0":"post-85755","1":"product","2":"type-product","3":"status-publish","4":"has-post-thumbnail","6":"product_cat-accesorios-voip-telefonia-ip-videoconferencia","7":"product_tag-accesorios","8":"product_tag-voip-telefonia-ip-videoconferencia","9":"product_tag-yealink","11":"first","12":"outofstock","13":"sale","14":"shipping-taxable","15":"purchasable","16":"product-type-simple"},"_links":{"self":[{"href":"https:\/\/soydeaqui.ddns.net\/pachuca\/index.php\/wp-json\/wp\/v2\/product\/85755","targetHints":{"allow":["GET"]}}],"collection":[{"href":"https:\/\/soydeaqui.ddns.net\/pachuca\/index.php\/wp-json\/wp\/v2\/product"}],"about":[{"href":"https:\/\/soydeaqui.ddns.net\/pachuca\/index.php\/wp-json\/wp\/v2\/types\/product"}],"replies":[{"embeddable":true,"href":"https:\/\/soydeaqui.ddns.net\/pachuca\/index.php\/wp-json\/wp\/v2\/comments?post=85755"}],"wp:featuredmedia":[{"embeddable":true,"href":"https:\/\/soydeaqui.ddns.net\/pachuca\/index.php\/wp-json\/wp\/v2\/media\/85754"}],"wp:attachment":[{"href":"https:\/\/soydeaqui.ddns.net\/pachuca\/index.php\/wp-json\/wp\/v2\/media?parent=85755"}],"wp:term":[{"taxonomy":"product_brand","embeddable":true,"href":"https:\/\/soydeaqui.ddns.net\/pachuca\/index.php\/wp-json\/wp\/v2\/product_brand?post=85755"},{"taxonomy":"product_cat","embeddable":true,"href":"https:\/\/soydeaqui.ddns.net\/pachuca\/index.php\/wp-json\/wp\/v2\/product_cat?post=85755"},{"taxonomy":"product_tag","embeddable":true,"href":"https:\/\/soydeaqui.ddns.net\/pachuca\/index.php\/wp-json\/wp\/v2\/product_tag?post=85755"}],"curies":[{"name":"wp","href":"https:\/\/api.w.org\/{rel}","templated":true}]}}