{"id":85505,"date":"2026-03-19T21:40:44","date_gmt":"2026-03-19T21:40:44","guid":{"rendered":"https:\/\/soydeaqui.ddns.net\/pachuca\/index.php\/producto\/radio-dual-de-alto-rendimiento-basado-en-wifi-7-de-5-ghz-con-tecnologia-multi-link-operation-mlo-para-un-rendimiento-mejorado-y-una-conectividad-confiable\/"},"modified":"2026-03-19T21:41:03","modified_gmt":"2026-03-19T21:41:03","slug":"radio-dual-de-alto-rendimiento-basado-en-wifi-7-de-5-ghz-con-tecnologia-multi-link-operation-mlo-para-un-rendimiento-mejorado-y-una-conectividad-confiable","status":"publish","type":"product","link":"https:\/\/soydeaqui.ddns.net\/pachuca\/index.php\/producto\/radio-dual-de-alto-rendimiento-basado-en-wifi-7-de-5-ghz-con-tecnologia-multi-link-operation-mlo-para-un-rendimiento-mejorado-y-una-conectividad-confiable\/","title":{"rendered":"Radio Dual de Alto Rendimiento Basado en WiFi 7 de 5 GHz con Tecnolog\u00eda Multi-Link Operation (MLO) para un Rendimiento Mejorado y una Conectividad Confiable"},"content":{"rendered":"<div style='width: 100%; max-width: 1200px; margin: 0 auto; font-family: sans-serif; line-height: 1.6; color: inherit; background-color: transparent;'> <!-- Hero section --> <\/p>\n<div style='display: flex; flex-wrap: wrap; gap: 30px; align-items: center; border: 1px solid rgba(150&comma;150&comma;150&comma;0.3); border-radius: 12px; padding: 20px; margin-bottom: 30px;'> <!-- Video container --> <\/p>\n<div style='flex: 1 1 320px; min-width: 280px;'>\n<div style='position: relative; padding-bottom: 56.25%; height: 0; overflow: hidden; margin-bottom: 15px;'> <video style='position: absolute; top: 0; left: 0; width: 100%; height: 100%; border: 1px solid rgba(150&comma;150&comma;150&comma;0.3); border-radius: 8px; display: block;' autoplay loop muted controlsList='nodownload' oncontextmenu='return false;'><source src='https:\/\/ftp3.syscom.mx\/usuarios\/adiaz\/Ubiquiti\/Imagenes\/MLO5\/MLO5loop.mp4' type='video\/mp4'><!-- Fallback image --> <img style='position: absolute; top: 0; left: 0; width: 100%; height: 100%; border: 1px solid rgba(150&comma;150&comma;150&comma;0.3); border-radius: 8px; object-fit: contain;' src='https:\/\/ftp3.syscom.mx\/usuarios\/adiaz\/Ubiquiti\/Imagenes\/MLO5\/fallback.avif' alt='Ubiquiti Wave-MLO5'><\/video> <\/div>\n<\/p><\/div>\n<p> <!-- Text content --> <\/p>\n<div style='flex: 1 1 360px; min-width: 280px;'>\n<h2 style='font-size: 22px; margin-top: 0; margin-bottom: 10px; color: inherit; opacity: 0.9;'>Wave MLO5<\/h2>\n<div style='margin-bottom: 15px; color: inherit; opacity: 0.7; font-weight: 600;'>Modelo: <span style='font-weight: bold;'>Wave-MLO5<\/span><\/div>\n<p style='margin: 0;'>Radio Dual de Alto Rendimiento Basado en <strong>WiFi 7<\/strong> de 5 GHz con Tecnolog\u00eda Multi-Link Operation (MLO) para un Rendimiento Mejorado y una Conectividad Confiable.<\/p>\n<\/p><\/div>\n<\/p><\/div>\n<p> <!-- Specifications title --> <\/p>\n<div style='text-align: center; margin: 40px 0 20px;'> <span style='font-size: 1.35rem; color: inherit; font-weight: bold; border-bottom: 2px solid currentColor; padding-bottom: 5px;'>Especificaciones<\/span> <\/div>\n<p> <!-- Specifications grid --> <\/p>\n<div style='display: flex; flex-wrap: wrap; gap: 20px; margin-bottom: 30px;'> <!-- Card: Caracter\u00edsticas principales --> <\/p>\n<div style='flex: 1 1 250px; border: 1px solid rgba(150&comma; 150&comma; 150&comma; 0.4); border-radius: 8px; overflow: hidden; display: flex; flex-direction: column;'>\n<div style='padding: 15px; border-bottom: 1px solid rgba(150&comma; 150&comma; 150&comma; 0.2); font-weight: bold; font-size: 18px; color: inherit;'>Caracter\u00edsticas principales<\/div>\n<div style='padding: 15px; color: inherit;'>\n<ul style='padding-left: 20px; margin: 0; font-size: 14px; list-style-type: disc;'>\n<li style='margin-bottom: 5px;'>5 GHz&comma; alcance de enlace de hasta 100 km<\/li>\n<li style='margin-bottom: 5px;'>Rendimiento de hasta 5 Gbps<\/li>\n<li style='margin-bottom: 5px;'>Radio dedicado al An\u00e1lisis Espectral<\/li>\n<li style='margin-bottom: 5px;'>Perforaci\u00f3n de Canales<\/li>\n<li style='margin-bottom: 5px;'>Bluetooth Integrado<\/li>\n<li style='margin-bottom: 5px;'>Compatible con Antenas airMAX y airFiber X<\/li>\n<li style='margin-bottom: 5px;'>Nota: El funcionamiento de MLO est\u00e1 limitado a 20 km&comma; y pr\u00f3ximamente se ofrecer\u00e1n alcances mayores mediante futuras actualizaciones de firmware.<\/li>\n<\/ul><\/div>\n<\/p><\/div>\n<p> <!-- Card: Caracter\u00edsticas f\u00edsicas y el\u00e9ctricas --> <\/p>\n<div style='flex: 1 1 250px; border: 1px solid rgba(150&comma; 150&comma; 150&comma; 0.4); border-radius: 8px; overflow: hidden; display: flex; flex-direction: column;'>\n<div style='padding: 15px; border-bottom: 1px solid rgba(150&comma; 150&comma; 150&comma; 0.2); font-weight: bold; font-size: 18px; color: inherit;'>Caracter\u00edsticas f\u00edsicas y el\u00e9ctricas<\/div>\n<div style='padding: 15px; color: inherit;'>\n<ul style='padding-left: 20px; margin: 0; font-size: 14px; list-style-type: disc;'>\n<li style='margin-bottom: 5px;'>Dimensiones: 249.3 x 82 x 47.6 mm (9.8 x 3.2 x 1.9&#8242;)<\/li>\n<li style='margin-bottom: 5px;'>Peso: 575 g (1.3 lb)<\/li>\n<li style='margin-bottom: 5px;'>Material de la carcasa: Aleaci\u00f3n de Aluminio&comma; Policarbonato Estabilizado a los Rayos UV.<\/li>\n<li style='margin-bottom: 5px;'>Alimentaci\u00f3n: Adaptador 10 GbE PoE&comma; 54 Vcc&comma; 0.556 A (Incluido)<\/li>\n<li style='margin-bottom: 5px;'>Consumo M\u00e1ximo: 20W<\/li>\n<li style='margin-bottom: 5px;'>Temperatura de operaci\u00f3n: \u221240 a 60 \u00b0C (\u221240 a 140 \u00b0F)<\/li>\n<li style='margin-bottom: 5px;'>Humedad de operaci\u00f3n: 5\u201395% sin condensaci\u00f3n<\/li>\n<\/ul><\/div>\n<\/p><\/div>\n<p> <!-- Card: Rendimiento --> <\/p>\n<div style='flex: 1 1 250px; border: 1px solid rgba(150&comma; 150&comma; 150&comma; 0.4); border-radius: 8px; overflow: hidden; display: flex; flex-direction: column;'>\n<div style='padding: 15px; border-bottom: 1px solid rgba(150&comma; 150&comma; 150&comma; 0.2); font-weight: bold; font-size: 18px; color: inherit;'>Rendimiento<\/div>\n<div style='padding: 15px; color: inherit;'>\n<ul style='padding-left: 20px; margin: 0; font-size: 14px; list-style-type: disc;'>\n<li style='margin-bottom: 5px;'>Throughput M\u00e1ximo: Hasta 5 Gbps<\/li>\n<li style='margin-bottom: 5px;'>Encriptaci\u00f3n: WPA3-PSK (AES)<\/li>\n<li style='margin-bottom: 5px;'>Mode de Operaci\u00f3n: Punto a Punto<\/li>\n<li style='margin-bottom: 5px;'>Procesador Quad-core IPQ5322 a 1.5 GHz<\/li>\n<li style='margin-bottom: 5px;'>Memoria: DDR4 1 GB<\/li>\n<li style='margin-bottom: 5px;'>(1) Puerto 10 GbE RJ45 y (1) Puerto 10 G SFP+<\/li>\n<\/ul><\/div>\n<\/p><\/div>\n<p> <!-- Card: Caracter\u00edsticas avanzadas --> <\/p>\n<div style='flex: 1 1 250px; border: 1px solid rgba(150&comma; 150&comma; 150&comma; 0.4); border-radius: 8px; overflow: hidden; display: flex; flex-direction: column;'>\n<div style='padding: 15px; border-bottom: 1px solid rgba(150&comma; 150&comma; 150&comma; 0.2); font-weight: bold; font-size: 18px; color: inherit;'>RF<\/div>\n<div style='padding: 15px; color: inherit;'>\n<ul style='padding-left: 20px; margin: 0; font-size: 14px; list-style-type: disc;'>\n<li style='margin-bottom: 5px;'>Frecuencia de operaci\u00f3n: 5180-5320&comma; 5500-5700&comma; 5745-5825 MHz *Dependiendo de la regi\u00f3n regulatoria.<\/li>\n<li style='margin-bottom: 5px;'>Potencia TX M\u00e1xima: 24 dBm<\/li>\n<li style='margin-bottom: 5px;'>Anchos de canal: Radio 1: 20&comma; 40&comma; 80&comma; 160 MHz; Radio 2: 20&comma; 40&comma; 80&comma; 160&comma; 240 MHz<\/li>\n<\/ul><\/div>\n<\/p><\/div>\n<\/p><\/div>\n<\/p><\/div>\n","protected":false},"excerpt":{"rendered":"<p>Radio Dual de Alto Rendimiento Basado en WiFi 7 de 5 GHz con Tecnolog\u00eda Multi-Link Operation (MLO) para un Rendimiento Mejorado y una Conectividad Confiable<\/p>\n","protected":false},"featured_media":85504,"comment_status":"open","ping_status":"closed","template":"","meta":[],"product_brand":[],"product_cat":[1990],"product_tag":[1992,1991,166],"class_list":{"0":"post-85505","1":"product","2":"type-product","3":"status-publish","4":"has-post-thumbnail","6":"product_cat-bandas-5-ghz-2-4-ghz","7":"product_tag-bandas-5-ghz-2-4-ghz","8":"product_tag-enlaces-de-backhaul","9":"product_tag-ubiquiti","11":"first","12":"instock","13":"sale","14":"shipping-taxable","15":"purchasable","16":"product-type-simple"},"_links":{"self":[{"href":"https:\/\/soydeaqui.ddns.net\/pachuca\/index.php\/wp-json\/wp\/v2\/product\/85505","targetHints":{"allow":["GET"]}}],"collection":[{"href":"https:\/\/soydeaqui.ddns.net\/pachuca\/index.php\/wp-json\/wp\/v2\/product"}],"about":[{"href":"https:\/\/soydeaqui.ddns.net\/pachuca\/index.php\/wp-json\/wp\/v2\/types\/product"}],"replies":[{"embeddable":true,"href":"https:\/\/soydeaqui.ddns.net\/pachuca\/index.php\/wp-json\/wp\/v2\/comments?post=85505"}],"wp:featuredmedia":[{"embeddable":true,"href":"https:\/\/soydeaqui.ddns.net\/pachuca\/index.php\/wp-json\/wp\/v2\/media\/85504"}],"wp:attachment":[{"href":"https:\/\/soydeaqui.ddns.net\/pachuca\/index.php\/wp-json\/wp\/v2\/media?parent=85505"}],"wp:term":[{"taxonomy":"product_brand","embeddable":true,"href":"https:\/\/soydeaqui.ddns.net\/pachuca\/index.php\/wp-json\/wp\/v2\/product_brand?post=85505"},{"taxonomy":"product_cat","embeddable":true,"href":"https:\/\/soydeaqui.ddns.net\/pachuca\/index.php\/wp-json\/wp\/v2\/product_cat?post=85505"},{"taxonomy":"product_tag","embeddable":true,"href":"https:\/\/soydeaqui.ddns.net\/pachuca\/index.php\/wp-json\/wp\/v2\/product_tag?post=85505"}],"curies":[{"name":"wp","href":"https:\/\/api.w.org\/{rel}","templated":true}]}}