{"id":85270,"date":"2026-03-19T21:30:15","date_gmt":"2026-03-19T21:30:15","guid":{"rendered":"https:\/\/soydeaqui.ddns.net\/pachuca\/index.php\/producto\/router-inalambrico-wisp-hasta-1200-mbps-doble-banda-ac-2-4-ghz-y-5-ghz-4-puertos-10-100-mbps-4-antenas-omnidireccional-de-5-dbi-interior-2\/"},"modified":"2026-03-19T21:30:17","modified_gmt":"2026-03-19T21:30:17","slug":"router-inalambrico-wisp-hasta-1200-mbps-doble-banda-ac-2-4-ghz-y-5-ghz-4-puertos-10-100-mbps-4-antenas-omnidireccional-de-5-dbi-interior-2","status":"publish","type":"product","link":"https:\/\/soydeaqui.ddns.net\/pachuca\/index.php\/producto\/router-inalambrico-wisp-hasta-1200-mbps-doble-banda-ac-2-4-ghz-y-5-ghz-4-puertos-10-100-mbps-4-antenas-omnidireccional-de-5-dbi-interior-2\/","title":{"rendered":"Router Inal\u00e1mbrico WISP \/ Hasta 1200 Mbps \/ Doble Banda AC (2.4 GHz y 5 GHz) \/ 4 Puertos 10\/100 Mbps \/  4 Antenas Omnidireccional de 5 dBi \/ Interior"},"content":{"rendered":"<div style='width: 100%; max-width: 1200px; margin: 0 auto; font-family: sans-serif; line-height: 1.6; color: inherit; background-color: transparent;'> <!-- Im\u00e1genes iniciales --> <\/p>\n<div style='display: flex; flex-wrap: wrap; justify-content: center; gap: 20px; margin-bottom: 30px;'> <img style='width: 45%; height: auto; border: 1px solid rgba(150&comma;150&comma;150&comma;0.3); border-radius: 8px;' src='https:\/\/ftp3.syscom.mx\/usuarios\/jsosa\/HIKVISION\/imagenes\/logo\/hikvision%20see%20far.png' alt='Logo Hikvision'> <img style='width: 45%; height: auto; border: 1px solid rgba(150&comma;150&comma;150&comma;0.3); border-radius: 8px;' src='https:\/\/ftp3.syscom.mx\/usuarios\/roberto.espino\/Transmision\/Networking_soho-networking_PC.jpg' alt='Networking Soho'> <\/div>\n<p> <!-- Secci\u00f3n de caracter\u00edsticas --> <\/p>\n<div style='display: flex; flex-wrap: wrap; gap: 30px; margin-bottom: 30px;'>\n<div style='flex: 1 1 300px; min-width: 280px;'>\n<h3 style='font-size: 22px; border-bottom: 2px solid currentColor; padding-bottom: 5px; margin-top: 0; color: inherit; opacity: 0.8;'>Caracter\u00edsticas principales<\/h3>\n<ul style='padding-left: 20px; font-size: 15px; color: inherit;'>\n<li style='margin-bottom: 5px;'>Est\u00e1ndar Inal\u00e1mbrico IEEE 802.11\/a\/n\/ac wave 2 @5GHz&comma; IEEE 802.11b\/g\/n @2.4GHz<\/li>\n<li style='margin-bottom: 5px;'>Rendimiento inal\u00e1mbrico: Compatible con 4 \u00d7 4 MU-MIMO y Beamforming<\/li>\n<li style='margin-bottom: 5px;'>Antena: 4 antenas de alta ganancia<\/li>\n<li style='margin-bottom: 5px;'>Configuraci\u00f3n de red de invitados admitida<\/li>\n<li style='margin-bottom: 5px;'>Ajuste de se\u00f1al compatible<\/li>\n<li style='margin-bottom: 5px;'>Programa WiFi compatible<\/li>\n<li style='margin-bottom: 5px;'>Modo De Seguridad: Compatible con WPA-PSK&comma; WPA2-PSK&comma; WPA y WPA2<\/li>\n<li style='margin-bottom: 5px;'>Mecanismo De Seguridad: Ocultar SSID<\/li>\n<li style='margin-bottom: 5px;'>M\u00e9todo De Gesti\u00f3n: Interfaz WEB<\/li>\n<\/ul><\/div>\n<div style='flex: 1 1 300px; min-width: 280px;'>\n<h3 style='font-size: 22px; border-bottom: 2px solid currentColor; padding-bottom: 5px; margin-top: 0; color: inherit; opacity: 0.8;'>Caracter\u00edsticas F\u00edsicas y El\u00e9ctricas<\/h3>\n<ul style='padding-left: 20px; font-size: 15px; color: inherit;'>\n<li style='margin-bottom: 5px;'>Interfaz De Red: 4 \u00d7 RJ45&comma; 10\/100 Mbps<\/li>\n<li style='margin-bottom: 5px;'>Bot\u00f3n de reinicio<\/li>\n<li style='margin-bottom: 5px;'>Fuente de alimentaci\u00f3n de 9 Vcd&comma; 1 A (Incluida)<\/li>\n<li style='margin-bottom: 5px;'>Consumo Max De Energia: 9 W<\/li>\n<li style='margin-bottom: 5px;'>Dimensi\u00f3n del producto 248&comma;40 mm \u00d7 154&comma;80 mm \u00d7 213&comma;34 mm<\/li>\n<\/ul>\n<h3 style='font-size: 20px; margin-top: 25px; margin-bottom: 15px; color: inherit; opacity: 0.8;'>Modos de Operaci\u00f3n<\/h3>\n<ul style='padding-left: 20px; font-size: 15px; color: inherit;'>\n<li style='margin-bottom: 5px;'>Modo de enrutador inal\u00e1mbrico<\/li>\n<li style='margin-bottom: 5px;'>Modo de repetidor inal\u00e1mbrico cliente + AP<\/li>\n<li style='margin-bottom: 5px;'>WISP<\/li>\n<li style='margin-bottom: 5px;'>Modo AP<\/li>\n<li style='margin-bottom: 5px;'>Servidor DHCP compatible<\/li>\n<\/ul><\/div>\n<\/p><\/div>\n<p> <!-- Consideraciones --> <\/p>\n<div style='margin-bottom: 30px;'>\n<h3 style='font-size: 22px; border-bottom: 2px solid currentColor; padding-bottom: 5px; margin-top: 0; color: inherit; opacity: 0.8;'>Consideraciones<\/h3>\n<ul style='padding-left: 20px; font-size: 15px; color: inherit;'>\n<li style='margin-bottom: 5px;'>Coloca tu router en un lugar central de tu hogar u oficina para obtener una cobertura Wi-Fi uniforme. Evita obst\u00e1culos como paredes gruesas o electrodom\u00e9sticos que puedan debilitar la se\u00f1al.<\/li>\n<\/ul><\/div>\n<p> <!-- Secci\u00f3n de im\u00e1genes adicionales --> <\/p>\n<div style='display: flex; flex-wrap: wrap; gap: 20px; justify-content: center; margin-bottom: 30px;'> <img style='width: 100%; height: auto; border: 1px solid rgba(150&comma;150&comma;150&comma;0.3); border-radius: 8px;' src='http:\/\/ftp3.syscom.mx\/usuarios\/roberto.espino\/Transmision\/switch\/descripcion.PNG' alt=''> <img style='width: 100%; height: auto; border: 1px solid rgba(150&comma;150&comma;150&comma;0.3); border-radius: 8px;' src='http:\/\/ftp3.syscom.mx\/usuarios\/roberto.espino\/Transmision\/switch\/switch.PNG' alt=''> <img style='width: 100%; height: auto; border: 1px solid rgba(150&comma;150&comma;150&comma;0.3); border-radius: 8px;' src='http:\/\/ftp3.syscom.mx\/usuarios\/roberto.espino\/Transmision\/switch\/Switch%20Captura.PNG' alt=''> <img style='width: 100%; height: auto; border: 1px solid rgba(150&comma;150&comma;150&comma;0.3); border-radius: 8px;' src='http:\/\/ftp3.syscom.mx\/usuarios\/roberto.espino\/Transmision\/switch\/mejoradas.PNG' alt=''> <img style='width: 100%; height: auto; border: 1px solid rgba(150&comma;150&comma;150&comma;0.3); border-radius: 8px;' src='http:\/\/ftp3.syscom.mx\/usuarios\/roberto.espino\/Transmision\/switch\/benefit-3-boosting-speeds-wireless-router.jpeg' alt=''> <img style='width: 100%; height: auto; border: 1px solid rgba(150&comma;150&comma;150&comma;0.3); border-radius: 8px;' src='http:\/\/ftp3.syscom.mx\/usuarios\/roberto.espino\/Transmision\/switch\/Captura%20especifica.PNG' alt=''> <img style='width: 100%; height: auto; border: 1px solid rgba(150&comma;150&comma;150&comma;0.3); border-radius: 8px;' src='http:\/\/ftp3.syscom.mx\/usuarios\/roberto.espino\/Transmision\/switch\/Benefit-1-Extensive-coverage_Wireless-router.jpg' alt=''> <\/div>\n<p> <!-- Separador final --> <\/p>\n<hr style='border: 0; border-top: 1px solid rgba(150&comma; 150&comma; 150&comma; 0.3); margin: 30px 0;'> <\/div>\n","protected":false},"excerpt":{"rendered":"<p>Router Inal\u00e1mbrico WISP \/ Hasta 1200 Mbps \/ Doble Banda AC (2.4 GHz y 5 GHz) \/ 4 Puertos 10\/100 Mbps \/  4 Antenas Omnidireccional de 5 dBi \/ Interior<\/p>\n","protected":false},"featured_media":85269,"comment_status":"open","ping_status":"closed","template":"","meta":[],"product_brand":[],"product_cat":[2024],"product_tag":[54,1479,2025],"class_list":{"0":"post-85270","1":"product","2":"type-product","3":"status-publish","4":"has-post-thumbnail","6":"product_cat-routers-inalambricos","7":"product_tag-hikvision","8":"product_tag-redes-wifi","9":"product_tag-routers-inalambricos","11":"first","12":"outofstock","13":"sale","14":"shipping-taxable","15":"purchasable","16":"product-type-simple"},"_links":{"self":[{"href":"https:\/\/soydeaqui.ddns.net\/pachuca\/index.php\/wp-json\/wp\/v2\/product\/85270","targetHints":{"allow":["GET"]}}],"collection":[{"href":"https:\/\/soydeaqui.ddns.net\/pachuca\/index.php\/wp-json\/wp\/v2\/product"}],"about":[{"href":"https:\/\/soydeaqui.ddns.net\/pachuca\/index.php\/wp-json\/wp\/v2\/types\/product"}],"replies":[{"embeddable":true,"href":"https:\/\/soydeaqui.ddns.net\/pachuca\/index.php\/wp-json\/wp\/v2\/comments?post=85270"}],"wp:featuredmedia":[{"embeddable":true,"href":"https:\/\/soydeaqui.ddns.net\/pachuca\/index.php\/wp-json\/wp\/v2\/media\/85269"}],"wp:attachment":[{"href":"https:\/\/soydeaqui.ddns.net\/pachuca\/index.php\/wp-json\/wp\/v2\/media?parent=85270"}],"wp:term":[{"taxonomy":"product_brand","embeddable":true,"href":"https:\/\/soydeaqui.ddns.net\/pachuca\/index.php\/wp-json\/wp\/v2\/product_brand?post=85270"},{"taxonomy":"product_cat","embeddable":true,"href":"https:\/\/soydeaqui.ddns.net\/pachuca\/index.php\/wp-json\/wp\/v2\/product_cat?post=85270"},{"taxonomy":"product_tag","embeddable":true,"href":"https:\/\/soydeaqui.ddns.net\/pachuca\/index.php\/wp-json\/wp\/v2\/product_tag?post=85270"}],"curies":[{"name":"wp","href":"https:\/\/api.w.org\/{rel}","templated":true}]}}