{"id":85196,"date":"2026-03-19T21:26:55","date_gmt":"2026-03-19T21:26:55","guid":{"rendered":"https:\/\/soydeaqui.ddns.net\/pachuca\/index.php\/producto\/hisec-endpoint-licencia-avanzada-por-1-ano\/"},"modified":"2026-03-19T21:26:57","modified_gmt":"2026-03-19T21:26:57","slug":"hisec-endpoint-licencia-avanzada-por-1-ano","status":"publish","type":"product","link":"https:\/\/soydeaqui.ddns.net\/pachuca\/index.php\/producto\/hisec-endpoint-licencia-avanzada-por-1-ano\/","title":{"rendered":"HiSec Endpoint Licencia Avanzada por 1 A\u00f1o"},"content":{"rendered":"<div style='width: 100%; max-width: 1200px; margin: 0 auto; font-family: sans-serif; line-height: 1.6; color: inherit; background-color: transparent;'>\n<div style='display: flex; flex-direction: column; align-items: center; text-align: center; margin-bottom: 30px;'><img style='width: 100%; max-width: 300px; height: auto; border: 1px solid rgba(150&comma;150&comma;150&comma;0.3); border-radius: 8px;' src='https:\/\/e.huawei.com\/es\/-\/media\/ebg\/images\/logo.png' alt='Huawei HiSec Endpoint'><\/p>\n<h1 style='font-size: 2.5em; margin: 20px 0 10px 0; color: inherit;'>HiSec Endpoint EDR<\/h1>\n<p style='font-size: 1.2em; max-width: 800px; margin: 0 auto; color: inherit;'>Soluci\u00f3n integral de protecci\u00f3n para endpoints que detecta amenazas en tiempo real&comma; previene ransomware y garantiza continuidad del negocio con impacto m\u00ednimo en rendimiento.<\/p>\n<\/div>\n<div style='display: flex; flex-wrap: wrap; gap: 30px; margin-bottom: 30px;'>\n<div style='flex: 1 1 300px; min-width: 280px;'>\n<h3 style='font-size: 22px; border-bottom: 2px solid currentColor; padding-bottom: 5px; margin-top: 0; color: inherit; opacity: 0.8;'>Protecci\u00f3n Integral para Endpoints Empresariales<\/h3>\n<p style='color: inherit; font-size: 15px;'>HiSec Endpoint es un producto completo de protecci\u00f3n de seguridad para endpoints. Utilizando el software cliente implementado en endpoints empresariales&comma; HiSec Endpoint puede detectar comportamientos anormales en tiempo real&comma; identificar amenazas potenciales desde m\u00faltiples dimensiones&comma; manejar eventos de amenaza autom\u00e1ticamente&comma; rastrear rutas de intrusi\u00f3n inteligentemente y revertir archivos encriptados por ransomware.<\/p>\n<div style='border-left: 4px solid rgba(255&comma; 0&comma; 0&comma; 0.5); background-color: rgba(255&comma; 0&comma; 0&comma; 0.05); padding: 15px; margin: 20px 0; border-radius: 4px;'>\n<p style='margin: 0; color: inherit; font-size: 15px;'><strong>Verificado por organizaciones terceras independientes:<\/strong> HiSec Endpoint detecta el <strong>100% de ransomware conocido<\/strong>&comma; siendo la soluci\u00f3n ideal para proteger contra estas amenazas.<\/p>\n<\/div>\n<\/div>\n<\/div>\n<div style='display: flex; flex-wrap: wrap; gap: 30px; margin-bottom: 30px;'>\n<div style='flex: 1 1 300px; min-width: 280px;'>\n<h3 style='font-size: 22px; border-bottom: 2px solid currentColor; padding-bottom: 5px; margin-top: 0; color: inherit; opacity: 0.8;'>Capacidades Clave<\/h3>\n<\/div>\n<\/div>\n<\/div>\n<div style='display: flex; flex-wrap: wrap; gap: 20px; margin-bottom: 30px;'>\n<div style='flex: 1 1 250px; border: 1px solid rgba(150&comma; 150&comma; 150&comma; 0.4); border-radius: 8px; overflow: hidden; display: flex; flex-direction: column;'>\n<div style='padding: 15px; border-bottom: 1px solid rgba(150&comma; 150&comma; 150&comma; 0.2); font-weight: bold; font-size: 18px; color: inherit;'>Detecci\u00f3n eficiente de amenazas desconocidas<\/div>\n<div style='padding: 15px; color: inherit;'>\n<p style='margin: 0; font-size: 14px;'>Motor innovador de rastreo de fuentes de amenazas + an\u00e1lisis din\u00e1mico de comportamiento&comma; logrando una precisi\u00f3n de detecci\u00f3n >90% para amenazas desconocidas.<\/p>\n<\/div>\n<\/div>\n<div style='flex: 1 1 250px; border: 1px solid rgba(150&comma; 150&comma; 150&comma; 0.4); border-radius: 8px; overflow: hidden; display: flex; flex-direction: column;'>\n<div style='padding: 15px; border-bottom: 1px solid rgba(150&comma; 150&comma; 150&comma; 0.2); font-weight: bold; font-size: 18px; color: inherit;'>Prevenci\u00f3n de ransomware con p\u00e9rdida cero de datos<\/div>\n<div style='padding: 15px; color: inherit;'>\n<p style='margin: 0; font-size: 14px;'>Copia de seguridad activada por eventos: detecci\u00f3n en tiempo real a nivel de kernel de excepciones en archivos&comma; permitiendo recuperaci\u00f3n con un clic de eventos de ransomware.<\/p>\n<\/div>\n<\/div>\n<div style='flex: 1 1 250px; border: 1px solid rgba(150&comma; 150&comma; 150&comma; 0.4); border-radius: 8px; overflow: hidden; display: flex; flex-direction: column;'>\n<div style='padding: 15px; border-bottom: 1px solid rgba(150&comma; 150&comma; 150&comma; 0.2); font-weight: bold; font-size: 18px; color: inherit;'>Implementaci\u00f3n ligera sin impacto en endpoints<\/div>\n<div style='padding: 15px; color: inherit;'>\n<p style='margin: 0; font-size: 14px;'>Agente ligero: <4% uso de CPU&comma; <200 MB de memoria&comma; <20 MB de datos reportados por agente por d\u00eda&comma; sin afectar la experiencia del usuario.<\/p>\n<\/div>\n<\/div>\n<\/div>\n<div style='display: flex; flex-wrap: wrap; gap: 30px; margin-bottom: 30px;'>\n<div style='flex: 1 1 300px; min-width: 280px;'>\n<h3 style='font-size: 22px; border-bottom: 2px solid currentColor; padding-bottom: 5px; margin-top: 0; color: inherit; opacity: 0.8;'>Especificaciones T\u00e9cnicas Completas<\/h3>\n<\/div>\n<\/div>\n<div style='display: flex; flex-wrap: wrap; gap: 20px; margin-bottom: 30px;'>\n<div style='flex: 1 1 250px; border: 1px solid rgba(150&comma; 150&comma; 150&comma; 0.4); border-radius: 8px; overflow: hidden; display: flex; flex-direction: column;'>\n<div style='padding: 15px; border-bottom: 1px solid rgba(150&comma; 150&comma; 150&comma; 0.2); font-weight: bold; font-size: 18px; color: inherit;'>Identificaci\u00f3n y Gesti\u00f3n de Endpoints<\/div>\n<div style='padding: 15px; color: inherit;'>\n<ul style='padding-left: 20px; margin: 0; font-size: 14px; list-style-type: disc;'>\n<li style='margin-bottom: 5px;'><strong>Identificaci\u00f3n autom\u00e1tica de endpoints<\/strong>: Proporciona capacidades autom\u00e1ticas de inventario de activos en endpoints. Los endpoints se identifican autom\u00e1ticamente despu\u00e9s de instalar el agente EDR.<\/li>\n<li style='margin-bottom: 5px;'><strong>Gesti\u00f3n de informaci\u00f3n de activos<\/strong>: Gestiona autom\u00e1ticamente informaci\u00f3n de activos como lista de hosts&comma; procesos&comma; puertos y componentes.<\/li>\n<li style='margin-bottom: 5px;'><strong>Gesti\u00f3n de seguridad de endpoints<\/strong>: Analiza inteligentemente la seguridad de endpoints y muestra puntuaciones de an\u00e1lisis de seguridad y panorama de riesgos.<\/li>\n<\/ul>\n<\/div>\n<\/div>\n<div style='flex: 1 1 250px; border: 1px solid rgba(150&comma; 150&comma; 150&comma; 0.4); border-radius: 8px; overflow: hidden; display: flex; flex-direction: column;'>\n<div style='padding: 15px; border-bottom: 1px solid rgba(150&comma; 150&comma; 150&comma; 0.2); font-weight: bold; font-size: 18px; color: inherit;'>Detecci\u00f3n y Manejo de Amenazas<\/div>\n<div style='padding: 15px; color: inherit;'>\n<ul style='padding-left: 20px; margin: 0; font-size: 14px; list-style-type: disc;'>\n<li style='margin-bottom: 5px;'><strong>Detecci\u00f3n de intrusiones<\/strong>: Ofrece capacidades de detecci\u00f3n de comportamiento basadas en motor de detecci\u00f3n para identificar ataques de fuerza bruta&comma; logins an\u00f3malos y escalamiento de privilegios.<\/li>\n<li style='margin-bottom: 5px;'><strong>Agregaci\u00f3n de eventos<\/strong>: Consolida eventos de alarma relacionados con ransomware en eventos \u00fanicos basados en cadenas de llamadas de procesos.<\/li>\n<\/ul>\n<\/div>\n<\/div>\n<div style='flex: 1 1 250px; border: 1px solid rgba(150&comma; 150&comma; 150&comma; 0.4); border-radius: 8px; overflow: hidden; display: flex; flex-direction: column;'>\n<div style='padding: 15px; border-bottom: 1px solid rgba(150&comma; 150&comma; 150&comma; 0.2); font-weight: bold; font-size: 18px; color: inherit;'>Eliminaci\u00f3n de Virus<\/div>\n<div style='padding: 15px; color: inherit;'>\n<ul style='padding-left: 20px; margin: 0; font-size: 14px; list-style-type: disc;'>\n<li style='margin-bottom: 5px;'><strong>Escaneo de virus<\/strong>: Utiliza el motor antivirus de tercera generaci\u00f3n de Huawei con actualizaciones diarias de firmas y detecci\u00f3n en tiempo real de virus cr\u00edticos.<\/li>\n<li style='margin-bottom: 5px;'><strong>An\u00e1lisis de amenazas<\/strong>: Soporta an\u00e1lisis detallado de archivos infectados mostrando identificadores de virus&comma; niveles de riesgo y confianza.<\/li>\n<\/ul>\n<\/div>\n<\/div>\n<div style='flex: 1 1 250px; border: 1px solid rgba(150&comma; 150&comma; 150&comma; 0.4); border-radius: 8px; overflow: hidden; display: flex; flex-direction: column;'>\n<div style='padding: 15px; border-bottom: 1px solid rgba(150&comma; 150&comma; 150&comma; 0.2); font-weight: bold; font-size: 18px; color: inherit;'>Defensa Proactiva<\/div>\n<div style='padding: 15px; color: inherit;'>\n<ul style='padding-left: 20px; margin: 0; font-size: 14px; list-style-type: disc;'>\n<li style='margin-bottom: 5px;'><strong>Captura con se\u00f1uelos<\/strong>: Coloca archivos se\u00f1uelo basados en firmas de ransomware para detectar comportamientos an\u00f3malos.<\/li>\n<li style='margin-bottom: 5px;'><strong>Protecci\u00f3n anti-tampering<\/strong>: Control de permisos y detecci\u00f3n en tiempo real para archivos cr\u00edticos.<\/li>\n<li style='margin-bottom: 5px;'><strong>Protecci\u00f3n en tiempo real<\/strong>: Escaneo continuo de directorios para identificar y bloquear malware.<\/li>\n<\/ul>\n<\/div>\n<\/div>\n<div style='flex: 1 1 250px; border: 1px solid rgba(150&comma; 150&comma; 150&comma; 0.4); border-radius: 8px; overflow: hidden; display: flex; flex-direction: column;'>\n<div style='padding: 15px; border-bottom: 1px solid rgba(150&comma; 150&comma; 150&comma; 0.2); font-weight: bold; font-size: 18px; color: inherit;'>An\u00e1lisis Forense<\/div>\n<div style='padding: 15px; color: inherit;'>\n<ul style='padding-left: 20px; margin: 0; font-size: 14px; list-style-type: disc;'>\n<li style='margin-bottom: 5px;'><strong>An\u00e1lisis forense<\/strong>: Recolecci\u00f3n y almacenamiento de informaci\u00f3n de endpoints para an\u00e1lisis mediante miner\u00eda de datos.<\/li>\n<li style='margin-bottom: 5px;'><strong>Visualizaci\u00f3n de ataques<\/strong>: Algoritmos de modelado digital y rastreo para visualizar cadenas de ataque.<\/li>\n<\/ul>\n<\/div>\n<\/div>\n<\/div>\n<div style='display: flex; flex-wrap: wrap; gap: 30px; margin-bottom: 30px;'>\n<div style='flex: 1 1 300px; min-width: 280px;'>\n<h3 style='font-size: 22px; border-bottom: 2px solid currentColor; padding-bottom: 5px; margin-top: 0; color: inherit; opacity: 0.8;'>Recuperaci\u00f3n de Ransomware<\/h3>\n<div style='border-left: 4px solid rgba(255&comma; 0&comma; 0&comma; 0.5); background-color: rgba(255&comma; 0&comma; 0&comma; 0.05); padding: 15px; margin: 20px 0; border-radius: 4px;'>\n<h4 style='margin-top: 0; color: inherit; font-size: 18px;'><strong>Recuperaci\u00f3n de archivos encriptados con un clic<\/strong><\/h4>\n<p style='margin: 10px 0 15px 0; color: inherit;'><strong>Copia de seguridad activada por eventos:<\/strong> Conciencia en tiempo real a nivel de kernel de excepciones en archivos + respaldo autom\u00e1tico permite:<\/p>\n<ul style='padding-left: 20px; margin: 0; font-size: 14px; list-style-type: disc;'>\n<li style='margin-bottom: 5px;'>Recuperaci\u00f3n inmediata de archivos afectados<\/li>\n<li style='margin-bottom: 5px;'>Minimizaci\u00f3n del tiempo de inactividad<\/li>\n<li style='margin-bottom: 5px;'>Protecci\u00f3n contra p\u00e9rdida de datos<\/li>\n<\/ul>\n<\/div>\n<\/div>\n<\/div>\n<hr style='border: 0; border-top: 1px solid rgba(150&comma; 150&comma; 150&comma; 0.3); margin: 30px 0;'><\/div>\n","protected":false},"excerpt":{"rendered":"<p>HiSec Endpoint Licencia Avanzada por 1 A\u00f1o<\/p>\n","protected":false},"featured_media":85195,"comment_status":"open","ping_status":"closed","template":"","meta":[],"product_brand":[],"product_cat":[1996],"product_tag":[718,1997,664],"class_list":{"0":"post-85196","1":"product","2":"type-product","3":"status-publish","4":"has-post-thumbnail","6":"product_cat-licencias-suscripciones","7":"product_tag-huawei","8":"product_tag-licencias-suscripciones","9":"product_tag-networking","11":"first","12":"outofstock","13":"sale","14":"shipping-taxable","15":"purchasable","16":"product-type-simple"},"_links":{"self":[{"href":"https:\/\/soydeaqui.ddns.net\/pachuca\/index.php\/wp-json\/wp\/v2\/product\/85196","targetHints":{"allow":["GET"]}}],"collection":[{"href":"https:\/\/soydeaqui.ddns.net\/pachuca\/index.php\/wp-json\/wp\/v2\/product"}],"about":[{"href":"https:\/\/soydeaqui.ddns.net\/pachuca\/index.php\/wp-json\/wp\/v2\/types\/product"}],"replies":[{"embeddable":true,"href":"https:\/\/soydeaqui.ddns.net\/pachuca\/index.php\/wp-json\/wp\/v2\/comments?post=85196"}],"wp:featuredmedia":[{"embeddable":true,"href":"https:\/\/soydeaqui.ddns.net\/pachuca\/index.php\/wp-json\/wp\/v2\/media\/85195"}],"wp:attachment":[{"href":"https:\/\/soydeaqui.ddns.net\/pachuca\/index.php\/wp-json\/wp\/v2\/media?parent=85196"}],"wp:term":[{"taxonomy":"product_brand","embeddable":true,"href":"https:\/\/soydeaqui.ddns.net\/pachuca\/index.php\/wp-json\/wp\/v2\/product_brand?post=85196"},{"taxonomy":"product_cat","embeddable":true,"href":"https:\/\/soydeaqui.ddns.net\/pachuca\/index.php\/wp-json\/wp\/v2\/product_cat?post=85196"},{"taxonomy":"product_tag","embeddable":true,"href":"https:\/\/soydeaqui.ddns.net\/pachuca\/index.php\/wp-json\/wp\/v2\/product_tag?post=85196"}],"curies":[{"name":"wp","href":"https:\/\/api.w.org\/{rel}","templated":true}]}}