{"id":8516,"date":"2026-03-18T07:10:20","date_gmt":"2026-03-18T07:10:20","guid":{"rendered":"https:\/\/soydeaqui.ddns.net\/pachuca\/index.php\/producto\/removedor-de-polvo-y-residuos-aire-comprimido-con-aplicacion-360o-para-limpieza-de-equipos-electronicos-valvula-anti-estallamiento-660-ml\/"},"modified":"2026-03-18T07:10:22","modified_gmt":"2026-03-18T07:10:22","slug":"removedor-de-polvo-y-residuos-aire-comprimido-con-aplicacion-360o-para-limpieza-de-equipos-electronicos-valvula-anti-estallamiento-660-ml","status":"publish","type":"product","link":"https:\/\/soydeaqui.ddns.net\/pachuca\/index.php\/producto\/removedor-de-polvo-y-residuos-aire-comprimido-con-aplicacion-360o-para-limpieza-de-equipos-electronicos-valvula-anti-estallamiento-660-ml\/","title":{"rendered":"Removedor de polvo y residuos (aire comprimido) con aplicaci\u00f3n 360\u00ba para limpieza de equipos electr\u00f3nicos, v\u00e1lvula anti-estallamiento, 660 ml"},"content":{"rendered":"<div style='width: 100%; max-width: 1200px; margin: 0 auto; font-family: sans-serif; line-height: 1.6; color: inherit; background-color: transparent;'> <!-- Imagen principal --> <\/p>\n<div style='width: 100%; margin-bottom: 30px;'> <img style='width: 100%; height: auto; border: 1px solid rgba(150&comma;150&comma;150&comma;0.3); border-radius: 8px;' src='https:\/\/ftp3.syscom.mx\/usuarios\/fotos\/AEROJET360\/160944-silimexup.jpg' alt=''> <\/div>\n<p> <!-- Descripci\u00f3n principal --> <\/p>\n<div style='display: flex; flex-wrap: wrap; gap: 30px; margin-bottom: 30px;'>\n<div style='flex: 1 1 300px; min-width: 280px;'>\n<h3 style='font-size: 22px; border-bottom: 2px solid currentColor; padding-bottom: 5px; margin-top: 0; color: inherit; opacity: 0.8;'>Caracter\u00edsticas principales<\/h3>\n<p style='font-size: 15px; color: inherit; margin-top: 15px;'> AEROJET 360\u00b0 es un potente removedor de polvo y\/o residuos&comma; gracias a su v\u00e1lvula especial el producto puede ser aplicado con el bote en cualquier posici\u00f3n (horizontal o vertical) en lugares de dif\u00edcil acceso de los equipos electr\u00f3nicos&comma; como CCTV&comma; controles de acceso&comma; equipo activo de Networking&comma; etc. <\/p>\n<p style='font-size: 15px; color: inherit; margin-top: 15px;'> Cuando el polvo est\u00e1 presente&comma; AEROJET 360\u00b0 se convierte en el candidato perfecto para mantener tus equipos en \u00f3ptimas condiciones. Dise\u00f1ado para limpiar zonas de dif\u00edcil acceso&comma; es ideal en entornos donde la acumulaci\u00f3n de suciedad puede comprometer el rendimiento y la vida \u00fatil de los dispositivos electr\u00f3nicos. <\/p>\n<p style='font-size: 15px; color: inherit; margin-top: 15px;'> Su potente flujo de aire elimina part\u00edculas finas sin dejar residuos ni humedad&comma; protegiendo componentes sensibles como ventilaciones&comma; lentes&comma; m\u00f3dulos internos y circuitos abiertos. <\/p>\n<\/p><\/div>\n<\/p><\/div>\n<p> <!-- Secci\u00f3n de especificaciones --> <\/p>\n<div style='display: flex; flex-wrap: wrap; gap: 20px; margin-bottom: 30px;'>\n<div style='flex: 1 1 250px; border: 1px solid rgba(150&comma; 150&comma; 150&comma; 0.4); border-radius: 8px; overflow: hidden; display: flex; flex-direction: column;'>\n<div style='padding: 15px; border-bottom: 1px solid rgba(150&comma; 150&comma; 150&comma; 0.2); font-weight: bold; font-size: 18px; color: inherit;'>Indicaciones de uso<\/div>\n<div style='padding: 15px; color: inherit;'>\n<ul style='padding-left: 20px; margin: 0; font-size: 14px; list-style-type: disc;'>\n<li style='margin-bottom: 5px;'>No agite el envase&comma; esto puede provocar que el gas salga en este estado l\u00edquido.<\/li>\n<li style='margin-bottom: 5px;'>Antes de usarse&comma; se recomienda hacer siempre uno o dos disparos fuera del \u00e1rea a limpiar.<\/li>\n<li style='margin-bottom: 5px;'>Para iniciar la limpieza dirija Aerojet 360\u00b0 hacia el \u00e1rea a tratar.<\/li>\n<li style='margin-bottom: 5px;'>Realice disparos cortos de un segundo a una distancia de 15 a 20 cm del \u00e1rea.<\/li>\n<\/ul><\/div>\n<\/p><\/div>\n<div style='flex: 1 1 250px; border: 1px solid rgba(150&comma; 150&comma; 150&comma; 0.4); border-radius: 8px; overflow: hidden; display: flex; flex-direction: column;'>\n<div style='padding: 15px; border-bottom: 1px solid rgba(150&comma; 150&comma; 150&comma; 0.2); font-weight: bold; font-size: 18px; color: inherit;'>Precauciones de uso<\/div>\n<div style='padding: 15px; color: inherit;'>\n<ul style='padding-left: 20px; margin: 0; font-size: 14px; list-style-type: disc;'>\n<li style='margin-bottom: 5px;'>No se ingiera&comma; hacerlo puede interrumpir el flujo de ox\u00edgeno a los pulmones provocando desvanecimiento y mareos&comma; existiendo adem\u00e1s la posibilidad de grandes quemaduras por el congelamiento en lengua&comma; paladar y garganta.<\/li>\n<li style='margin-bottom: 5px;'>No se exponga a temperaturas mayores a 50\u00b0 C.<\/li>\n<li style='margin-bottom: 5px;'>No perfore ni incinere el envase.<\/li>\n<li style='margin-bottom: 5px;'>No transporte en avi\u00f3n.<\/li>\n<li style='margin-bottom: 5px;'>No lo deje dentro la cabina del autom\u00f3vil.<\/li>\n<li style='margin-bottom: 5px;'>No lo deje al alcance de los ni\u00f1os.<\/li>\n<li style='margin-bottom: 5px;'>Evite agitar el producto en caso de hacerlo el contenido gaseoso modifica su estado l\u00edquido y podr\u00eda provocar quemaduras en la piel o choques t\u00e9rmicos en las partes o mecanismos de los equipos.<\/li>\n<\/ul><\/div>\n<\/p><\/div>\n<div style='flex: 1 1 250px; border: 1px solid rgba(150&comma; 150&comma; 150&comma; 0.4); border-radius: 8px; overflow: hidden; display: flex; flex-direction: column;'>\n<div style='padding: 15px; border-bottom: 1px solid rgba(150&comma; 150&comma; 150&comma; 0.2); font-weight: bold; font-size: 18px; color: inherit;'>Presentaci\u00f3n<\/div>\n<div style='padding: 15px; color: inherit;'>\n<ul style='padding-left: 20px; margin: 0; font-size: 14px; list-style-type: disc;'>\n<li style='margin-bottom: 5px;'>Envase de 660ml.<\/li>\n<\/ul><\/div>\n<\/p><\/div>\n<\/p><\/div>\n<p> <!-- Secci\u00f3n de aplicaciones --> <\/p>\n<div style='display: flex; flex-wrap: wrap; gap: 30px; margin-bottom: 30px;'>\n<div style='flex: 1 1 300px; min-width: 280px;'>\n<h3 style='font-size: 22px; border-bottom: 2px solid currentColor; padding-bottom: 5px; margin-top: 0; color: inherit; opacity: 0.8;'>Aplicaciones recomendadas<\/h3>\n<ul style='padding-left: 20px; margin: 15px 0; font-size: 15px; color: inherit; list-style-type: disc;'>\n<li style='margin-bottom: 5px;'><strong>C\u00e1maras de videovigilancia (CCTV \/ IP):<\/strong> elimina polvo de lentes y sensores&comma; evitando fallas en la imagen.<\/li>\n<li style='margin-bottom: 5px;'><strong>Equipos de redes (switches&comma; routers&comma; firewall):<\/strong> mantiene limpios los puertos y ventilaciones para un desempe\u00f1o estable.<\/li>\n<li style='margin-bottom: 5px;'><strong>Servidores y gabinetes:<\/strong> previene el sobrecalentamiento causado por obstrucciones en ventiladores y filtros.<\/li>\n<li style='margin-bottom: 5px;'><strong>Equipos de energ\u00eda (UPS \/ fuentes de poder):<\/strong> reduce el riesgo de cortocircuitos por acumulaci\u00f3n de polvo.<\/li>\n<li style='margin-bottom: 5px;'><strong>Sistemas de alarmas&comma; control de acceso y paneles electr\u00f3nicos:<\/strong> asegura una operaci\u00f3n confiable en sistemas cr\u00edticos.<\/li>\n<li style='margin-bottom: 5px;'><strong>C\u00e1maras t\u00e9rmicas&comma; sensores y dispositivos optoelectr\u00f3nicos:<\/strong> protege la precisi\u00f3n de lectura y evita interferencias \u00f3pticas.<\/li>\n<\/ul><\/div>\n<\/p><\/div>\n<p> <!-- Importancia del mantenimiento --> <\/p>\n<div style='display: flex; flex-wrap: wrap; gap: 30px; margin-bottom: 30px;'>\n<div style='flex: 1 1 300px; min-width: 280px;'>\n<h3 style='font-size: 22px; border-bottom: 2px solid currentColor; padding-bottom: 5px; margin-top: 0; color: inherit; opacity: 0.8;'>Importancia del mantenimiento<\/h3>\n<p style='font-size: 15px; color: inherit; margin-top: 15px;'> El polvo es uno de los principales enemigos de los equipos electr\u00f3nicos: afecta la ventilaci\u00f3n&comma; provoca fallas de comunicaci\u00f3n y acelera el desgaste de componentes. Por eso&comma; un mantenimiento preventivo con AEROJET 360\u00b0 no solo prolonga la vida \u00fatil del equipo&comma; sino que tambi\u00e9n garantiza un rendimiento seguro y constante. <\/p>\n<\/p><\/div>\n<\/p><\/div>\n<p> <!-- Video --> <\/p>\n<div style='width: 100%; margin: 30px 0;'>\n<div style='position: relative; padding-bottom: 56.25%; height: 0; overflow: hidden;'>   <\/div>\n<\/p><\/div>\n<p> <!-- Imagen final --> <\/p>\n<div style='width: 100%; margin-bottom: 30px;'> <img style='width: 100%; height: auto; border: 1px solid rgba(150&comma;150&comma;150&comma;0.3); border-radius: 8px;' src='https:\/\/ftp3.syscom.mx\/usuarios\/fotos\/AEROJET360\/160944-linkdn.png' alt=''> <\/div>\n<p> <!-- Separador final --> <\/p>\n<hr style='border: 0; border-top: 1px solid rgba(150&comma; 150&comma; 150&comma; 0.3); margin: 30px 0;'> <\/div>\n","protected":false},"excerpt":{"rendered":"<p>Removedor de polvo y residuos (aire comprimido) con aplicaci\u00f3n 360\u00ba para limpieza de equipos electr\u00f3nicos, v\u00e1lvula anti-estallamiento, 660 ml<\/p>\n","protected":false},"featured_media":8515,"comment_status":"open","ping_status":"closed","template":"","meta":[],"product_brand":[],"product_cat":[24],"product_tag":[26,25,607],"class_list":{"0":"post-8516","1":"product","2":"type-product","3":"status-publish","4":"has-post-thumbnail","6":"product_cat-accesorios-de-instalacion","7":"product_tag-accesorios-de-instalacion","8":"product_tag-herramientas","9":"product_tag-silimex","11":"first","12":"instock","13":"sale","14":"shipping-taxable","15":"purchasable","16":"product-type-simple"},"_links":{"self":[{"href":"https:\/\/soydeaqui.ddns.net\/pachuca\/index.php\/wp-json\/wp\/v2\/product\/8516","targetHints":{"allow":["GET"]}}],"collection":[{"href":"https:\/\/soydeaqui.ddns.net\/pachuca\/index.php\/wp-json\/wp\/v2\/product"}],"about":[{"href":"https:\/\/soydeaqui.ddns.net\/pachuca\/index.php\/wp-json\/wp\/v2\/types\/product"}],"replies":[{"embeddable":true,"href":"https:\/\/soydeaqui.ddns.net\/pachuca\/index.php\/wp-json\/wp\/v2\/comments?post=8516"}],"wp:featuredmedia":[{"embeddable":true,"href":"https:\/\/soydeaqui.ddns.net\/pachuca\/index.php\/wp-json\/wp\/v2\/media\/8515"}],"wp:attachment":[{"href":"https:\/\/soydeaqui.ddns.net\/pachuca\/index.php\/wp-json\/wp\/v2\/media?parent=8516"}],"wp:term":[{"taxonomy":"product_brand","embeddable":true,"href":"https:\/\/soydeaqui.ddns.net\/pachuca\/index.php\/wp-json\/wp\/v2\/product_brand?post=8516"},{"taxonomy":"product_cat","embeddable":true,"href":"https:\/\/soydeaqui.ddns.net\/pachuca\/index.php\/wp-json\/wp\/v2\/product_cat?post=8516"},{"taxonomy":"product_tag","embeddable":true,"href":"https:\/\/soydeaqui.ddns.net\/pachuca\/index.php\/wp-json\/wp\/v2\/product_tag?post=8516"}],"curies":[{"name":"wp","href":"https:\/\/api.w.org\/{rel}","templated":true}]}}