{"id":85150,"date":"2026-03-19T21:24:51","date_gmt":"2026-03-19T21:24:51","guid":{"rendered":"https:\/\/soydeaqui.ddns.net\/pachuca\/index.php\/producto\/unifi-usw-wan-switch-wan-capa-2-con-3-puertos-rj45-10-gbe-y-1-puerto-rj45-gbe-y-alimentacion-ca-redundante-para-alta-disponibilidad-con-unifi-gateways-en-modo-shadow-rack-1u\/"},"modified":"2026-03-19T21:25:06","modified_gmt":"2026-03-19T21:25:06","slug":"unifi-usw-wan-switch-wan-capa-2-con-3-puertos-rj45-10-gbe-y-1-puerto-rj45-gbe-y-alimentacion-ca-redundante-para-alta-disponibilidad-con-unifi-gateways-en-modo-shadow-rack-1u","status":"publish","type":"product","link":"https:\/\/soydeaqui.ddns.net\/pachuca\/index.php\/producto\/unifi-usw-wan-switch-wan-capa-2-con-3-puertos-rj45-10-gbe-y-1-puerto-rj45-gbe-y-alimentacion-ca-redundante-para-alta-disponibilidad-con-unifi-gateways-en-modo-shadow-rack-1u\/","title":{"rendered":"UniFi USW-WAN \u2013 Switch WAN Capa 2 con 3 Puertos RJ45 10 GbE y 1 Puerto RJ45 GbE y Alimentaci\u00f3n CA Redundante para Alta Disponibilidad con UniFi Gateways en Modo Shadow (Rack 1U)"},"content":{"rendered":"<div style='width: 100%; max-width: 1200px; margin: 0 auto; font-family: sans-serif; line-height: 1.6; color: inherit; background-color: transparent;'> <!-- Hero Section --> <\/p>\n<div style='display: flex; flex-wrap: wrap; gap: 30px; align-items: center; border: 1px solid rgba(150&comma;150&comma;150&comma;0.3); border-radius: 12px; padding: 20px; margin-bottom: 30px;'>\n<div style='flex: 1 1 320px; min-width: 280px;'>\n<div style='position: relative; padding-bottom: 56.25%; height: 0; overflow: hidden;'> <video style='position: absolute; top: 0; left: 0; width: 100%; height: 100%; border: 1px solid rgba(150&comma;150&comma;150&comma;0.3); border-radius: 8px;' autoplay muted loop playsinline preload='metadata'><source src='https:\/\/ftp3.syscom.mx\/usuarios\/adiaz\/Ubiquiti\/Imagenes\/USWWAN\/looprj45.mp4' type='video\/mp4'><img src='https:\/\/ftp3.syscom.mx\/usuarios\/adiaz\/Ubiquiti\/Imagenes\/USWWAN\/vistarj451.png' alt='Ubiquiti USW-WAN-RJ45' style='width: 100%; height: auto; border: 1px solid rgba(150&comma;150&comma;150&comma;0.3); border-radius: 8px;'><\/video> <\/div>\n<\/p><\/div>\n<div style='flex: 1 1 360px; min-width: 280px;'>\n<h2 style='font-size: 22px; margin: 0 0 10px; color: inherit; opacity: 0.9;'>UniFi WAN Switch RJ45<\/h2>\n<div style='margin: 0 0 15px; font-weight: 600; opacity: 0.8;'>Modelo: <span style='font-weight: 700; opacity: 1;'>USW-WAN-RJ45<\/span><\/div>\n<p style='margin: 0; color: inherit; font-size: 15px;'>Switch administrable de <strong>capa 2<\/strong> para conectividad WAN&comma; con <strong>(3) puertos RJ45 de 10 GbE<\/strong>&comma; <strong>(1) puerto RJ45 de 1 GbE<\/strong> y <strong>alimentaci\u00f3n CA redundante<\/strong>&comma; para montaje en rack <strong>1U<\/strong>.<\/p>\n<\/p><\/div>\n<\/p><\/div>\n<p> <!-- Especificaciones Title --> <\/p>\n<div style='text-align: center; margin: 40px 0 20px;'> <span style='font-size: 20px; font-weight: bold; color: inherit; border-bottom: 2px solid currentColor; padding-bottom: 5px;'>Especificaciones<\/span> <\/div>\n<p> <!-- Specifications Grid --> <\/p>\n<div style='display: flex; flex-wrap: wrap; gap: 20px; margin-bottom: 30px;'> <!-- Card: Caracter\u00edsticas principales --> <\/p>\n<div style='flex: 1 1 250px; border: 1px solid rgba(150&comma; 150&comma; 150&comma; 0.4); border-radius: 8px; overflow: hidden; display: flex; flex-direction: column;'>\n<div style='padding: 15px; border-bottom: 1px solid rgba(150&comma; 150&comma; 150&comma; 0.2); font-weight: bold; font-size: 18px; color: inherit;'>Caracter\u00edsticas principales<\/div>\n<div style='padding: 15px; color: inherit; flex: 1 1 auto;'>\n<ul style='padding-left: 20px; margin: 0; font-size: 14px; list-style-type: disc;'>\n<li style='margin-bottom: 5px;'><strong>(1)<\/strong> puerto <strong>RJ45 1 GbE<\/strong> (1G\/100M\/10M)<\/li>\n<li style='margin-bottom: 5px;'><strong>(3)<\/strong> puertos <strong>RJ45 10 GbE<\/strong> (10G\/5G\/2.5G\/1G\/100M)<\/li>\n<li style='margin-bottom: 5px;'><strong>Redundancia<\/strong>: (2) entradas de CA<\/li>\n<li style='margin-bottom: 5px;'><strong>Factor de forma<\/strong>: montaje en rack (1U)<\/li>\n<li style='margin-bottom: 5px;'><strong>Gesti\u00f3n<\/strong>: UniFi Network<\/li>\n<\/ul><\/div>\n<\/p><\/div>\n<p> <!-- Card: Rendimiento --> <\/p>\n<div style='flex: 1 1 250px; border: 1px solid rgba(150&comma; 150&comma; 150&comma; 0.4); border-radius: 8px; overflow: hidden; display: flex; flex-direction: column;'>\n<div style='padding: 15px; border-bottom: 1px solid rgba(150&comma; 150&comma; 150&comma; 0.2); font-weight: bold; font-size: 18px; color: inherit;'>Rendimiento<\/div>\n<div style='padding: 15px; color: inherit; flex: 1 1 auto;'>\n<ul style='padding-left: 20px; margin: 0; font-size: 14px; list-style-type: disc;'>\n<li style='margin-bottom: 5px;'><strong>Capacidad de conmutaci\u00f3n<\/strong>: 20 Gbps<\/li>\n<li style='margin-bottom: 5px;'><strong>Throughput total no bloqueante<\/strong>: 10 Gbps<\/li>\n<li style='margin-bottom: 5px;'><strong>Tasa de reenv\u00edo<\/strong>: 15 Mpps<\/li>\n<\/ul><\/div>\n<\/p><\/div>\n<p> <!-- Card: Caracter\u00edsticas f\u00edsicas y el\u00e9ctricas --> <\/p>\n<div style='flex: 1 1 250px; border: 1px solid rgba(150&comma; 150&comma; 150&comma; 0.4); border-radius: 8px; overflow: hidden; display: flex; flex-direction: column;'>\n<div style='padding: 15px; border-bottom: 1px solid rgba(150&comma; 150&comma; 150&comma; 0.2); font-weight: bold; font-size: 18px; color: inherit;'>Caracter\u00edsticas f\u00edsicas y el\u00e9ctricas<\/div>\n<div style='padding: 15px; color: inherit; flex: 1 1 auto;'>\n<ul style='padding-left: 20px; margin: 0; font-size: 14px; list-style-type: disc;'>\n<li style='margin-bottom: 5px;'><strong>Dimensiones<\/strong>: 442.4 \u00d7 120 \u00d7 43.7 mm (17.4 \u00d7 4.72 \u00d7 1.7&#8242;)<\/li>\n<li style='margin-bottom: 5px;'><strong>Peso<\/strong>: 2.3 kg (sin brackets) \/ 2.4 kg (con brackets)<\/li>\n<li style='margin-bottom: 5px;'><strong>Material del gabinete<\/strong>: acero SGCC<\/li>\n<li style='margin-bottom: 5px;'><strong>M\u00e9todo de alimentaci\u00f3n<\/strong>: (2) entrada universal 100\u2013240 V CA&comma; 50\/60 Hz (redundante)<\/li>\n<li style='margin-bottom: 5px;'><strong>Fuente de alimentaci\u00f3n<\/strong>: (2) CA\/CC interna&comma; 36 W<\/li>\n<li style='margin-bottom: 5px;'><strong>Consumo m\u00e1ximo<\/strong>: 18 W<\/li>\n<li style='margin-bottom: 5px;'><strong>Protecci\u00f3n ESD<\/strong>: aire \u00b116 kV&comma; contacto \u00b110 kV<\/li>\n<li style='margin-bottom: 5px;'><strong>Temperatura de operaci\u00f3n<\/strong>: \u22125 a 40 \u00b0C (23 a 104 \u00b0F)<\/li>\n<li style='margin-bottom: 5px;'><strong>Humedad de operaci\u00f3n<\/strong>: 10\u201390% sin condensaci\u00f3n<\/li>\n<\/ul><\/div>\n<\/p><\/div>\n<p> <!-- Card: Gesti\u00f3n y cumplimiento --> <\/p>\n<div style='flex: 1 1 250px; border: 1px solid rgba(150&comma; 150&comma; 150&comma; 0.4); border-radius: 8px; overflow: hidden; display: flex; flex-direction: column;'>\n<div style='padding: 15px; border-bottom: 1px solid rgba(150&comma; 150&comma; 150&comma; 0.2); font-weight: bold; font-size: 18px; color: inherit;'>Gesti\u00f3n y cumplimiento<\/div>\n<div style='padding: 15px; color: inherit; flex: 1 1 auto;'>\n<ul style='padding-left: 20px; margin: 0; font-size: 14px; list-style-type: disc;'>\n<li style='margin-bottom: 5px;'><strong>Interfaz de gesti\u00f3n<\/strong>: Ethernet<\/li>\n<li style='margin-bottom: 5px;'><strong>Requisito de aplicaci\u00f3n<\/strong>: UniFi Network 9.1.120 o posterior<\/li>\n<li style='margin-bottom: 5px;'><strong>LEDs<\/strong>: sistema y Ethernet<\/li>\n<li style='margin-bottom: 5px;'><strong>Certificaciones<\/strong>: CE&comma; FCC&comma; IC&comma; Anatel (04273-25-08356)<\/li>\n<li style='margin-bottom: 5px;'><strong>Cumplimiento NDAA<\/strong>: \u2713<\/li>\n<\/ul><\/div>\n<\/p><\/div>\n<\/p><\/div>\n<p> <!-- Product Gallery --> <\/p>\n<div style='border: 1px solid rgba(150&comma;150&comma;150&comma;0.3); border-radius: 8px; padding: 20px; margin: 30px 0;'>\n<h3 style='font-size: 18px; margin: 0 0 20px; font-weight: bold; color: inherit; opacity: 0.8;'>Vista del producto<\/h3>\n<div style='display: flex; flex-wrap: wrap; gap: 20px; justify-content: center;'> <img style='flex: 1 1 480px; max-width: 480px; height: auto; border: 1px solid rgba(150&comma;150&comma;150&comma;0.3); border-radius: 8px;' src='https:\/\/ftp3.syscom.mx\/usuarios\/adiaz\/Ubiquiti\/Imagenes\/USWWAN\/vistarj451.png' alt='USW-WAN-RJ45 vista 1'> <img style='flex: 1 1 480px; max-width: 480px; height: auto; border: 1px solid rgba(150&comma;150&comma;150&comma;0.3); border-radius: 8px;' src='https:\/\/ftp3.syscom.mx\/usuarios\/adiaz\/Ubiquiti\/Imagenes\/USWWAN\/vistarj452.png' alt='USW-WAN-RJ45 vista 2'> <\/div>\n<\/p><\/div>\n<p> <!-- Package Content --> <\/p>\n<div style='border: 1px solid rgba(150&comma;150&comma;150&comma;0.3); border-radius: 8px; padding: 20px; margin: 30px 0;'>\n<h3 style='font-size: 18px; margin: 0 0 20px; font-weight: bold; color: inherit; opacity: 0.8;'>Contenido del Paquete<\/h3>\n<p> <img style='width: 100%; height: auto; border: 1px solid rgba(150&comma;150&comma;150&comma;0.3); border-radius: 8px;' src='https:\/\/ftp3.syscom.mx\/usuarios\/adiaz\/Ubiquiti\/Imagenes\/USWWAN\/contenidorj45.png' alt='Contenido del paquete USW-WAN-RJ45'> <\/div>\n<\/p><\/div>\n","protected":false},"excerpt":{"rendered":"<p>UniFi USW-WAN \u2013 Switch WAN Capa 2 con 3 Puertos RJ45 10 GbE y 1 Puerto RJ45 GbE y Alimentaci\u00f3n CA Redundante para Alta Disponibilidad con UniFi Gateways en Modo Shadow (Rack 1U)<\/p>\n","protected":false},"featured_media":85149,"comment_status":"open","ping_status":"closed","template":"","meta":[],"product_brand":[],"product_cat":[1970],"product_tag":[664,1971,166],"class_list":{"0":"post-85150","1":"product","2":"type-product","3":"status-publish","4":"has-post-thumbnail","6":"product_cat-switches","7":"product_tag-networking","8":"product_tag-switches","9":"product_tag-ubiquiti","11":"first","12":"outofstock","13":"sale","14":"shipping-taxable","15":"purchasable","16":"product-type-simple"},"_links":{"self":[{"href":"https:\/\/soydeaqui.ddns.net\/pachuca\/index.php\/wp-json\/wp\/v2\/product\/85150","targetHints":{"allow":["GET"]}}],"collection":[{"href":"https:\/\/soydeaqui.ddns.net\/pachuca\/index.php\/wp-json\/wp\/v2\/product"}],"about":[{"href":"https:\/\/soydeaqui.ddns.net\/pachuca\/index.php\/wp-json\/wp\/v2\/types\/product"}],"replies":[{"embeddable":true,"href":"https:\/\/soydeaqui.ddns.net\/pachuca\/index.php\/wp-json\/wp\/v2\/comments?post=85150"}],"wp:featuredmedia":[{"embeddable":true,"href":"https:\/\/soydeaqui.ddns.net\/pachuca\/index.php\/wp-json\/wp\/v2\/media\/85149"}],"wp:attachment":[{"href":"https:\/\/soydeaqui.ddns.net\/pachuca\/index.php\/wp-json\/wp\/v2\/media?parent=85150"}],"wp:term":[{"taxonomy":"product_brand","embeddable":true,"href":"https:\/\/soydeaqui.ddns.net\/pachuca\/index.php\/wp-json\/wp\/v2\/product_brand?post=85150"},{"taxonomy":"product_cat","embeddable":true,"href":"https:\/\/soydeaqui.ddns.net\/pachuca\/index.php\/wp-json\/wp\/v2\/product_cat?post=85150"},{"taxonomy":"product_tag","embeddable":true,"href":"https:\/\/soydeaqui.ddns.net\/pachuca\/index.php\/wp-json\/wp\/v2\/product_tag?post=85150"}],"curies":[{"name":"wp","href":"https:\/\/api.w.org\/{rel}","templated":true}]}}