{"id":85113,"date":"2026-03-19T21:23:15","date_gmt":"2026-03-19T21:23:15","guid":{"rendered":"https:\/\/soydeaqui.ddns.net\/pachuca\/index.php\/producto\/kit-demo-de-punto-de-acceso-ekit-wi-fi-6-1-775-gbps-doble-banda-smart-antenna-seguridad-wpa3-sin-licenciamiento-con-inyector-poe\/"},"modified":"2026-03-19T21:23:16","modified_gmt":"2026-03-19T21:23:16","slug":"kit-demo-de-punto-de-acceso-ekit-wi-fi-6-1-775-gbps-doble-banda-smart-antenna-seguridad-wpa3-sin-licenciamiento-con-inyector-poe","status":"publish","type":"product","link":"https:\/\/soydeaqui.ddns.net\/pachuca\/index.php\/producto\/kit-demo-de-punto-de-acceso-ekit-wi-fi-6-1-775-gbps-doble-banda-smart-antenna-seguridad-wpa3-sin-licenciamiento-con-inyector-poe\/","title":{"rendered":"Kit Demo de Punto de Acceso eKit Wi-Fi 6 \/ 1.775 Gbps \/ Doble banda \/ Smart Antenna \/ Seguridad WPA3 \/ Sin licenciamiento \/ Con Inyector PoE"},"content":{"rendered":"<div style='width: 100%; max-width: 1200px; margin: 0 auto; font-family: sans-serif; line-height: 1.6; color: inherit; background-color: transparent;'> <!-- Imagen principal --> <\/p>\n<div style='margin-bottom: 30px;'> <img style='width: 100%; height: auto; border: 1px solid rgba(150&comma;150&comma;150&comma;0.3); border-radius: 8px;' src='https:\/\/ftp3.syscom.mx\/usuarios\/fotos\/AP362\/223796-captura_de_pantalla_2023-12-06_a_la(s)_15.46.50.png' alt='Huawei eKitEngine AP361'> <\/div>\n<p> <!-- Descripci\u00f3n general --> <\/p>\n<div style='margin-bottom: 30px;'>\n<h3 style='font-size: 22px; border-bottom: 2px solid currentColor; padding-bottom: 5px; margin-top: 0; color: inherit; opacity: 0.8;'>Descripci\u00f3n General<\/h3>\n<p style='text-align: justify; color: inherit;'>Huawei eKitEngine AP361 es un punto de acceso (AP) interior que cumple con el est\u00e1ndar Wi-Fi 6 (802.11ax). Proporciona servicios simult\u00e1neamente en las bandas de frecuencia de 2&comma;4 GHz (2&#215;2 MIMO) y 5 GHz (2&#215;2 MIMO)&comma; logrando una velocidad m\u00e1xima del dispositivo de 1&comma;775 Gbps. Este AP presenta un gran ancho de banda&comma; alta concurrencia y tama\u00f1o compacto&comma; lo que facilita una implementaci\u00f3n flexible y ahorra la inversi\u00f3n del cliente. Sus puntos fuertes hacen que el AP sea una buena opci\u00f3n para escenarios de cobertura en interiores.<\/p>\n<\/p><\/div>\n<p> <!-- Secci\u00f3n de cards --> <\/p>\n<div style='display: flex; flex-wrap: wrap; gap: 20px; margin-bottom: 30px;'> <!-- Caracter\u00edsticas Generales --> <\/p>\n<div style='flex: 1 1 250px; border: 1px solid rgba(150&comma; 150&comma; 150&comma; 0.4); border-radius: 8px; overflow: hidden; display: flex; flex-direction: column;'>\n<div style='padding: 15px; border-bottom: 1px solid rgba(150&comma; 150&comma; 150&comma; 0.2); font-weight: bold; font-size: 18px; color: inherit;'>Caracter\u00edsticas Generales<\/div>\n<div style='padding: 15px; color: inherit;'> <img style='width: 100%; height: auto; border: 1px solid rgba(150&comma;150&comma;150&comma;0.3); border-radius: 8px;' src='https:\/\/ftp3.syscom.mx\/usuarios\/fotos\/AP361\/223794-captura_de_pantalla_2024-01-16_a_la(s)_8.44.25.png' alt='Caracter\u00edsticas Generales'> <\/p>\n<ul style='padding-left: 20px; margin: 15px 0 0 0; font-size: 14px; list-style-type: disc; color: inherit;'>\n<li style='margin-bottom: 5px;'>Administraci\u00f3n v\u00eda Navegador web (Stand Alone)&comma; App eKit o Nube eKit.<\/li>\n<li style='margin-bottom: 5px;'>Velocidad: 1.775Gbps.<\/li>\n<li style='margin-bottom: 5px;'>Doble banda 2.4Ghz (2&#215;2) y 5GHz (2&#215;2).<\/li>\n<li style='margin-bottom: 5px;'>1 Puerto Gigabit PoE In.<\/li>\n<li style='margin-bottom: 5px;'>Ganancia de antenas: 2.4 GHz: 4 dBi 5 GHz: 4 dBi.<\/li>\n<li style='margin-bottom: 5px;'>Instalaci\u00f3n en techo\/pared.<\/li>\n<li style='margin-bottom: 5px;'><a href='https:\/\/ekit.huawei.com\/#\/smeCloud' target='_blank' rel='noopener' style='color: inherit; text-decoration: underline;'>Plataforma Nube Web SNC Huawei<\/a><\/li>\n<li style='margin-bottom: 5px;'><span style='background-color: #ffffff; color: #ed0000;'>Para APP m\u00f3vil:<\/span><\/li>\n<li style='margin-bottom: 5px;'> <img style='width: 100%; max-width: 250px; height: auto; border: 1px solid rgba(150&comma;150&comma;150&comma;0.3); border-radius: 8px;' src='https:\/\/ftp3.syscom.mx\/usuarios\/fotos\/AP361\/223794-ekitqr.png' alt='APP m\u00f3vil Huawei eKit'> <\/li>\n<\/ul><\/div>\n<\/p><\/div>\n<p> <!-- Especificaciones Inal\u00e1mbricas --> <\/p>\n<div style='flex: 1 1 250px; border: 1px solid rgba(150&comma; 150&comma; 150&comma; 0.4); border-radius: 8px; overflow: hidden; display: flex; flex-direction: column;'>\n<div style='padding: 15px; border-bottom: 1px solid rgba(150&comma; 150&comma; 150&comma; 0.2); font-weight: bold; font-size: 18px; color: inherit;'>Especificaciones Inal\u00e1mbricas<\/div>\n<div style='padding: 15px; color: inherit;'> <img style='width: 100%; height: auto; border: 1px solid rgba(150&comma;150&comma;150&comma;0.3); border-radius: 8px;' src='https:\/\/ftp3.syscom.mx\/usuarios\/fotos\/AP361\/223794-captura_de_pantalla_2024-07-29_a_la(s)_8.43.44.png' alt='Especificaciones Inal\u00e1mbricas'> <\/p>\n<ul style='padding-left: 20px; margin: 15px 0 0 0; font-size: 14px; list-style-type: disc; color: inherit;'>\n<li style='margin-bottom: 5px;'>Soporta hasta 256 clientes.<\/li>\n<li style='margin-bottom: 5px;'>Clientes recomendados 80.<\/li>\n<li style='margin-bottom: 5px;'>Soporta hasta 6 SSIDs.<\/li>\n<li style='margin-bottom: 5px;'>Velocidad: 1.775Gbps.<\/li>\n<li style='margin-bottom: 5px;'>Doble banda 2.4Ghz (575Mbps) y 5GHz (2.4Gbps).<\/li>\n<li style='margin-bottom: 5px;'>Funcionalidad de antena inteligente&comma; aumenta el rango en un 20%.<\/li>\n<li style='margin-bottom: 5px;'>Ganancia de antenas: 2.4 GHz: 4 dBi 5 GHz: 5 dBi<\/li>\n<\/ul><\/div>\n<\/p><\/div>\n<p> <!-- Especificaciones El\u00e9ctricas y F\u00edsicas --> <\/p>\n<div style='flex: 1 1 250px; border: 1px solid rgba(150&comma; 150&comma; 150&comma; 0.4); border-radius: 8px; overflow: hidden; display: flex; flex-direction: column;'>\n<div style='padding: 15px; border-bottom: 1px solid rgba(150&comma; 150&comma; 150&comma; 0.2); font-weight: bold; font-size: 18px; color: inherit;'>Especificaciones El\u00e9ctricas y F\u00edsicas<\/div>\n<div style='padding: 15px; color: inherit;'>\n<div style='position: relative; padding-bottom: 56.25%; height: 0; overflow: hidden; margin-bottom: 15px;'>   <\/div>\n<ul style='padding-left: 20px; margin: 0; font-size: 14px; list-style-type: disc; color: inherit;'>\n<li style='margin-bottom: 5px;'>Dimensiones (Diametro y altura) \u03a6180 mm x 35 mm.<\/li>\n<li style='margin-bottom: 5px;'>Peso: 0.45 kg.<\/li>\n<li style='margin-bottom: 5px;'>Alimentaci\u00f3n el\u00e9ctrica: PoE af.<\/li>\n<li style='margin-bottom: 5px;'>M\u00e1ximo consumo el\u00e9ctrico 8.8W.<\/li>\n<li style='margin-bottom: 5px;'>Temperatura de operaci\u00f3n: -10\u00b0C to +50\u00b0C.<\/li>\n<li style='margin-bottom: 5px; font-weight: bold;'>Contenido del Paquete:<\/li>\n<li style='margin-bottom: 5px;'>1 AP361.<\/li>\n<li style='margin-bottom: 5px;'>Montaje y Tornilleria.<\/li>\n<li style='margin-bottom: 5px;'>Manual de Instalaci\u00f3n.<\/li>\n<\/ul><\/div>\n<\/p><\/div>\n<\/p><\/div>\n<p> <!-- Secci\u00f3n de Smart Antenna --> <\/p>\n<div style='margin-bottom: 30px;'>\n<h3 style='font-size: 22px; border-bottom: 2px solid currentColor; padding-bottom: 5px; margin-top: 0; color: inherit; opacity: 0.8;'>Smart Antenna<\/h3>\n<p style='text-align: justify; color: inherit;'>Antenas inteligentes basadas en la tecnolog\u00eda phased array&comma; que garantizan una cobertura &#8216;tipo reflector&#8217; en 100.000 direcciones. El algoritmo de antena inteligente puede determinar la ubicaci\u00f3n de un STA(cliente) bas\u00e1ndose en las se\u00f1ales recibidas&comma; y controlar la CPU para enviar se\u00f1ales de control al STA (cliente) en un patr\u00f3n de radiaci\u00f3n con la direcci\u00f3n de m\u00e1xima radiaci\u00f3n. Esto permite un alcance de cobertura un 20% mayor y una pared m\u00e1s penetrada&comma; proporcionando siempre se\u00f1ales \u00f3ptimas para los usuarios en cualquier momento y lugar.<\/p>\n<\/p><\/div>\n<p> <!-- Video Smart Antenna --> <\/p>\n<div style='display: flex; flex-wrap: wrap; gap: 20px; margin-bottom: 30px;'>\n<div style='flex: 1 1 48%; min-width: 300px;'>\n<div style='position: relative; padding-bottom: 56.25%; height: 0; overflow: hidden;'>   <\/div>\n<\/p><\/div>\n<div style='flex: 1 1 48%; min-width: 300px;'>\n<div style='position: relative; padding-bottom: 56.25%; height: 0; overflow: hidden;'>   <\/div>\n<\/p><\/div>\n<\/p><\/div>\n<p> <!-- Gama completa de productos --> <\/p>\n<div style='margin-bottom: 30px;'>\n<h3 style='font-size: 22px; border-bottom: 2px solid currentColor; padding-bottom: 5px; margin-top: 0; color: inherit; opacity: 0.8;'>Gama completa de productos Wi-Fi<\/h3>\n<p style='color: inherit;'>Tecnolog\u00edas l\u00edderes para mejorar la experiencia de los usuarios<\/p>\n<p> <img style='width: 100%; height: auto; border: 1px solid rgba(150&comma;150&comma;150&comma;0.3); border-radius: 8px;' src='https:\/\/ftp3.syscom.mx\/usuarios\/fotos\/AP361\/223794-captura_de_pantalla_2024-11-11_a_la(s)_21.35.59.png' alt='Gama completa de productos Wi-Fi Huawei'> <\/div>\n<p> <!-- Secci\u00f3n de beneficios --> <\/p>\n<div style='margin-bottom: 30px;'>\n<h3 style='font-size: 22px; border-bottom: 2px solid currentColor; padding-bottom: 5px; margin-top: 0; color: inherit; opacity: 0.8;'>Conozca a fondo los beneficios de los Puntos de Acceso Huawei<\/h3>\n<p> <!-- Acordion de beneficios --> <\/p>\n<div style='margin-top: 20px;'> <!-- Beneficio 1 --> <\/p>\n<div style='margin-bottom: 15px; border: 1px solid rgba(150&comma;150&comma;150&comma;0.3); border-radius: 8px;'>\n<div style='padding: 15px; font-weight: bold; background-color: rgba(237&comma;0&comma;0&comma;0.1); border-radius: 8px 8px 0 0;'>1.- Smart Antenna de doble banda l\u00edder en el sector&comma; con un alcance de cobertura de un 20% m\u00e1s<\/div>\n<div style='padding: 15px; background-color: rgba(237&comma;0&comma;0&comma;0.05);'> <img style='width: 100%; height: auto; border: 1px solid rgba(150&comma;150&comma;150&comma;0.3); border-radius: 8px;' src='https:\/\/ftp3.syscom.mx\/usuarios\/fotos\/AP361\/223794-captura_de_pantalla_2024-11-09_a_la(s)_14.13.31.png' alt='Smart Antenna Huawei'> <\/div>\n<\/p><\/div>\n<p> <!-- Beneficio 2 --> <\/p>\n<div style='margin-bottom: 15px; border: 1px solid rgba(150&comma;150&comma;150&comma;0.3); border-radius: 8px;'>\n<div style='padding: 15px; font-weight: bold; background-color: rgba(237&comma;0&comma;0&comma;0.1); border-radius: 8px 8px 0 0;'>2.- Smart Roaming&comma; Permite a los STA conectarse siempre al AP con la se\u00f1al m\u00e1s \u00f3ptima<\/div>\n<div style='padding: 15px; background-color: rgba(237&comma;0&comma;0&comma;0.05);'> <img style='width: 100%; height: auto; border: 1px solid rgba(150&comma;150&comma;150&comma;0.3); border-radius: 8px;' src='https:\/\/ftp3.syscom.mx\/usuarios\/fotos\/AP361\/223794-captura_de_pantalla_2024-11-11_a_la(s)_21.44.33.png' alt='Smart Roaming Huawei'> <\/div>\n<\/p><\/div>\n<p> <!-- Beneficio 3 --> <\/p>\n<div style='margin-bottom: 15px; border: 1px solid rgba(150&comma;150&comma;150&comma;0.3); border-radius: 8px;'>\n<div style='padding: 15px; font-weight: bold; background-color: rgba(237&comma;0&comma;0&comma;0.1); border-radius: 8px 8px 0 0;'>3.- Cifrado de seguridad inal\u00e1mbrica mejorada para los usuarios: Todos los APs soporta WPA3<\/div>\n<div style='padding: 15px; background-color: rgba(237&comma;0&comma;0&comma;0.05);'> <img style='width: 100%; height: auto; border: 1px solid rgba(150&comma;150&comma;150&comma;0.3); border-radius: 8px;' src='https:\/\/ftp3.syscom.mx\/usuarios\/fotos\/AP361\/223794-captura_de_pantalla_2024-11-11_a_la(s)_21.51.05.png' alt='Cifrado de seguridad WPA3'> <\/div>\n<\/p><\/div>\n<p> <!-- Beneficio 4 --> <\/p>\n<div style='margin-bottom: 15px; border: 1px solid rgba(150&comma;150&comma;150&comma;0.3); border-radius: 8px;'>\n<div style='padding: 15px; font-weight: bold; background-color: rgba(237&comma;0&comma;0&comma;0.1); border-radius: 8px 8px 0 0;'>4.- WLAN PLANNER: Dise\u00f1o de red Wi-Fi en solo 5 pasos<\/div>\n<div style='padding: 15px; background-color: rgba(237&comma;0&comma;0&comma;0.05);'> <img style='width: 100%; height: auto; border: 1px solid rgba(150&comma;150&comma;150&comma;0.3); border-radius: 8px;' src='https:\/\/ftp3.syscom.mx\/usuarios\/fotos\/AP361\/223794-captura_de_pantalla_2024-11-11_a_la(s)_21.55.01.png' alt='WLAN PLANNER Huawei'> <\/p>\n<p style='margin-top: 15px; margin-bottom: 0;'> <a href='https:\/\/sg.o3.huawei.com\/stmo3\/en\/tool\/tool-details-extranet-o3-sxz?id=GT202404020001&#038;orgin=shixizhi&#038;isIframe=true&#038;lang=en_US&#038;sxz-lang=en_US&#038;isLogin=1&#038;isNewO3=1&#038;schoolId=1671458793513144321' target='_blank' rel='noopener' style='color: inherit; text-decoration: underline;'>Clic para entrar a la plataforma de dise\u00f1o WLAN PLANNER&comma; totalmente gratuita.<\/a> <\/p>\n<\/p><\/div>\n<\/p><\/div>\n<p> <!-- Beneficio 5 --> <\/p>\n<div style='margin-bottom: 15px; border: 1px solid rgba(150&comma;150&comma;150&comma;0.3); border-radius: 8px;'>\n<div style='padding: 15px; font-weight: bold; background-color: rgba(237&comma;0&comma;0&comma;0.1); border-radius: 8px 8px 0 0;'>5.- Montaje &#8216;Universal&#8217;: Instalaci\u00f3n Inteligente&comma; r\u00e1pida y estable<\/div>\n<div style='padding: 15px; background-color: rgba(237&comma;0&comma;0&comma;0.05);'> <img style='width: 100%; height: auto; border: 1px solid rgba(150&comma;150&comma;150&comma;0.3); border-radius: 8px;' src='https:\/\/ftp3.syscom.mx\/usuarios\/fotos\/AP361\/223794-captura_de_pantalla_2024-11-11_a_la(s)_22.04.39.png' alt='Montaje Universal Huawei'> <\/div>\n<\/p><\/div>\n<p> <!-- Beneficio 6 --> <\/p>\n<div style='margin-bottom: 15px; border: 1px solid rgba(150&comma;150&comma;150&comma;0.3); border-radius: 8px;'>\n<div style='padding: 15px; font-weight: bold; background-color: rgba(237&comma;0&comma;0&comma;0.1); border-radius: 8px 8px 0 0;'>6.- Plataforma de Administraci\u00f3n en nube totalmente gratuita Huawei eKit<\/div>\n<div style='padding: 15px; background-color: rgba(237&comma;0&comma;0&comma;0.05);'> <img style='width: 100%; height: auto; border: 1px solid rgba(150&comma;150&comma;150&comma;0.3); border-radius: 8px;' src='https:\/\/ftp3.syscom.mx\/usuarios\/fotos\/AP361\/223794-captura_de_pantalla_2024-11-11_a_la(s)_22.07.56.png' alt='Plataforma eKit Huawei'> <\/p>\n<p style='margin-top: 15px; margin-bottom: 0;'> <a href='https:\/\/ekit.huawei.com\/#\/serve\/projectMaintainance?countryCode=MX&#038;lang=en' target='_blank' rel='noopener' style='color: inherit; text-decoration: underline;'>Clic para ingresar y hacer su cuenta y administraci\u00f3n gr\u00e1tis.<\/a> <\/p>\n<\/p><\/div>\n<\/p><\/div>\n<p> <!-- Beneficio 7 --> <\/p>\n<div style='margin-bottom: 15px; border: 1px solid rgba(150&comma;150&comma;150&comma;0.3); border-radius: 8px;'>\n<div style='padding: 15px; font-weight: bold; background-color: rgba(237&comma;0&comma;0&comma;0.1); border-radius: 8px 8px 0 0;'>7.- Comparativo entre Puntos de Acceso Huawei eKit<\/div>\n<div style='padding: 15px; background-color: rgba(237&comma;0&comma;0&comma;0.05);'> <img style='width: 100%; height: auto; border: 1px solid rgba(150&comma;150&comma;150&comma;0.3); border-radius: 8px;' src='https:\/\/ftp3.syscom.mx\/usuarios\/fotos\/AP361\/223794-captura_de_pantalla_2024-11-11_a_la(s)_22.20.28.png' alt='Comparativo Huawei eKit'> <\/p>\n<p style='margin-top: 15px; margin-bottom: 5px; font-weight: bold; color: inherit;'>Puntos de Acceso:<\/p>\n<ul style='padding-left: 20px; margin: 0; font-size: 14px; list-style-type: disc; color: inherit;'>\n<li style='margin-bottom: 5px;'><a href='https:\/\/www.syscom.mx\/principal\/searchcont?route=AP362-HUAWEI-eKIT-223796&#038;autodetect=ekit' target='_blank' rel='noopener' style='color: #ed0000; text-decoration: underline;'>AP362<\/a><\/li>\n<li style='margin-bottom: 5px;'><a href='https:\/\/www.syscom.mx\/principal\/searchcont?route=AP263-HUAWEI-eKIT-223858&#038;autodetect=ekit' target='_blank' rel='noopener' style='color: #ed0000; text-decoration: underline;'>AP263<\/a><\/li>\n<li style='margin-bottom: 5px;'><a href='https:\/\/www.syscom.mx\/producto\/AP661-HUAWEI-229173.html' target='_blank' rel='noopener' style='color: #ed0000; text-decoration: underline;'>AP661<\/a><\/li>\n<li style='margin-bottom: 5px;'><a href='https:\/\/www.syscom.mx\/producto\/AP761-HUAWEI-229174.html' target='_blank' rel='noopener' style='color: #ed0000; text-decoration: underline;'>AP761<\/a><\/li>\n<li style='margin-bottom: 5px;'><a href='https:\/\/www.syscom.mx\/producto\/AP371-HUAWEI-231653.html' target='_blank' rel='noopener' style='color: #ed0000; text-decoration: underline;'>AP371<\/a><\/li>\n<\/ul><\/div>\n<\/p><\/div>\n<\/p><\/div>\n<\/p><\/div>\n<\/p><\/div>\n","protected":false},"excerpt":{"rendered":"<p>Kit Demo de Punto de Acceso eKit Wi-Fi 6 \/ 1.775 Gbps \/ Doble banda \/ Smart Antenna \/ Seguridad WPA3 \/ Sin licenciamiento \/ Con Inyector PoE<\/p>\n","protected":false},"featured_media":85112,"comment_status":"open","ping_status":"closed","template":"","meta":[],"product_brand":[],"product_cat":[1794],"product_tag":[718,1795,1479],"class_list":{"0":"post-85113","1":"product","2":"type-product","3":"status-publish","4":"has-post-thumbnail","6":"product_cat-puntos-de-acceso","7":"product_tag-huawei","8":"product_tag-puntos-de-acceso","9":"product_tag-redes-wifi","11":"first","12":"instock","13":"sale","14":"shipping-taxable","15":"purchasable","16":"product-type-simple"},"_links":{"self":[{"href":"https:\/\/soydeaqui.ddns.net\/pachuca\/index.php\/wp-json\/wp\/v2\/product\/85113","targetHints":{"allow":["GET"]}}],"collection":[{"href":"https:\/\/soydeaqui.ddns.net\/pachuca\/index.php\/wp-json\/wp\/v2\/product"}],"about":[{"href":"https:\/\/soydeaqui.ddns.net\/pachuca\/index.php\/wp-json\/wp\/v2\/types\/product"}],"replies":[{"embeddable":true,"href":"https:\/\/soydeaqui.ddns.net\/pachuca\/index.php\/wp-json\/wp\/v2\/comments?post=85113"}],"wp:featuredmedia":[{"embeddable":true,"href":"https:\/\/soydeaqui.ddns.net\/pachuca\/index.php\/wp-json\/wp\/v2\/media\/85112"}],"wp:attachment":[{"href":"https:\/\/soydeaqui.ddns.net\/pachuca\/index.php\/wp-json\/wp\/v2\/media?parent=85113"}],"wp:term":[{"taxonomy":"product_brand","embeddable":true,"href":"https:\/\/soydeaqui.ddns.net\/pachuca\/index.php\/wp-json\/wp\/v2\/product_brand?post=85113"},{"taxonomy":"product_cat","embeddable":true,"href":"https:\/\/soydeaqui.ddns.net\/pachuca\/index.php\/wp-json\/wp\/v2\/product_cat?post=85113"},{"taxonomy":"product_tag","embeddable":true,"href":"https:\/\/soydeaqui.ddns.net\/pachuca\/index.php\/wp-json\/wp\/v2\/product_tag?post=85113"}],"curies":[{"name":"wp","href":"https:\/\/api.w.org\/{rel}","templated":true}]}}