{"id":85085,"date":"2026-03-19T21:21:59","date_gmt":"2026-03-19T21:21:59","guid":{"rendered":"https:\/\/soydeaqui.ddns.net\/pachuca\/index.php\/producto\/switch-de-red-mikrotik-crs812-ddq-400-gbps-8-puertos-sfp56-de-50g-2-puertos-qsfp56-de-200g-2-puertos-qsfp56-dd-de-400g-routeros-v7-arm-quad-core-2-ghz-4-gb-ram-rackmount\/"},"modified":"2026-03-19T21:22:06","modified_gmt":"2026-03-19T21:22:06","slug":"switch-de-red-mikrotik-crs812-ddq-400-gbps-8-puertos-sfp56-de-50g-2-puertos-qsfp56-de-200g-2-puertos-qsfp56-dd-de-400g-routeros-v7-arm-quad-core-2-ghz-4-gb-ram-rackmount","status":"publish","type":"product","link":"https:\/\/soydeaqui.ddns.net\/pachuca\/index.php\/producto\/switch-de-red-mikrotik-crs812-ddq-400-gbps-8-puertos-sfp56-de-50g-2-puertos-qsfp56-de-200g-2-puertos-qsfp56-dd-de-400g-routeros-v7-arm-quad-core-2-ghz-4-gb-ram-rackmount\/","title":{"rendered":"Switch de Red MikroTik CRS812 DDQ \/ 400 Gbps \/ 8 Puertos SFP56 de 50G \/ 2 Puertos QSFP56 de 200G \/ 2 Puertos QSFP56-DD de 400G \/ RouterOS v7 \/ ARM Quad-Core 2 GHz \/ 4 GB RAM \/ Rackmount"},"content":{"rendered":"<div style='width: 100%; max-width: 1200px; margin: 0 auto; font-family: sans-serif; line-height: 1.6; color: inherit; background-color: transparent;'> <!-- Video principal --> <\/p>\n<div style='position: relative; padding-bottom: 56.25%; height: 0; overflow: hidden; margin-bottom: 30px;'>   <\/div>\n<p> <!-- Informaci\u00f3n principal --> <\/p>\n<div style='display: flex; flex-wrap: wrap; gap: 30px; margin-bottom: 30px;'>\n<div style='flex: 1 1 300px; min-width: 280px;'>\n<h3 style='font-size: 22px; border-bottom: 2px solid currentColor; padding-bottom: 5px; margin-top: 0; color: inherit; opacity: 0.8;'>Caracter\u00edsticas Principales<\/h3>\n<ul style='padding-left: 20px; font-size: 15px; color: inherit;'>\n<li style='margin-bottom: 5px;'>4 GB de RAM<\/li>\n<li style='margin-bottom: 5px;'>CPU ARM 4 n\u00facleos a 2GHz<\/li>\n<li style='margin-bottom: 5px;'>Fuente de alimentaci\u00f3n duales redundantes y HOT-SWAP<\/li>\n<li style='margin-bottom: 5px;'>RouterOS versi\u00f3n 7<\/li>\n<li style='margin-bottom: 5px;'>4 ventiladores de refrigeraci\u00f3n HOT-SWAP<\/li>\n<\/ul><\/div>\n<div style='flex: 1 1 300px; min-width: 280px;'>\n<h3 style='font-size: 22px; border-bottom: 2px solid currentColor; padding-bottom: 5px; margin-top: 0; color: inherit; opacity: 0.8;'>\u00bfD\u00f3nde Encaja?<\/h3>\n<ul style='padding-left: 20px; font-size: 15px; color: inherit;'>\n<li style='margin-bottom: 5px;'>Redes de Transporte\/ISP<\/li>\n<li style='margin-bottom: 5px;'>Centros de datos y racks modernos<\/li>\n<li style='margin-bottom: 5px;'>N\u00facleo de campus y redes empresariales<\/li>\n<li style='margin-bottom: 5px;'>Entornos con tr\u00e1fico intenso (research&comma; IA&comma; media)<\/li>\n<li style='margin-bottom: 5px;'>Redes con clusters de IA&comma; almacenamiento y multimedia<\/li>\n<\/ul><\/div>\n<\/p><\/div>\n<p> <!-- Im\u00e1genes con texto --> <\/p>\n<div style='display: flex; flex-wrap: wrap; gap: 30px; margin-bottom: 30px;'>\n<div style='flex: 1 1 100%; min-width: 280px; display: flex; flex-wrap: wrap; gap: 30px; align-items: center; border: 1px solid rgba(150&comma;150&comma;150&comma;0.3); border-radius: 8px; padding: 15px;'>\n<div style='flex: 1 1 300px; min-width: 280px;'> <img style='width: 100%; height: auto; border: 1px solid rgba(150&comma;150&comma;150&comma;0.3); border-radius: 8px;' src='http:\/\/ftp3.syscom.mx\/usuarios\/ftp\/2025\/12\/18\/2676\/2x400Gbps.webp_froala_69447e2841f96' alt='Puertos QSFP56-DD de 400Gbps'> <\/div>\n<div style='flex: 1 1 300px; min-width: 280px; text-align: center;'> <span style='font-size: 60px; color: inherit;'>2X<\/span> <\/p>\n<h2 style='margin-top: 10px; margin-bottom: 0; font-size: 20px; color: inherit;'>Puertos QSFP56-DD de 400Gbps<\/h2>\n<\/p><\/div>\n<\/p><\/div>\n<div style='flex: 1 1 100%; min-width: 280px; display: flex; flex-wrap: wrap; gap: 30px; align-items: center; border: 1px solid rgba(150&comma;150&comma;150&comma;0.3); border-radius: 8px; padding: 15px;'>\n<div style='flex: 1 1 300px; min-width: 280px; text-align: center;'> <span style='font-size: 60px; color: inherit;'>2X<\/span> <\/p>\n<h2 style='margin-top: 10px; margin-bottom: 0; font-size: 20px; color: inherit;'>Puertos QSFP56 de 200Gbps<\/h2>\n<\/p><\/div>\n<div style='flex: 1 1 300px; min-width: 280px;'> <img style='width: 100%; height: auto; border: 1px solid rgba(150&comma;150&comma;150&comma;0.3); border-radius: 8px;' src='http:\/\/ftp3.syscom.mx\/usuarios\/ftp\/2025\/12\/18\/2676\/2x200Gbps.webp_froala_69447ebb2d454' alt='Puertos QSFP56 de 200Gbps'> <\/div>\n<\/p><\/div>\n<div style='flex: 1 1 100%; min-width: 280px; display: flex; flex-wrap: wrap; gap: 30px; align-items: center; border: 1px solid rgba(150&comma;150&comma;150&comma;0.3); border-radius: 8px; padding: 15px;'>\n<div style='flex: 1 1 300px; min-width: 280px;'> <img style='width: 100%; height: auto; border: 1px solid rgba(150&comma;150&comma;150&comma;0.3); border-radius: 8px;' src='http:\/\/ftp3.syscom.mx\/usuarios\/ftp\/2025\/12\/18\/2676\/8x50Gbps.webp_froala_694481e7d2263' alt='Puertos SFP56 de 50Gbps'> <\/div>\n<div style='flex: 1 1 300px; min-width: 280px; text-align: center;'> <span style='font-size: 60px; color: inherit;'>8X<\/span> <\/p>\n<h2 style='margin-top: 10px; margin-bottom: 0; font-size: 20px; color: inherit;'>Puertos SFP56 de 50Gbps<\/h2>\n<\/p><\/div>\n<\/p><\/div>\n<div style='flex: 1 1 100%; min-width: 280px; display: flex; flex-wrap: wrap; gap: 30px; align-items: center; border: 1px solid rgba(150&comma;150&comma;150&comma;0.3); border-radius: 8px; padding: 15px;'>\n<div style='flex: 1 1 300px; min-width: 280px; text-align: center;'> <span style='font-size: 60px; color: inherit;'>2X<\/span> <\/p>\n<h2 style='margin-top: 10px; margin-bottom: 0; font-size: 20px; color: inherit;'>Puertos SFP+ de 1\/10Gbps<\/h2>\n<\/p><\/div>\n<div style='flex: 1 1 300px; min-width: 280px;'> <img style='width: 100%; height: auto; border: 1px solid rgba(150&comma;150&comma;150&comma;0.3); border-radius: 8px;' src='http:\/\/ftp3.syscom.mx\/usuarios\/ftp\/2025\/12\/18\/2676\/2x10Gbps.webp_froala_6944824846f15' alt='Puertos SFP+ de 1\/10Gbps'> <\/div>\n<\/p><\/div>\n<\/p><\/div>\n<p> <!-- Especificaciones --> <\/p>\n<div style='display: flex; flex-wrap: wrap; gap: 20px; margin-bottom: 30px;'>\n<div style='flex: 1 1 250px; border: 1px solid rgba(150&comma; 150&comma; 150&comma; 0.4); border-radius: 8px; overflow: hidden; display: flex; flex-direction: column;'>\n<div style='padding: 15px; border-bottom: 1px solid rgba(150&comma; 150&comma; 150&comma; 0.2); font-weight: bold; font-size: 18px; color: inherit;'>Presupuesto<\/div>\n<div style='padding: 15px; color: inherit;'>\n<ul style='padding-left: 20px; margin: 0; font-size: 14px; list-style-type: disc;'>\n<li style='margin-bottom: 5px;'><strong>C\u00f3digo de producto:<\/strong> CRS812-8DS-2DQ-2DDQ-RM<\/li>\n<li style='margin-bottom: 5px;'><strong>Arquitectura:<\/strong> ARM de 64 bits<\/li>\n<li style='margin-bottom: 5px;'><strong>UPC:<\/strong> AL52400<\/li>\n<li style='margin-bottom: 5px;'><strong>N\u00famero de n\u00facleos de CPU:<\/strong> 4<\/li>\n<li style='margin-bottom: 5px;'><strong>Frecuencia nominal de la CPU:<\/strong> 2000 MHz<\/li>\n<li style='margin-bottom: 5px;'><strong>N\u00famero de subprocesos de CPU:<\/strong> 4<\/li>\n<li style='margin-bottom: 5px;'><strong>Modelo de chip de conmutaci\u00f3n:<\/strong> 98DX7335<\/li>\n<li style='margin-bottom: 5px;'><strong>Licencia de RouterOS:<\/strong> 6<\/li>\n<li style='margin-bottom: 5px;'><strong>Sistema operativo:<\/strong> RouterOS versi\u00f3n 7<\/li>\n<li style='margin-bottom: 5px;'><strong>Tama\u00f1o de RAM:<\/strong> 4 GB<\/li>\n<li style='margin-bottom: 5px;'><strong>Tama\u00f1o de almacenamiento:<\/strong> 512 MB<\/li>\n<li style='margin-bottom: 5px;'><strong>Tipo de almacenamiento:<\/strong> NAND<\/li>\n<li style='margin-bottom: 5px;'><strong>MTBF:<\/strong> Aproximadamente 200.000 horas a 25 \u00b0C<\/li>\n<li style='margin-bottom: 5px;'><strong>Temperatura ambiente probada:<\/strong> -10\u00b0C a 50\u00b0C<\/li>\n<\/ul><\/div>\n<\/p><\/div>\n<div style='flex: 1 1 250px; border: 1px solid rgba(150&comma; 150&comma; 150&comma; 0.4); border-radius: 8px; overflow: hidden; display: flex; flex-direction: column;'>\n<div style='padding: 15px; border-bottom: 1px solid rgba(150&comma; 150&comma; 150&comma; 0.2); font-weight: bold; font-size: 18px; color: inherit;'>Alimentaci\u00f3n<\/div>\n<div style='padding: 15px; color: inherit;'>\n<ul style='padding-left: 20px; margin: 0; font-size: 14px; list-style-type: disc;'>\n<li style='margin-bottom: 5px;'><strong>N\u00famero de entradas de CA:<\/strong> 2<\/li>\n<li style='margin-bottom: 5px;'><strong>Rango de entrada de CA:<\/strong> 100-240<\/li>\n<li style='margin-bottom: 5px;'><strong>N\u00famero de ranuras de fuente de alimentaci\u00f3n:<\/strong> 2<\/li>\n<li style='margin-bottom: 5px;'><strong>Frecuencia (Hz):<\/strong> 50-60<\/li>\n<li style='margin-bottom: 5px;'><strong>Consumo m\u00e1ximo de energ\u00eda:<\/strong> 134 W<\/li>\n<li style='margin-bottom: 5px;'><strong>Consumo m\u00e1ximo de energ\u00eda sin accesorios:<\/strong> 81 W<\/li>\n<li style='margin-bottom: 5px;'><strong>Tipo de enfriamiento:<\/strong> 4 ventiladores<\/li>\n<\/ul><\/div>\n<\/p><\/div>\n<div style='flex: 1 1 250px; border: 1px solid rgba(150&comma; 150&comma; 150&comma; 0.4); border-radius: 8px; overflow: hidden; display: flex; flex-direction: column;'>\n<div style='padding: 15px; border-bottom: 1px solid rgba(150&comma; 150&comma; 150&comma; 0.2); font-weight: bold; font-size: 18px; color: inherit;'>Ethernet<\/div>\n<div style='padding: 15px; color: inherit;'>\n<ul style='padding-left: 20px; margin: 0; font-size: 14px; list-style-type: disc;'>\n<li style='margin-bottom: 5px;'><strong>N\u00famero de puertos Ethernet 1G\/2&comma;5G\/5G\/10G:<\/strong> 2 (compatibles: 10M\/100M\/1G\/10G)<\/li>\n<li style='margin-bottom: 5px;'><strong>N\u00famero de puertos SFP56 de 50G:<\/strong> 8<\/li>\n<li style='margin-bottom: 5px;'><strong>N\u00famero de puertos QSFP56 de 200G:<\/strong> 2<\/li>\n<li style='margin-bottom: 5px;'><strong>N\u00famero de puertos QSFP56-DD de 400 G:<\/strong> 2<\/li>\n<\/ul><\/div>\n<\/p><\/div>\n<div style='flex: 1 1 250px; border: 1px solid rgba(150&comma; 150&comma; 150&comma; 0.4); border-radius: 8px; overflow: hidden; display: flex; flex-direction: column;'>\n<div style='padding: 15px; border-bottom: 1px solid rgba(150&comma; 150&comma; 150&comma; 0.2); font-weight: bold; font-size: 18px; color: inherit;'>Perif\u00e9ricos<\/div>\n<div style='padding: 15px; color: inherit;'>\n<ul style='padding-left: 20px; margin: 0; font-size: 14px; list-style-type: disc;'>\n<li style='margin-bottom: 5px;'><strong>Puerto de consola serie:<\/strong> RJ45<\/li>\n<\/ul><\/div>\n<\/p><\/div>\n<div style='flex: 1 1 250px; border: 1px solid rgba(150&comma; 150&comma; 150&comma; 0.4); border-radius: 8px; overflow: hidden; display: flex; flex-direction: column;'>\n<div style='padding: 15px; border-bottom: 1px solid rgba(150&comma; 150&comma; 150&comma; 0.2); font-weight: bold; font-size: 18px; color: inherit;'>Otro<\/div>\n<div style='padding: 15px; color: inherit;'>\n<ul style='padding-left: 20px; margin: 0; font-size: 14px; list-style-type: disc;'>\n<li style='margin-bottom: 5px;'><strong>Monitor de temperatura de la CPU:<\/strong> S\u00ed<\/li>\n<li style='margin-bottom: 5px;'><strong>Monitor de temperatura de PCB:<\/strong> S\u00ed<\/li>\n<li style='margin-bottom: 5px;'><strong>Monitor de voltaje:<\/strong> S\u00ed<\/li>\n<\/ul><\/div>\n<\/p><\/div>\n<div style='flex: 1 1 250px; border: 1px solid rgba(150&comma; 150&comma; 150&comma; 0.4); border-radius: 8px; overflow: hidden; display: flex; flex-direction: column;'>\n<div style='padding: 15px; border-bottom: 1px solid rgba(150&comma; 150&comma; 150&comma; 0.2); font-weight: bold; font-size: 18px; color: inherit;'>Certificaci\u00f3n y aprobaciones<\/div>\n<div style='padding: 15px; color: inherit;'>\n<ul style='padding-left: 20px; margin: 0; font-size: 14px; list-style-type: disc;'>\n<li style='margin-bottom: 5px;'><strong>Proceso de dar un t\u00edtulo:<\/strong> CE&comma; EAC&comma; ROHS<\/li>\n<li style='margin-bottom: 5px;'><strong>Propiedad intelectual:<\/strong> 20<\/li>\n<\/ul><\/div>\n<\/p><\/div>\n<div style='flex: 1 1 250px; border: 1px solid rgba(150&comma; 150&comma; 150&comma; 0.4); border-radius: 8px; overflow: hidden; display: flex; flex-direction: column;'>\n<div style='padding: 15px; border-bottom: 1px solid rgba(150&comma; 150&comma; 150&comma; 0.2); font-weight: bold; font-size: 18px; color: inherit;'>Piezas incluidas<\/div>\n<div style='padding: 15px; color: inherit;'>\n<div style='display: flex; flex-wrap: wrap; gap: 15px; justify-content: center;'>\n<div style='flex: 1 1 120px; min-width: 100px; text-align: center;'> <img style='width: 100%; height: auto; border: 1px solid rgba(150&comma;150&comma;150&comma;0.3); border-radius: 8px;' src='http:\/\/ftp3.syscom.mx\/usuarios\/ftp\/2025\/12\/18\/2676\/1766098057377.png_froala_69448489dade4' alt='2 cables IEC'> <\/p>\n<div style='margin-top: 8px; font-size: 14px; color: inherit;'>2 cables IEC<\/div>\n<\/p><\/div>\n<div style='flex: 1 1 120px; min-width: 100px; text-align: center;'> <img style='width: 100%; height: auto; border: 1px solid rgba(150&comma;150&comma;150&comma;0.3); border-radius: 8px;' src='http:\/\/ftp3.syscom.mx\/usuarios\/ftp\/2025\/12\/18\/2676\/1766098057391.png_froala_6944848a3ed08' alt='Orejas de soporte traseras para montaje en rack (2\/2)'> <\/p>\n<div style='margin-top: 8px; font-size: 14px; color: inherit;'>Orejas de soporte traseras para montaje en rack (2\/2)<\/div>\n<\/p><\/div>\n<div style='flex: 1 1 120px; min-width: 100px; text-align: center;'> <img style='width: 100%; height: auto; border: 1px solid rgba(150&comma;150&comma;150&comma;0.3); border-radius: 8px;' src='http:\/\/ftp3.syscom.mx\/usuarios\/ftp\/2025\/12\/18\/2676\/1766098057397.png_froala_6944848a82796' alt='Orejas de montaje en rack (CRS)'> <\/p>\n<div style='margin-top: 8px; font-size: 14px; color: inherit;'>Orejas de montaje en rack (CRS)<\/div>\n<\/p><\/div>\n<div style='flex: 1 1 120px; min-width: 100px; text-align: center;'> <img style='width: 100%; height: auto; border: 1px solid rgba(150&comma;150&comma;150&comma;0.3); border-radius: 8px;' src='http:\/\/ftp3.syscom.mx\/usuarios\/ftp\/2025\/12\/18\/2676\/1766098057402.png_froala_6944848acd4b5' alt='Juego de fijaci\u00f3n K-82'> <\/p>\n<div style='margin-top: 8px; font-size: 14px; color: inherit;'>Juego de fijaci\u00f3n K-82<\/div>\n<\/p><\/div>\n<\/p><\/div>\n<\/p><\/div>\n<\/p><\/div>\n<div style='flex: 1 1 250px; border: 1px solid rgba(150&comma; 150&comma; 150&comma; 0.4); border-radius: 8px; overflow: hidden; display: flex; flex-direction: column;'>\n<div style='padding: 15px; border-bottom: 1px solid rgba(150&comma; 150&comma; 150&comma; 0.2); font-weight: bold; font-size: 18px; color: inherit;'>Nota<\/div>\n<div style='padding: 15px; color: inherit; font-size: 14px;'> El dispositivo cuenta con un sistema operativo preinstalado y con licencia. No requiere compra adicional y est\u00e1 listo para usar. El dispositivo incluye actualizaciones de software gratuitas durante la vida \u00fatil del producto o un m\u00ednimo de 5 a\u00f1os a partir de la fecha de compra. <\/div>\n<\/p><\/div>\n<\/p><\/div>\n<p> <!-- Resultados de switching --> <\/p>\n<div style='display: flex; flex-wrap: wrap; gap: 20px; margin-bottom: 30px;'>\n<div style='flex: 1 1 100%; min-width: 280px;'>\n<h3 style='font-size: 22px; border-bottom: 2px solid currentColor; padding-bottom: 5px; margin-top: 0; margin-bottom: 20px; color: inherit; opacity: 0.8;'>Resultados de switching<\/h3>\n<div style='overflow-x: auto;'>\n<table style='width: 100%; border-collapse: collapse; border: 1px solid rgba(150&comma;150&comma;150&comma;0.3); color: inherit;'>\n<thead style='background-color: rgba(150&comma;150&comma;150&comma;0.1);'>\n<tr>\n<th colspan='2' style='padding: 8px; border-bottom: 1px solid rgba(150&comma;150&comma;150&comma;0.3);'>CRS812-8DS-2DQ-2DDQ-RM<\/th>\n<th colspan='6' style='padding: 8px; border-bottom: 1px solid rgba(150&comma;150&comma;150&comma;0.3);'><\/th>\n<\/tr>\n<tr>\n<th style='padding: 8px; border-bottom: 1px solid rgba(150&comma;150&comma;150&comma;0.3);'>Modo<\/th>\n<th style='padding: 8px; border-bottom: 1px solid rgba(150&comma;150&comma;150&comma;0.3);'>Configuraci\u00f3n<\/th>\n<th colspan='2' style='padding: 8px; border-bottom: 1px solid rgba(150&comma;150&comma;150&comma;0.3);'>1518 bytes<\/th>\n<th colspan='2' style='padding: 8px; border-bottom: 1px solid rgba(150&comma;150&comma;150&comma;0.3);'>512 bytes<\/th>\n<th colspan='2' style='padding: 8px; border-bottom: 1px solid rgba(150&comma;150&comma;150&comma;0.3);'>64 bytes<\/th>\n<\/tr>\n<tr>\n<td style='padding: 8px; border-bottom: 1px solid rgba(150&comma;150&comma;150&comma;0.3);'><\/td>\n<td style='padding: 8px; border-bottom: 1px solid rgba(150&comma;150&comma;150&comma;0.3);'><\/td>\n<td style='padding: 8px; border-bottom: 1px solid rgba(150&comma;150&comma;150&comma;0.3);'>kpps<\/td>\n<td style='padding: 8px; border-bottom: 1px solid rgba(150&comma;150&comma;150&comma;0.3);'>Mbps<\/td>\n<td style='padding: 8px; border-bottom: 1px solid rgba(150&comma;150&comma;150&comma;0.3);'>kpps<\/td>\n<td style='padding: 8px; border-bottom: 1px solid rgba(150&comma;150&comma;150&comma;0.3);'>Mbps<\/td>\n<td style='padding: 8px; border-bottom: 1px solid rgba(150&comma;150&comma;150&comma;0.3);'>kpps<\/td>\n<td style='padding: 8px; border-bottom: 1px solid rgba(150&comma;150&comma;150&comma;0.3);'>Mbps<\/td>\n<\/tr>\n<\/thead>\n<tbody> <!-- Aqu\u00ed ir\u00edan las filas de datos de la tabla --> <\/tbody>\n<\/table><\/div>\n<\/p><\/div>\n<\/p><\/div>\n<p> <!-- Separador --> <\/p>\n<hr style='border: 0; border-top: 1px solid rgba(150&comma; 150&comma; 150&comma; 0.3); margin: 30px 0;'> <\/div>\n","protected":false},"excerpt":{"rendered":"<p>Switch de Red MikroTik CRS812 DDQ \/ 400 Gbps \/ 8 Puertos SFP56 de 50G \/ 2 Puertos QSFP56 de 200G \/ 2 Puertos QSFP56-DD de 400G \/ RouterOS v7 \/ ARM Quad-Core 2 GHz \/ 4 GB RAM \/ Rackmount<\/p>\n","protected":false},"featured_media":85084,"comment_status":"open","ping_status":"closed","template":"","meta":[],"product_brand":[],"product_cat":[1970],"product_tag":[643,664,1971],"class_list":{"0":"post-85085","1":"product","2":"type-product","3":"status-publish","4":"has-post-thumbnail","6":"product_cat-switches","7":"product_tag-mikrotik","8":"product_tag-networking","9":"product_tag-switches","11":"first","12":"outofstock","13":"sale","14":"shipping-taxable","15":"purchasable","16":"product-type-simple"},"_links":{"self":[{"href":"https:\/\/soydeaqui.ddns.net\/pachuca\/index.php\/wp-json\/wp\/v2\/product\/85085","targetHints":{"allow":["GET"]}}],"collection":[{"href":"https:\/\/soydeaqui.ddns.net\/pachuca\/index.php\/wp-json\/wp\/v2\/product"}],"about":[{"href":"https:\/\/soydeaqui.ddns.net\/pachuca\/index.php\/wp-json\/wp\/v2\/types\/product"}],"replies":[{"embeddable":true,"href":"https:\/\/soydeaqui.ddns.net\/pachuca\/index.php\/wp-json\/wp\/v2\/comments?post=85085"}],"wp:featuredmedia":[{"embeddable":true,"href":"https:\/\/soydeaqui.ddns.net\/pachuca\/index.php\/wp-json\/wp\/v2\/media\/85084"}],"wp:attachment":[{"href":"https:\/\/soydeaqui.ddns.net\/pachuca\/index.php\/wp-json\/wp\/v2\/media?parent=85085"}],"wp:term":[{"taxonomy":"product_brand","embeddable":true,"href":"https:\/\/soydeaqui.ddns.net\/pachuca\/index.php\/wp-json\/wp\/v2\/product_brand?post=85085"},{"taxonomy":"product_cat","embeddable":true,"href":"https:\/\/soydeaqui.ddns.net\/pachuca\/index.php\/wp-json\/wp\/v2\/product_cat?post=85085"},{"taxonomy":"product_tag","embeddable":true,"href":"https:\/\/soydeaqui.ddns.net\/pachuca\/index.php\/wp-json\/wp\/v2\/product_tag?post=85085"}],"curies":[{"name":"wp","href":"https:\/\/api.w.org\/{rel}","templated":true}]}}