{"id":84911,"date":"2026-03-19T21:14:37","date_gmt":"2026-03-19T21:14:37","guid":{"rendered":"https:\/\/soydeaqui.ddns.net\/pachuca\/index.php\/producto\/juego-de-desarmadores-de-precision-6-piezas\/"},"modified":"2026-03-19T21:14:38","modified_gmt":"2026-03-19T21:14:38","slug":"juego-de-desarmadores-de-precision-6-piezas","status":"publish","type":"product","link":"https:\/\/soydeaqui.ddns.net\/pachuca\/index.php\/producto\/juego-de-desarmadores-de-precision-6-piezas\/","title":{"rendered":"Juego de Desarmadores de Precisi\u00f3n 6 Piezas"},"content":{"rendered":"<\/p>\n<p style='text-align: center;'><span style='font-family: tahoma&comma; arial&comma; helvetica&comma; sans-serif; font-size: 12pt;'><img class='fr-fic fr-dii' src='data:image\/png;base64&comma;iVBORw0KGgoAAAANSUhEUgAAANcAAABnCAIAAAAc1UCXAAAT7klEQVR4Ae2dd1gbR\/rHBTZuJE7suCUmubSLfYmd\/iTPXS6\/5HJpvzzJJffLpdwjATZgg8GY2MEluLfExnFix7Fjp5zL4TSrAqIITDFgehEguqkSIASoorba2V+khWG1orotQcOzf8xKu7Pzvu9nvzPzzshmYY4\/FpuLDuSBm+wBkj0Mw1iIwpvsevQ46AFEIdJ+5j2AKGQ+BlAS3LaAKEQUMu8BRCHzMXBbCYSGIwoRhcx7AFHIfAygJLhtAVGIKGTeA4hC5mPgthIIDUcUIgqZ9wCikPkYQElw2wKiEFHIvAcQhczHwG0lEBqOKEQUMu8BRCHzMYCS4LYFRCGikHkPIAqZj4HbSiA0HFGIKGTeA4hC5mMAJcFtC4hCRCHzHkAUMh8Dt5VAaDiiEFHIvAcQhczHAEqC2xYQhYhC5j2AKGQ+Bm4rgdBwRCGikHkPIAqZjwGUBLctIAoRhcx7AFHIfAzcVgKh4YhCRCHzHkAUMh8DKAluW0AUIgqZ9wCikPkYuK0EQsMRhYhC5j2AKGQ+BlAS3LaAKEQUMu8BRCHzMXBbCYSG3xAKH94kqZBrcQBGOKw2vENrzqzrjk6sfzU62ztQ6MGZhEB4cLhT\/XhLN0nWxkjP5rQmV3VJarsFJYrdouq\/H8ia5s+flFZDvMZYuDEUbpZUKnTEmP8AQbSrTd9mNL1yIGtOcOwYmz7BL5u2gv\/0jrSdgqpyudaGgyGd0W2wnM5qfuuLnElj9dUFZUJQCCPUY7D8N6d1eVTK1Rkzce6aHxr\/eWJ9Q5cBB0PzB00mCKLHYBGWtL\/4Wabb6uLEopAgCBwQnVrz8\/szJw5S423J8q2p1e264fSPyh+13G2whJwpnerHG+\/jJsH1E45CMjAao\/Wdo7lefvzfnYuf25shbdNQ8Rp7WWfC1v8oneb\/+7P6GsN0QyicvyYu7FzZbkH1cMceYfWBhLrT2S3ZDT1Gi23IOFW1657dnX6N5t3k2x\/alFzcMjSCOCDkGlNJq7a4RdPYY8Rs+JBWG8y2iPPlnr52Rbzn4yR43GRDbvLjbgiFHmzuFF\/eVL8RDv40f753oHBeSNzDn6SczGjqc2ERACKpUnmT3XEtj5u9SjQkghYb\/kuh4sWDWYvDxQtC4xeExt0VLn5mT8bXaY1mbIg3sMdgeePzHJY\/X642kUdbr5E1qXvqG0LheGM5xZf3zle5DV0GV3nwO1U43toYuX6qH28bT0YbC2I2UNyiefGzS8M16aHNEolMabIO6iJmA9Xtun8ezWWt4ENvAABY\/pN5vHhDKPQOFP55T8Yr0VnweHbX6H3rC\/szG1V90PVkobXHOH9N3HBRnDif\/2mzpKxNS208ZgPcQsV96xNHbuRv6njCLop2EOW9puiEugc+TrLfgigc2XGjfvtQZHJmbXen1gyPpIrOUe9isbnvfJVnsjp1UjgAvkzIodcKgc\/6xPsik2cECvtbzuGyODz74fKf93pwuKtOl1idh3rSVs2DHyd5uFzsevu8NXFJlcpL9d3P78ucsVLQfwGi0NVT4\/rkYZesdUFj71hqmBMcKyrtoCoKQRAxOa1THKN1sgYPNnduSOxbR3LP5baVKXRShY5b2u77XdH80DjqZSw297Ck4VRG88mMpk\/FtbcECb0DhAtC4xZvSLorImFucKzXUFNRL3\/+Q5slx9MblXoz2Qy9GbtQpHhyV1pJq6al19jSawz4TwnNFi8\/vrC0ndpsGw7e+TKXdtkIp7eHxE2lJQScKfTw589YKbgjJG7R2viFYfG3rxYNmdPx4HBvDRI+\/+mlI6lXJLWqi\/U932Q0vX44Z67zWsDCtfHrL1QekDQckDT4\/1A8M0AwK0AwLyRuUbh4YWjc7FUimidhy29fHftydPbx9KbMKz0ZDT0nM5teO5yzdLMk\/KfyHbE1G3myJZsl8OKxF25Ij3zVFHr68iLOS8nuCQY1p657cbiYNMnLn\/\/G4Zz0GhXmvBoBCKK0VcM5VUh1X6e2n6QOjdnvu6If89ra1CYzhuvNWEmbdqeg6r4NTt3lzABBxHlpu8YEHw0LJgyHY76Pfiyn+dc7SNSlt8CLCYLIrOumtoR2\/ZhOnSl84WDWibTGyg59b5+1U2fOqu\/ZcqHyXpfu\/vn9mbGlHTRVttrw9BrVP768DF+8ZVtSZAOLW5IKpe+pwjM5rTWdenWftVNrlsiUYefKZq8SUds51Y\/\/v5\/nSGRKi7Pk4wA0dBl0Jsyefu+zvn1kHO8erH9iUchic1+Nzob0kHGt7dA\/ue0ii8315PA+PFHQ1mukxptaVukt4eel0DZYD2YDKr2FtohhwfA4acfs1YO+Dj8vVRut1AqHLLtS+MSONFrlnGsfRVApJIjmHiNtFcZqw7lFCp91CdDeP+\/LqFcaaJdBEzp15oDvi8kcEJVCdZ+1t49udZ\/Fxi1S3BrU7xxPDu+D4wWtw3uefMrkofDRqNQGpdNkuV1tetGxlLJkYzJMCNtw0NjddyT1yiFJQ6VicKECAADXXSCFMBI4ALQgRQmqyCgu2SLB8P65qhnDz+e1\/e1Q9lN70veLa2k650oh+2QhfARBEBgOfD4ahANSMr4ChUJYOa3xBEFs+qWCrHZhWDxspw0H9UpDdHL97vja4hYN7DdqO\/VPbktlsblUCoerHAAicqDypRuTy+X9cy8cB3K16fTl1jOXW1t6jNQlyslD4ZKNyTUdeugagiBUBsur0dksNnfTLxUkRAYz9ll87W0DMjZ9pSA8Rqoa6BP5xe3ejikFlUKl1nyhQL5LVP1dRtMVSkqoXWuetkLg6cuLyW0jH6rus\/p9V0RqBovN9eBwX\/g0s6V7UIBdKdzwo5TaYKXOsjAsfnzMuU5inCnUGrFEaedRSUPM5VbH8nT\/AysVWnsv4cvbwa8igdCZsF2CqlkDk6pZgcID4loyHQsAsTe2xoNDp1Cls\/CLFMdSGn7Nb+ugDEhSZF1zQ+wJiq1cGSn2BrPtYELt3DX9O05mr47dJaiGHcjkoXDZJyl1nU5aqDJYXnNQWNSiJn2fWN55+2qnrTeevry9ohoyDLWd+ie223twSKHBbNvwUzmJ5jR\/\/svRWdSR0x8+TrozXAwF+MuUBtddBatPl0DOXCn86LwThSr99adwl7B6bojdZC9\/\/ptfXFao+wevVgz3XiWcHxonqVSSLTyd1TwrQDjVn788KjXkbOm5nJbiZjUcapfLtZ4cHlULNUar78kCktrpKwX\/+OKyeqCDLmvTLnXMNmTt\/Tuk4so6aJ738uMfkTSQIj15KPyf\/ZltvU7zg3aN6W+fXpoWJIJrfUOmsl\/Yn0lOLFQGy5tfXqZSKO81LqaMnzw43HzKOtuyranP7EgjNcCGg5eis1xlbOYqEQykK4XvnyiAjDo2ZIA\/bHDk\/FwVbuyfOGvhLZS3ztOPl17dRT4RB2BRuPjhLSlSR7bSaLUdSKj7NKGuVmkwU2ZUsHkmKz5rdSyVwuRK5TyH4JFWewcKEyv6ga7u0D++LfWW1SJ8YC743tf5rs555WCWymCfnE0eCv2\/LdKbnVKG9UrD09sv3r4mDs5SXz+U4+qLZ3amXXEkvTVG7N1jeVQKW7uNd1AczWJzLzb0wMA8uu0ipBDDwYsHh6IwSARXOFwpXBaVShuxBZ+hZ3NcGzzKJxQKXddOkgZAwQFYHJHw+NbUaudhDLSOfCt6+6wyhU4s7djOl80IEFApFBW3z6EgPitACJNlDgov+kQkwNH0c\/uG2Ov0l93pLT32EcskoXDGSsHRlH55h37Mbei5JyJhqj+\/2\/HCEQSxjStzDeFbX1zWGO35gg6t+RWHnsEeubXbOM95AYZG4d0fJTQPLNvsFtW4Vv7e8XzImSuFMwOFcspwiiCIkhb1tBXXtjWGQiFBECzn7GYyhUKfiMQHI5MKm\/qHK9BvAAC5xiQq7djOq\/rn0dxHtkhmBvSnxJ0oLBmFwpkBQtgPhJ4rc3XO20dytZMpU3N3REJtp9PUhCCIXwvkZKIrvryTdLFMoaWlyrz8+NwiBTmClrZp\/7gx2UkLXZYBaRR6+vISKvor1xgxclgJ3X3v+sSm7sGlRVcKp\/rxfsrvn9yQLcQBsfL7IljD1RRGpFDiTOGsQCG\/SAH5a9eaT11qfv2LnDvXim8NEs4Pje9fFRwYD4yLQhabm3ull6y8qEm9wHni5eXHvzDg+cmghZ6+vJ2iauhKsgAAWHOmlIwi+5tCo2N9DwdALO14dmfanWvj7wyLf2SL5Ex2C+w1jl+8QmaMB7VwNApZbO5LB7Pgvp7ePmvYubLln6Qs3ZT87ld5JS0aajrQlUIPDpdzqhB22WTL6zv1T2y76DrRoRHpwebeHZEQW9bx4YmCOcGxgyt+I1M4MBfBAfCJsOfe\/b8tglOulKqup7ZfvGuteFFY\/PJPUn641NylM792MAvu16RSGDuaFrLY3LCzpWTlGA7O57U9FpU6f03c\/DVxSzYlf5\/ZBD3\/u6fQk8N7\/3i+3mzvUql\/3XqLz7r+hZOFofG8IgVMUCm15vTqrrSqLupspqpdB9\/7cVH428+U9sXWQJJwAJR6S5vGBJNtsFWuFLLY3Ps\/TsobEAzyShyAVFnX4458O4086un9G5J+LZBbbcBoscVcbh3cUjlOCm8NEv6Y1wbfFpXecqlGlSLrahlIdyu15tcdqQZavjC2dJQemcXm+qxLSJF1kWMSQBBNqj5xWYe4rKNpYBhDmvz7pnCKL++D4\/nyoVLzURcGh4AeHO7SjclFTf29A8QCFmRy3SNbBtcxx0Uhi829bZXooLiWlFtYp2thSAo9fXnhMVI4fyLvwgFo7DKs+L7Ya8gxIof76qHs0hYN1DAbDuS9pq08+wSCuqdm1HEhifWc4Nif8tugMtFaXtqq+SO5W8c5az0WLfTk8J7akVbnvJpAq\/93MDspaVbPDY69g3aExC4Ijbs\/MulQYp2rCtrH+K0aT5fdnd6BopPpjR1qk9Fis+HAhgOTFVfpLNxC+QPO+ZHWXqMFwy0Y3qA03OE8O0mq6ya\/smD4sq325QTymOLLe\/dYXnGzWqkza42YzoSp9Jaqdt1mnszi2HxFEESEyzoyee+0lYLUqn7BoEYIB6CgWR10puTBzRKfdWKfcPG9kUnvnyiQyLpo1JJ3KbXm5\/aks1bwSeswHGA4oM1OEqSdNsfnFgxfNLDIzmJzZweJtvGqmlV9WhNmxnCLzb5oLu81Hk1psJM9YOYjWyTlbfZfBmI4EBQpnOfIAkFxO\/noSoXuMcdaC3njorViXrFCpTdbMHuHBABhseE9Bktdp97g2KQ80bVQa8LSalTpzkdGTXdRi4ZcCKeGjSzLe41vHB4iI8Ni23\/h+9jW1ODTJXuE1XtF1eH\/Lfvr3ozpLnqz5mxp5M8VkT9XBJ8uHdwx5YjEBycLyK8if66YF0rfvzh9peDpnWn\/+irv38cL\/rovc05I7JtHcuFIYMX3xTCctMKd4eL0ahWcTdOMIn+CrdCYRpBbld7i\/10Ri8P9bXP1Ln7VLn7VTl7VDp6MRdlVxGJzfU8Wkt9u58q8gwb2npGQcbj3bUh671j++vPSjT9XsE8WLN0smeL8Mi8IjQs7W2qvnF\/14df5VOd4+fH\/fbyArDzsbOmitU6LQNNX8J\/fl7nxp4rDSfWHk+o3\/VLx8oGsfx3PJ1eiewyWtx2ZWppbRj29SbsZaPEY9dRsxdfFSGesGHx9h7Xk+v2W3suf\/9zejEe3pnpS0iILw8XrYqTNjnwYQRAAgGVRg9rp2qrlUSmZNcOCOLLhnVoz+1QhXDx0rZzZT+ZQ+hNPPx5J9oMbk2EPoFCbXhp+Y\/kIjZ9wFAKC6DPb1sYMkZcawYzr8tVd4eLiVg0AQG20VrTrcpvUTd32Ph2iAwgiWTb6T2F8IhIu1XZbbXCqACsYtgAAIe81vn0012OoXbTXxbprrGThWnFjlyG\/SX0osS7sXFngD8VbuTJxhRKjmJlT33N1C+gTi0KjxZZUoXztkH3vws0\/PvimYMiBGsmODQeXG3rIddVR2zYjQBD5c0Vxi3pUFnEAWnuMP1xqemTLxP23ADw4vOAzJTCTNeTL1KW3\/J9jyWpU57heMCEoBATRpTP\/ki9\/71je4nDxqDk2VzOuyyfvn8jPquvus2Cu08wOjf0XIX\/aLPEcs1b9lspesjF59X9Kkis6yaUFWvBsOF4u1+6LrXlubwZc1bguhlz3SrwDhV+lNAz361UbDrLre16NzqaNPsfejBtC4bw1ccHnyrYJqkY9oriy4NMlT+9KmxkgHHuAx27euK70cGyknRUk\/MvezODTpVH8qm3CqrCzpc\/sSvfyu\/p\/1siTw7vNsVF+y6+VhyUNxy427hTVsE8W3LM+cYovj6lXblyeIbcYPxCZtC5G+muRokFlMFttJqututPwQ1bLywezXKeG46r\/hlA4rhagi5EHEIUMDEARdjQPIAoRhcx7AFHIfAxowuCGp4hCRCHzHkAUMh8DNxQ\/msmIQkQh8x5AFDIfA5owuOEpohBRyLwHEIXMx8ANxY9mMqIQUci8BxCFzMeAJgxueIooRBQy7wFEIfMxcEPxo5mMKEQUMu8BRCHzMaAJgxueIgoRhcx7AFHIfAzcUPxoJiMKEYXMewBRyHwMaMLghqeIQkQh8x5AFDIfAzcUP5rJiEJEIfMeQBQyHwOaMLjhKaIQUci8BxCFzMfADcWPZjKiEFHIvAcQhczHgCYMbniKKEQUMu8BRCHzMXBD8aOZjChEFDLvAUQh8zGgCYMbniIKEYXMewBRyHwM3FD8aCYjChGFzHsAUvj\/h+E3fXQU5i0AAAAASUVORK5CYII=' alt='' \/><\/span><\/p>\n<p style='text-align: justify;'><span style='font-family: helvetica&comma; arial&comma; sans-serif;'>El Juego de 6 desarmadores de precisi\u00f3n modelo <strong>DNG-H01&comma;<\/strong> son ideales para trabajos electr\u00f3nicos&comma; el\u00e9ctricos y de mantenimiento fino. Dise\u00f1ados para ofrecer control&comma; comodidad y protecci\u00f3n en entornos sensibles.<\/span><\/p>\n<\/p>\n<div class='row'>\n<div class='col-sm-4'>\n<div style='border-left: 5px solid #E42327; border-radius: 5px; padding: 5px; box-shadow: 2px 2px 10px #d8d8d8; -webkit-box-shadow: 2px 2px 10px #d8d8d8;'>\n<p><span style='box-sizing: border-box; font-weight: bolder; color: #212529; font-family: helvetica&comma; arial&comma; sans-serif; font-size: 16px; background-color: #ffffff;'><span style='box-sizing: border-box; color: #2880b9;'><span lang='ES' style='box-sizing: border-box; line-height: 17.12px;'>Especificaciones:<\/span><\/span><\/span><\/p>\n<ul>\n<li style='text-align: justify;'><span style='font-family: helvetica&comma; arial&comma; sans-serif;'><span class='OYPEnA font-feature-liga-off font-feature-clig-off font-feature-calt-off text-decoration-none text-strikethrough-none' style='font-kerning: none;'>SL 1.4&#215;45 mm<\/span><\/span><\/li>\n<li style='text-align: justify;'><span style='font-family: helvetica&comma; arial&comma; sans-serif;'><span class='OYPEnA font-feature-liga-off font-feature-clig-off font-feature-calt-off text-decoration-none text-strikethrough-none' style='font-kerning: none;'>SL 2&#215;45 mm<\/span><\/span><\/li>\n<li style='text-align: justify;'><span style='font-family: helvetica&comma; arial&comma; sans-serif;'><span class='OYPEnA font-feature-liga-off font-feature-clig-off font-feature-calt-off text-decoration-none text-strikethrough-none' style='font-kerning: none;'>SL 2.4&#215;45 mm<\/span><\/span><\/li>\n<li style='text-align: justify;'><span style='font-family: helvetica&comma; arial&comma; sans-serif;'><span class='OYPEnA font-feature-liga-off font-feature-clig-off font-feature-calt-off text-decoration-none text-strikethrough-none' style='font-kerning: none;'>SL 3&#215;45 mm<\/span><\/span><\/li>\n<li style='text-align: justify;'><span style='font-family: helvetica&comma; arial&comma; sans-serif;'><span class='OYPEnA font-feature-liga-off font-feature-clig-off font-feature-calt-off text-decoration-none text-strikethrough-none' style='font-kerning: none;'>PH 00&#215;45 mm<\/span><\/span><\/li>\n<li style='text-align: justify;'><span style='font-family: helvetica&comma; arial&comma; sans-serif;'><span class='OYPEnA font-feature-liga-off font-feature-clig-off font-feature-calt-off text-decoration-none text-strikethrough-none' style='font-kerning: none;'>PH 0x45 mm<\/span><\/span><\/li>\n<\/ul><\/div>\n<\/p><\/div>\n<div class='col-sm-8'>\n<div style='border-left: 5px solid #E42327; border-radius: 5px; padding: 5px; box-shadow: 2px 2px 10px #d8d8d8; -webkit-box-shadow: 2px 2px 10px #d8d8d8;'>\n<p><span style='box-sizing: border-box; font-weight: bolder; color: #212529; font-family: helvetica&comma; arial&comma; sans-serif; font-size: 16px; background-color: #ffffff;'><span lang='ES' style='box-sizing: border-box; line-height: 17.12px; color: #2880b9;'><span lang='ES' style='box-sizing: border-box; line-height: 19.2px;'>Caracter\u00edsiticas:<\/span><\/span><\/span><\/p>\n<ul>\n<li><span style='font-family: helvetica&comma; arial&comma; sans-serif;'>Incluye 6 piezas con puntas planas y Phillips.<\/span><\/li>\n<li><span style='font-family: helvetica&comma; arial&comma; sans-serif;'>Mangos antideslizantes con recubrimiento ergon\u00f3mico para un mejor agarre.<\/span><\/li>\n<li><span style='font-family: helvetica&comma; arial&comma; sans-serif;'>Ejes giratorios que permiten un ajuste preciso y c\u00f3modo.<\/span><\/li>\n<li><span style='font-family: helvetica&comma; arial&comma; sans-serif;'>Fabricados con CR-V de alta resistencia para mayor durabilidad.<\/span><\/li>\n<li><span style='font-family: helvetica&comma; arial&comma; sans-serif;'>Dise\u00f1o compacto&comma; ideal para reparaciones en relojes&comma; celulares&comma; lentes y equipos electr\u00f3nicos.<\/span><\/li>\n<li><span style='font-family: helvetica&comma; arial&comma; sans-serif;'>Estuche organizador incluido para f\u00e1cil almacenamiento y transporte.<\/span><\/li>\n<\/ul><\/div>\n<\/p><\/div>\n<\/p><\/div>\n<p style='text-align: center;'>\n<p style='text-align: center;'><img src='data:image\/png;base64&comma;iVBORw0KGgoAAAANSUhEUgAAARgAAABfCAYAAAAzpNjsAAAAAXNSR0IArs4c6QAAAARnQU1BAACxjwv8YQUAAAAJcEhZcwAADsMAAA7DAcdvqGQAABk6SURBVHhe7d19WFRV4gfw7533AQQEKyxYwG1HjTbG1rKxFIIsM0qsxFxxgcrS0hX59bKFm+hmL7stjpXJZiZs225lL9iyvYMjmfRiOTwu7jZaYKBRGzIMMDPM2\/39Mcw4c4aXOy93GPR8nuc+2TmHyWve79xz7rnnMCzLsqAoiuKBgCygKIoKFRowFEXxhgYMRVG8oQFDURRvaMBQFMUbGjAURfGGBgxFUbyhAUNRFG9owFAUxRsaMBRF8YYGDEVRvKEBQ1EUb2jAUBTFGxowFEXxhgYMRVG8oQFDURRvaMBQFMUbGjAURfGGBgxFUbyhAUNRFG9owFAUxRsaMBRF8YYGDEVRvGHovkhUILIrm8iiiJeWKEdaYhTyM5OgTIklqznTthtQuruFLI54yuRY5\/krz0NaYhRZzQsaMFRAmJV1ZNG4kpogR3WxEtmKRLJqVBpdF64ehwHraWFmEtQFF\/EeNDRgqIAwK+uQpUiEpkxFVkUsbbsB2o4eVDd1YJ+uCwCwNicd6oIMsumIXAGzIU+BijwFWR2xNLouaNsNUNd\/i+OnTIiTi6AuyECxKoVsGjJ0DIY6ayhTYlGsSoGmTIW9ZSrEyUXY2tCK4hot2fSMlK1IRGluOtoey8WGPAV6TDaU1DSjVttJNg0ZGjDUWSlbkQhN2WzEyUWoaerg9SKLRBV5CuwqygQAFNdooTdaySYhQQMmDOxf62DVfAzTn7agd2kRegsKYSyvgPnFv8L26eeA3U7+CBUGypRY1K66DABQ+tr4G7QNVrEqxX0nw9egNQ0YPtjtMD1ZCf0MFXoX3eYMksMtYCbEQpw1F+KcqyFISQF7qhsm9Tb0zM6F\/uKZ6L15KayN+8lPo3iUrUjEwswkHD9lOuvuYgCgNCcdcXIRb+c+JoO8rNEEc9ULsGoawep7wIhFgFDkUW8EWBaC5AsgypgOaeFSCKakeX1GJLK89TbMz\/4FwksuhjjrKohmz4Lg3HPJZj5Yown2liOwaj6G7cCncPz4P4ivzkLUpvWAIDK\/A8bjIO9warWdWFR1kPOA73gd5B1OcY0WNU0d2FumCuip2kjCFzAWCwy3LgMjFEKQngbh9KkQTlVAcE4iBMkXgJkwwd3UfuS\/YA29sB\/7BvbD\/4b92LdgzWYIL5wCeelqCNIjK2zsh1tg\/P0miLPnQHz9dRBO\/QXZhDO2tw9WTSOs734AW8t\/IMmeA\/nG9WSzMXcmBYzeaMXEsvc5n8+ZFjDVTe0oqWnGlsUZKM1NJ6uDwvvXo+P7ThjmL4Rx\/UbIigsR\/cyfEV35BGQrSiCeeyWE06d5hQsACC+aBtEVl0FaeBuinnwUMS88B\/maVWAmxKK\/9AH0Lb8T1vc+8PqZsdJ76zJY3nkf0ZVPQla6OqhwAQBmQgwkNy5A9LYtkN2zAvajx9B7462w1mvIplSIxEeJyaKzimsujN4U+oFe\/gKGZdFbsBzmqhcg\/919kP\/hEUhuXghB8gVky1ExE+Mhnj8PUY8+AvlD90E4XQHTtufRv\/Z+OH5yzmcIN7a3D\/13rYZ0RQnkD6wbsQvXW3g7epeVOI\/C270O0+NPDT3IyzCQLrkV0c8\/C9HlM2FWPwvTn9RkK4qKaLwEjKPjBPpXrYW0uBDy+0ohzp4DRiolmwVEdMXlkD\/8AOTr1gBmM\/pK7oblH6+RzXhl1x2D6Y+VkD2wDpJrcwGGIZu4sf39sO3bD1vjJ85j337v46tDcJz8nvwxNyYmBvLf\/w6Sgltg++wLGNdvBMLUq6UiR1uXEdVN7Siu0aK6qZ2sjlghDxhL3bsw79gFWem9kMyfB2ZCDNkkJMQ5WYh++ilIrpsH884a551AGNg+\/xKWN2ohu2cFhBf+fMRwAQBGzOH22+EgS3xIly+FrGwNHO0nYPrDE2Q1dYZxzrhtRf72g4hf9x7SyxtQUtOMmqYOlL7WAm27gfyRiBTSgDE9+iQcrW2Q3X0HhNOm8v8ERCqFbPXdkK29F9Z6DUwbHydbhJTj5PewftQAaXEhBJMnk9VDEwrJEl8c\/5zEs6+A\/MEy2L48BPMzVWQ1NU7pjVZodF2oqNMhu7IJzMo6zNjciHW7W7CnuRM9JptX+x6TDdmVB8ZFyHD7m82BtXE\/mInxkBYVQnA+x4svRCQ3LkD0C9tgbfoU5me2k9UhY3riz5AuXQzB5CSyKmyEF02D\/P51sLz\/ISzvRsZANxU4V7hcXdmEjXU69ztSoxkvIRO6gPngI0gLbwMT6\/1EKFyEaamI2vAwLG++DSsPF15f4R2QLlvi\/yPyUbpQAMc2HkRXqSC+UoWBv+wEazKT1dQ4kl3ZBL3J6p6274\/xEDIhCZi+pcWQl\/0WTFwcWRVWItUsSJctgfmFajhOnCSrA8b29UGUNQeiWc5p5X7hEh4BDNrKH7oPADCws5qsosYJvdGK5g4DSmqaoUyOCypk+HqXKFhBB4zhhpshf7AMTEICWTUmpHcWg4mJxsCOXWRVwPpX\/hbSxflk8ZiL+dtOWN7YA7ZbT1ZR40Bt8+np+dmVB4IMmaaIDJmgAsZ+7BuI5+VCqLyErBpT0U8\/BdtXWlg\/2ktW+c3R+QMkhUvBxMeTVWOOiYmBID0V5r\/sJKuocaBW+4P71647EWVyHIpUyV7tuGjuMERkyAQVMP13rYasaBlZPOaYuDgIL5oG6779nB4Bj6R\/zf9BrJpFFoeOzQ7WYiFLOYt5sQrW+r1g9T1kFRXhNLqfvP7dFTIVeYqgQiaSBBwwju87IS1ZDmZi5H2zA0DUpkdgbzkC2+cHySrOHN+1Q5I3H0xc4Ou3jja+wnadguPoN2SxfxwO+irBOFOr9X38jMGQyd9+EOrFGZxDJk4uwsLMJGxZnMHpZc1wCjhg+u68B5KFeWRx5JCIwUyIge2zL8gazuy6YxBnzSWL\/WLXHSOLvDh++BHWTz4li\/0if7AMlgh5N4vixnP8heS6E1EvzsDCTN8pEakJchSpkrGrKBOHyudCv2W++6VLdX0rb0svBCLggBHPvQpMbBDf7GEQ\/fSfYT3wGdjePrKKE\/POv0KQ9jOy2C+GBYvIIi+s0QhrgwbmFwJ\/GiS+9hrYmw+DtUZW\/xuDU9wr6nTuo7qp3WucgKyvqNNBXd8Kja6L83iC52eo61vJavckNtd\/PxJovh55vosrZLYucYbM2px0vLVyJlo356DtsVwUq1LQ1mVC6e4WxK97z2tiXjA7JoRaQAEzsOslSPKuJ4sjDhMXC7a7G\/ajR8mqUdm++BKiGYEPXtt1x6C\/8JcAh4ve0XECAzt2oX9NGWAZpT3LDtntYnt74WhtI4vHVOlrLUgvb8DGOp37KKlpRlp5vftCb+syedVvrNNh3e4WXF3Z5NVuJPFysdfPtnUZverV9a3uer3Rt1sSbtp2A46fMpHFPpo7DFj7aguqizKdS3zqupC\/\/SCYlXVeE\/M8u1qZg1uTRIqAAsby9jsQXjiFLI5IgqTzYD\/s\/3KA9qPfQDRzhleZYcEi9Fx1zcjHFdnQT1XCkLsA7MCA188Py+GA4+T3sPzrPegvuwo9s3N8P9d1zJmHnjnzYN76nHNhrkGyu+6A7cDnXh87ltT1rdja4Hs3gcFxhpKaZp8gILnaaUaZ3RofJUZm8ulvbbL9Ho\/uSL7yPK+6sTBS94ikTIlFbbNzQaytDa1o7hh5Ul2oF4wKVkABwySdAxAv8fWXPgCzehsGdtZg4K9\/h+XNPbC8XgvL7rdgeaMWAy+\/ioFXXodlz79gff8jWD9sgLVBA+veRlj3fQxr4yfOf2o+hvWjvc76dz+A5a1\/YuCV1zHw91edn7HrJZiffxHmHbtgfm4HzOptMG\/fgYG\/vYKBmpdhXL8J9v987f59ia\/JgePE90MviTACR8cJny6g\/XALHMe\/G\/k4cdLrwveL1Qb2VDcc7R2+n0scbHc3YD4dYMzk8+DoiZwnSer6b92\/XpuTju7K69C6OQepCXJ3uedjWgDIUiSCrcrDofK5XoHB5S7Gc+sNz4Dx\/PVYf7trdF2o1XbixU9GPx+X\/Mwknz+nkfC5BUkgAlrRzrjpcUT9\/nfuWaqG3Btg1\/nfDeGLbPVKyB8sAwCw3Xr0rS5DzK4qMBIJ2XRY3anTMPHYYa8g7U6JnNXLZHcUQbb2XvdTPMvrtbDubUT0tkqyKS9GWtHOtUKcS+vmHPeFra5vdX+DF6uSkZYY5d7EzPPzKga7NBjcJKx21Uz35w2lrcuI9PIGYHAQtO2xXGCwm+a6kxppxbaRzofkz4p2nuGYn5mE+CgxlI82jnonAo\/ziF\/33pBPnEie5+0Pf87HX37fwdi+0kJErNrGmiP3fRhmYjwYoXD0sQ0Sy\/rcpUU0oRCO7m6ydExoPS6e1ATndq0upbnp0JSpoClT+Xzbul78q9V2ovqAx4XJoVuTlhjlvus5fsrkfj\/H8w4mXN0HvdGKijodSl9rQbYiEcWqFBSrUtwr52nKVF53csPJnuocd+ESLhhsP5RabScq6nScB81Dye+AYf\/3E5iYGO93bLiONYwR1mYD2OAm3EUkgcf\/A4GA23tPYZY2iXuXpLnDgKsrm7Co6qB7EHRtTro7iJiVdUMeLmQ3yfWuDwaDLhxPV7Ttzqc\/+ZlJUBdkDNkli48So3bVZYiTn17ofijO7hH38Zr8IR5pA0C+MgkVeYoxeYrmd8BAMo6+1Qc5dEcBm39jMEDkBycYj\/99LAvBpEmetREh2G\/Nti4T58\/wvNPR6Lq8BlPzlUNffKGk0XVhxuZGVBcpRw0zZUqse+O34eQrk3wGrEcy2jmqCzJQq\/0hrCHjd8Aw8iFu7SLwm9MTM3kyIPTzVAUC2I+dHqiMSB7DZ6xlYMR1gcMpXn76S6i5w+AVEJ5zUsiLJzM5FnvLVNhVlOnu7uxp7oR6mKdRJM9u0p7mTq\/PJ7tjfCiu1iJLkThquLiMFDILM5PQ1mXkNFaDwfZclOamc3qCFyp+XnUAxGKwhl7vsggPGMHEOO9vew4kBbfA0XHCq4yZNGn0I2EiIOU+mExiYif4fuYQB6KjvX6OPdUNwaSh++DhRl5gnhe6a\/B24xABEx8ldo9ZeA7GutqxVXlDHp48g6SmqQMIU\/fINbdlnx8TBDFCyOQrz\/Pr6RGXcSoMjsdg8M4wHPy76gAwsbGwd5wYcrJXxJJI\/A5B8ZzZsH3pvSm6vGzN6EfpashKfgPRJb\/ktlzmIMH5kyG56QbnEzDyM4c4xNlzwXiGjNEIUQS91e75Hs2iqoMortEif\/tBrxXbhhszgMdWGvCzmzXUQO5oXYdQSEs8fWfv71vNypRYn3eIXBPruMhMjh3yvEnVTe3Dzk3ii98BI0hJhuM40Yfz40IKO6vNucSlyL\/fo+BnKbAd8g4Y6fKlox8lyyF\/6D7IHr7PuUAVhz8bQUqy8+fWPwjZqhW+nznEIbrsUq9zGnj1DQhS+e8GcKVenOE1l6WmqcNrwtvCzKQR7yo8L1iymzUSZUqszxOacHSP4qPEWJvjvOtq7jBwnoXsUqxKca8F45qv4\/nn5SlLkYgNeQrsLVOhu\/I6aNfPHXIw2aWty4j87QdRUtMM+BFIoRDQPJie2TmI2\/+Re7Fq695GsKci4xEpAAinKSDMmA4AzgWZDAZIi5ZxXlzbpefSKzHh7dcC2ssJANi+fvTedCvsI7wtzchlkBTc4lwRMGEiWc1Z34p7EbNjG1nMGy7zRvRGK9QNzpfvXGMJmcmxXl0gbbvBvfG6Mtn7m7y4Ruu+lS\/NSed8J+I51yZeLh51Dg04no\/LcPNG9EYrimuavYIhNUGOfGUSilUpIwYqBoNAo+tCW5cJyuRYLKo6iDi5CNmKScgeHNvhGgx6oxW1zZ2o1f7g9fvJTI6FpkzltdnccOcTCgEFjD5zFib8oxrCi5wXcSTrK74bsrX3QDTD\/5XCevOXQHLTDZDe\/huyijPLm3vQv\/Z+sthNOCUd8ofug3j+PLKKM8cPP8LWuB+SxTeTVbzx54IcD\/w5n9EuSHV9KyrqvvaZv5KaIEf21EQok+OGDIvsyibEy8WoLsp077I40p2Jp7YuI7TtBmg7DNDouoZcPHxDngKlOek+O1mOdj7B8O8rfZC0cCks75yeqRnJ2IEBCM49hyzmJPrpp2D5sCGo8Sbx\/GvJIi9MYgIEU4aeXcqV8cH1EGXNIYupMVKam462zbnYsjjDq7t2\/JQJNU0d7pc5mZV1SHu4HtmVTc67tZ+M2NPcibTyetRqf\/AZh3IGl\/MJXOlrLciubHJvc5Je3oBFVQd9diaIk4uwNicdrZtzUJGn8AkXvgUUMLI1K2H5x26yOPJYrRDPnOHzThFXgp+lwHH0GCx175FVnDGyUXa0FArABPHUCQCEP58CQRDdKyr04qPEzqB5LBeHyudiQ57Ca0zKxfXkqaapwz25sMdkw7rdLVA+2uh+nKztMGDd7hb3E7itDa3YN8ydSmZyrHt5B\/2W+cNO+AuHgAKGkcng6NbDUvcuWRVRTNt3QJSdFdTuklGbK2B5462g7mJGJfKdB8FVb8FySBbdGNRnUPxSpsSiIk8B7fq5YKvysLdMhS2LM7A2Jx1ZikSfQWkMdqdGC4bUBDmyFIkoUiX7DPqqCzI4j1nxKaCAAYDYf+6GeWv4BhUD4Tj2LQRJ3OYHDEd83TVwtJ+AeddLZFXIMH4OPrvZ7RDPngXBlPGxdAbllK1IRGluOtQFGdCUqdD2WC7YqjxkKRIRJxdhQ54CbY\/leo3RKAcnIR4qd4YUW5WHtsdyoSlTobpIiYo8BbIViWHvAo0mwL\/ZgDDjIrCnujHw\/ItkVUQwq7dBcv21EJwffIrLN62H9b0P4Wh3TtwKOT\/n6Lj0FiyHeMF1YKJ8vwGp8Sc\/Mwna9XOHHGh1TUIc7UlUpAk4YAAg5vWXMfDK6yM+hh0TFgvYnh6IZl4a8MXrSXylCkx0NExPqcmq0Ajg9zjwym5Il\/866AFiKnKU5qaP2CUaj4IKGGF6GgTnneu88Pgco\/BT3x33QHzD9WDOCd3Lf9HbKuE42QnjpsfJqrBjf+oCe7IT4rlXgqFjL1QECypgACDm5RfB\/tQF0+NPkVVjwlheAclNCyC65GKyKihMVBSiNpTD\/u8jMD3px6JOXIKXS5tBrF4PU+XTEN98U1AT8ygqHIIOGAgEkD98P2wHv4RZ\/SxZG1bG8goIUpIhviaHl2UlhBdPh2zZEti++BLG9Ru5BQOHjd9YDm0AwHHye5j+uAXSFSUQpqWS1RQVcYIPGACiX82AtGgZrI2fjFnImJ97HoLkCyBdfDOvm8GJF+ZBvnol7Ee\/Qd+K1aOuv8s6HBBeOGXYQ3DB+ZyWkjBVPoOBl1+F7O47IEyPjGUZuL4fRJ29Rv+bzZFk4Y2Q3nYrrHsbYXzoEbKaV\/1rysAIhZAuXQwmMYGsDjlR9hxEPb4RjEiE3lt+DdPTz5FN3BiJBFHqPw17yNasGnmhKJaF4cbFECafD9ntv4EgNbh9mkIlMzmW81olZxrXi5hc33Y+m4UsYDC4hops9d2wH\/kvepcsB4LYc5krw5xrIb4mB5JlS8K6Qb1wSjqin9sC6bLbYHlzDwzX3QT7kf+QzQCGgSjzl8Mewp9PGfaN697829D\/QDmin9gE8cK8sIQnV67Hpf4s6XimSEuMQmqC3O+1X85GIQ0YABDPy0X0jm0QnHMOelRXo\/\/hDWSTkLAd+BS9CwsQ87cdkNxwvXOd4HATCCAtvA0TXqmB6IrL0XfXGvTMuQaWf75DtuSOZWHIXYC+O1dB\/vsHEVVRDmHGdDDSUV45CDPXEghcV5s707hmyZ6t589VyAMGAATnnoPoZyshf+Qh2Br2oTtFAfOO0EzIc3zXgZ5Lr4Sj7TtMeOPvEKSm+r3WS6gJkpIQtXE9Yt+thbRwKcxVO9GdooD+4pnoK3He0Q23CRvbb4St6TPop18K\/SWXw\/jIHxC99SnEVD0D0a9meC8qFUGyFYnIUiRi3+ASmGebijwF4uQibKzTuXcwoHwFtFyDX2w2mHe9BMubb8Nx4gREsy5DVEW5c3CTK5sN\/feXw95yBJKFec6xloTI6S74sNvhaDsO21fNsH11CHbdMefym57byDICMJMSIVRcCOG0X0B0xSwIp08FEzV+Jlq1dRmhfLQRPSbbiHsOjQf+LNfgUt3UjpKaZsTJRahddZnP8gvjBZ\/LNfAfMC4sC2vDPlj3fwL74SNw\/Pg\/MEIhmMlJYCZMACMUuLfeYGRS2P6rA2swQBAfD+HFF0GcdRVEsy4HEze+pkqf6ZzbdBxAj8mGLEWi+52Y8SaQgIFHyGBwmdCKPMW4m417ZgSMJ4sVjhMnYP+2FQ69AY6ODqC3z1knl0OQlgpGIoYoY7rzTifCxh8ob65V6VxLB8TJRVCmxJHNIto+XVdAAYPBge7iGq17ganUBLlf+0GNNdf+UWdOwFBnpFptJ6qbOqDR\/eSzmtt4EGjAwGOJyuqmjiHXaBkPaMBQFDWu8PIUiaIoCjRgKIriEw0YiqJ4QwOGoije0IChKIo3NGAoiuINDRiKonhDA4aiKN7QgKEoijc0YCiK4g0NGIqieEMDhqIo3tCAoSiKNzRgKIriDQ0YiqJ4QwOGoije\/D8a\/JKALQw2VAAAAABJRU5ErkJggg==' alt='' \/><\/p>\n<p style='text-align: center;'>\n","protected":false},"excerpt":{"rendered":"<p>Juego de Desarmadores de Precisi\u00f3n 6 Piezas<\/p>\n","protected":false},"featured_media":84910,"comment_status":"open","ping_status":"closed","template":"","meta":[],"product_brand":[],"product_cat":[130],"product_tag":[132,25,131],"class_list":{"0":"post-84911","1":"product","2":"type-product","3":"status-publish","4":"has-post-thumbnail","6":"product_cat-herramientas-electricas","7":"product_tag-dongcheng","8":"product_tag-herramientas","9":"product_tag-herramientas-electricas","11":"first","12":"instock","13":"sale","14":"shipping-taxable","15":"purchasable","16":"product-type-simple"},"_links":{"self":[{"href":"https:\/\/soydeaqui.ddns.net\/pachuca\/index.php\/wp-json\/wp\/v2\/product\/84911","targetHints":{"allow":["GET"]}}],"collection":[{"href":"https:\/\/soydeaqui.ddns.net\/pachuca\/index.php\/wp-json\/wp\/v2\/product"}],"about":[{"href":"https:\/\/soydeaqui.ddns.net\/pachuca\/index.php\/wp-json\/wp\/v2\/types\/product"}],"replies":[{"embeddable":true,"href":"https:\/\/soydeaqui.ddns.net\/pachuca\/index.php\/wp-json\/wp\/v2\/comments?post=84911"}],"wp:featuredmedia":[{"embeddable":true,"href":"https:\/\/soydeaqui.ddns.net\/pachuca\/index.php\/wp-json\/wp\/v2\/media\/84910"}],"wp:attachment":[{"href":"https:\/\/soydeaqui.ddns.net\/pachuca\/index.php\/wp-json\/wp\/v2\/media?parent=84911"}],"wp:term":[{"taxonomy":"product_brand","embeddable":true,"href":"https:\/\/soydeaqui.ddns.net\/pachuca\/index.php\/wp-json\/wp\/v2\/product_brand?post=84911"},{"taxonomy":"product_cat","embeddable":true,"href":"https:\/\/soydeaqui.ddns.net\/pachuca\/index.php\/wp-json\/wp\/v2\/product_cat?post=84911"},{"taxonomy":"product_tag","embeddable":true,"href":"https:\/\/soydeaqui.ddns.net\/pachuca\/index.php\/wp-json\/wp\/v2\/product_tag?post=84911"}],"curies":[{"name":"wp","href":"https:\/\/api.w.org\/{rel}","templated":true}]}}