{"id":84771,"date":"2026-03-19T21:06:51","date_gmt":"2026-03-19T21:06:51","guid":{"rendered":"https:\/\/soydeaqui.ddns.net\/pachuca\/index.php\/producto\/cable-de-fibra-optica-pof-monomodo-conectores-sc-upc-sc-upc-interior-fibra-g-657a2-cobre-26-awg-50m\/"},"modified":"2026-03-19T21:06:53","modified_gmt":"2026-03-19T21:06:53","slug":"cable-de-fibra-optica-pof-monomodo-conectores-sc-upc-sc-upc-interior-fibra-g-657a2-cobre-26-awg-50m","status":"publish","type":"product","link":"https:\/\/soydeaqui.ddns.net\/pachuca\/index.php\/producto\/cable-de-fibra-optica-pof-monomodo-conectores-sc-upc-sc-upc-interior-fibra-g-657a2-cobre-26-awg-50m\/","title":{"rendered":"Cable de Fibra \u00d3ptica POF Monomodo \/ Conectores SC\/UPC &#8211; SC\/UPC \/ Interior \/ Fibra G.657A2 \/ Cobre 26 AWG \/ 50M"},"content":{"rendered":"<div style='width: 100%; max-width: 1200px; margin: 0 auto; font-family: sans-serif; line-height: 1.6; color: inherit; background-color: transparent;'>\n<div style='display: flex; flex-wrap: wrap; gap: 30px; margin-bottom: 30px;'>\n<div style='flex: 1 1 300px; min-width: 280px;'>\n<h3 style='font-size: 22px; border-bottom: 2px solid currentColor; padding-bottom: 5px; margin-top: 0; color: inherit; opacity: 0.8;'>Caracter\u00edsticas Principales<\/h3>\n<ul style='padding-left: 20px; font-size: 15px; color: inherit;'>\n<li style='margin-bottom: 5px;'>Conector SC\/UPC para conexiones r\u00e1pidas<\/li>\n<li style='margin-bottom: 5px;'>Fibra \u00f3ptica G.657A2 con excelente resistencia a curvaturas<\/li>\n<li style='margin-bottom: 5px;'>Dimensiones compactas: 1.8&#215;4.2mm<\/li>\n<li style='margin-bottom: 5px;'>Alta conductividad y capacidad de carga de corriente<\/li>\n<li style='margin-bottom: 5px;'>Cable de Fibra \u00d3ptica POF Monomodo de 50 metros<\/li>\n<\/ul><\/div>\n<div style='flex: 1 1 300px; min-width: 280px;'>\n<h3 style='font-size: 22px; border-bottom: 2px solid currentColor; padding-bottom: 5px; margin-top: 0; color: inherit; opacity: 0.8;'>Aplicaciones<\/h3>\n<ul style='padding-left: 20px; font-size: 15px; color: inherit;'>\n<li style='margin-bottom: 5px;'>Alimentaci\u00f3n el\u00e9ctrica<\/li>\n<li style='margin-bottom: 5px;'>Internet<\/li>\n<li style='margin-bottom: 5px;'>Telefon\u00eda<\/li>\n<li style='margin-bottom: 5px;'>Redes LAN<\/li>\n<li style='margin-bottom: 5px;'>Sistemas de vigilancia<\/li>\n<li style='margin-bottom: 5px;'>Hogares inteligentes<\/li>\n<\/ul><\/div>\n<\/p><\/div>\n<div style='display: flex; flex-wrap: wrap; gap: 20px; margin-bottom: 30px;'>\n<div style='flex: 1 1 250px; border: 1px solid rgba(150&comma; 150&comma; 150&comma; 0.4); border-radius: 8px; overflow: hidden; display: flex; flex-direction: column;'>\n<div style='padding: 15px; border-bottom: 1px solid rgba(150&comma; 150&comma; 150&comma; 0.2); font-weight: bold; font-size: 18px; color: inherit;'>Especificaciones \u00d3pticas<\/div>\n<div style='padding: 15px; color: inherit;'>\n<ul style='padding-left: 20px; margin: 0; font-size: 14px; list-style-type: disc;'>\n<li style='margin-bottom: 5px;'><strong>Tipo de fibra:<\/strong> G.657A2<\/li>\n<li style='margin-bottom: 5px;'><strong>Atenuaci\u00f3n:<\/strong> \u22640.4dB\/km (1310nm)&comma; \u22640.3dB\/km (1550nm)<\/li>\n<li style='margin-bottom: 5px;'><strong>Discontinuidad:<\/strong> \u22640.05dB\/km (1310\/1550nm)<\/li>\n<li style='margin-bottom: 5px;'><strong>Longitud de onda de dispersi\u00f3n cero:<\/strong> 1300-1324nm<\/li>\n<li style='margin-bottom: 5px;'><strong>Rendimiento de curvatura:<\/strong> \u22640.2dB (R=7.5mm&comma; 1 vuelta&comma; 1550nm)<\/li>\n<li style='margin-bottom: 5px;'><strong>Rango de longitud de onda:<\/strong> 1260-1626nm<\/li>\n<\/ul><\/div>\n<\/p><\/div>\n<div style='flex: 1 1 250px; border: 1px solid rgba(150&comma; 150&comma; 150&comma; 0.4); border-radius: 8px; overflow: hidden; display: flex; flex-direction: column;'>\n<div style='padding: 15px; border-bottom: 1px solid rgba(150&comma; 150&comma; 150&comma; 0.2); font-weight: bold; font-size: 18px; color: inherit;'>Especificaciones El\u00e9ctricas<\/div>\n<div style='padding: 15px; color: inherit;'>\n<ul style='padding-left: 20px; margin: 0; font-size: 14px; list-style-type: disc;'>\n<li style='margin-bottom: 5px;'><strong>Secci\u00f3n transversal:<\/strong> 0.13 mm\u00b2<\/li>\n<li style='margin-bottom: 5px;'><strong>Resistencia DC m\u00e1xima a 20\u2103:<\/strong> 143.0\u03a9\/km<\/li>\n<li style='margin-bottom: 5px;'><strong>Resistencia de aislamiento m\u00ednima a 70\u2103:<\/strong> 0.018 \u03a9\u00b7km<\/li>\n<\/ul><\/div>\n<\/p><\/div>\n<div style='flex: 1 1 250px; border: 1px solid rgba(150&comma; 150&comma; 150&comma; 0.4); border-radius: 8px; overflow: hidden; display: flex; flex-direction: column;'>\n<div style='padding: 15px; border-bottom: 1px solid rgba(150&comma; 150&comma; 150&comma; 0.2); font-weight: bold; font-size: 18px; color: inherit;'>Especificaciones Mec\u00e1nicas<\/div>\n<div style='padding: 15px; color: inherit;'>\n<ul style='padding-left: 20px; margin: 0; font-size: 14px; list-style-type: disc;'>\n<li style='margin-bottom: 5px;'><strong>Fuerza de tracci\u00f3n admisible:<\/strong> \u2265120N (corto plazo)&comma; \u226560N (largo plazo)<\/li>\n<li style='margin-bottom: 5px;'><strong>Fuerza de aplanamiento admisible:<\/strong> \u22651000N (corto plazo)&comma; \u2265500N (largo plazo)<\/li>\n<\/ul><\/div>\n<\/p><\/div>\n<div style='flex: 1 1 250px; border: 1px solid rgba(150&comma; 150&comma; 150&comma; 0.4); border-radius: 8px; overflow: hidden; display: flex; flex-direction: column;'>\n<div style='padding: 15px; border-bottom: 1px solid rgba(150&comma; 150&comma; 150&comma; 0.2); font-weight: bold; font-size: 18px; color: inherit;'>Especificaciones Ambientales<\/div>\n<div style='padding: 15px; color: inherit;'>\n<ul style='padding-left: 20px; margin: 0; font-size: 14px; list-style-type: disc;'>\n<li style='margin-bottom: 5px;'><strong>Temperatura de operaci\u00f3n:<\/strong> -20\u2103 a +80\u2103<\/li>\n<li style='margin-bottom: 5px;'><strong>Temperatura de almacenamiento:<\/strong> -20\u2103 a +85\u2103<\/li>\n<\/ul><\/div>\n<\/p><\/div>\n<div style='flex: 1 1 250px; border: 1px solid rgba(150&comma; 150&comma; 150&comma; 0.4); border-radius: 8px; overflow: hidden; display: flex; flex-direction: column;'>\n<div style='padding: 15px; border-bottom: 1px solid rgba(150&comma; 150&comma; 150&comma; 0.2); font-weight: bold; font-size: 18px; color: inherit;'>Caracter\u00edsticas F\u00edsicas<\/div>\n<div style='padding: 15px; color: inherit;'>\n<ul style='padding-left: 20px; margin: 0; font-size: 14px; list-style-type: disc;'>\n<li style='margin-bottom: 5px;'><strong>N\u00famero de n\u00facleos:<\/strong> Monomodo<\/li>\n<li style='margin-bottom: 5px;'><strong>Dimensiones:<\/strong> 4.2\u00b10.2mm x 1.8\u00b10.2mm<\/li>\n<li style='margin-bottom: 5px;'><strong>Longitudes est\u00e1ndar:<\/strong> 3m&comma; 20m&comma; 50m<\/li>\n<li style='margin-bottom: 5px;'><strong>Tipo de cable:<\/strong> Plano<\/li>\n<\/ul><\/div>\n<\/p><\/div>\n<\/p><\/div>\n<hr style='border: 0; border-top: 1px solid rgba(150&comma; 150&comma; 150&comma; 0.3); margin: 30px 0;'>\n<div style='margin-bottom: 30px;'>\n<h3 style='font-size: 22px; border-bottom: 2px solid currentColor; padding-bottom: 5px; margin-top: 0; color: inherit; opacity: 0.8;'>Descripci\u00f3n T\u00e9cnica<\/h3>\n<p style='font-size: 15px; color: inherit; margin-bottom: 15px;'>El cable \u00f3ptico compuesto PoF-C-E es una soluci\u00f3n de transmisi\u00f3n de datos de alto rendimiento que combina las ventajas de fibra \u00f3ptica y cable el\u00e9ctrico para proporcionar transmisi\u00f3n de datos de alta velocidad y alimentaci\u00f3n el\u00e9ctrica. Su dise\u00f1o facilita la instalaci\u00f3n de equipos y reduce la complejidad del cableado&comma; siendo especialmente adecuado para escenarios de aplicaci\u00f3n como acceso a redes&comma; sistemas de vigilancia y hogares inteligentes.<\/p>\n<p style='font-size: 15px; color: inherit; margin-bottom: 15px;'>Adem\u00e1s&comma; el cable \u00f3ptico compuesto cumple con las especificaciones t\u00e9cnicas de fibra \u00f3ptica ITU-T G.657A2 y tiene una excelente resistencia a la flexi\u00f3n&comma; lo que facilita el cableado flexible en espacios peque\u00f1os y garantiza una transmisi\u00f3n de se\u00f1al estable en diversos entornos.<\/p>\n<\/p><\/div>\n<div style='margin-bottom: 30px;'>\n<h3 style='font-size: 22px; border-bottom: 2px solid currentColor; padding-bottom: 5px; margin-top: 0; color: inherit; opacity: 0.8;'>Informaci\u00f3n de Pedido<\/h3>\n<ul style='padding-left: 20px; font-size: 15px; color: inherit;'>\n<li style='margin-bottom: 5px;'><strong>PoF-C-E-3m:<\/strong> Cable plano&comma; 3 metros<\/li>\n<li style='margin-bottom: 5px;'><strong>PoF-C-E-20m:<\/strong> Cable plano&comma; 20 metros<\/li>\n<li style='margin-bottom: 5px;'><strong>PoF-C-E-50m:<\/strong> Cable plano&comma; 50 metros<\/li>\n<\/ul><\/div>\n<\/p><\/div>\n","protected":false},"excerpt":{"rendered":"<p>Cable de Fibra \u00d3ptica POF Monomodo \/ Conectores SC\/UPC &#8211; SC\/UPC \/ Interior \/ Fibra G.657A2 \/ Cobre 26 AWG \/ 50M<\/p>\n","protected":false},"featured_media":84770,"comment_status":"open","ping_status":"closed","template":"","meta":[],"product_brand":[],"product_cat":[2101],"product_tag":[2102,2011,2013],"class_list":{"0":"post-84771","1":"product","2":"type-product","3":"status-publish","4":"has-post-thumbnail","6":"product_cat-cable-de-fibra-optica","7":"product_tag-cable-de-fibra-optica","8":"product_tag-redes-ftth-pon","9":"product_tag-v-sol","11":"first","12":"outofstock","13":"sale","14":"shipping-taxable","15":"purchasable","16":"product-type-simple"},"_links":{"self":[{"href":"https:\/\/soydeaqui.ddns.net\/pachuca\/index.php\/wp-json\/wp\/v2\/product\/84771","targetHints":{"allow":["GET"]}}],"collection":[{"href":"https:\/\/soydeaqui.ddns.net\/pachuca\/index.php\/wp-json\/wp\/v2\/product"}],"about":[{"href":"https:\/\/soydeaqui.ddns.net\/pachuca\/index.php\/wp-json\/wp\/v2\/types\/product"}],"replies":[{"embeddable":true,"href":"https:\/\/soydeaqui.ddns.net\/pachuca\/index.php\/wp-json\/wp\/v2\/comments?post=84771"}],"wp:featuredmedia":[{"embeddable":true,"href":"https:\/\/soydeaqui.ddns.net\/pachuca\/index.php\/wp-json\/wp\/v2\/media\/84770"}],"wp:attachment":[{"href":"https:\/\/soydeaqui.ddns.net\/pachuca\/index.php\/wp-json\/wp\/v2\/media?parent=84771"}],"wp:term":[{"taxonomy":"product_brand","embeddable":true,"href":"https:\/\/soydeaqui.ddns.net\/pachuca\/index.php\/wp-json\/wp\/v2\/product_brand?post=84771"},{"taxonomy":"product_cat","embeddable":true,"href":"https:\/\/soydeaqui.ddns.net\/pachuca\/index.php\/wp-json\/wp\/v2\/product_cat?post=84771"},{"taxonomy":"product_tag","embeddable":true,"href":"https:\/\/soydeaqui.ddns.net\/pachuca\/index.php\/wp-json\/wp\/v2\/product_tag?post=84771"}],"curies":[{"name":"wp","href":"https:\/\/api.w.org\/{rel}","templated":true}]}}