{"id":84765,"date":"2026-03-19T21:06:36","date_gmt":"2026-03-19T21:06:36","guid":{"rendered":"https:\/\/soydeaqui.ddns.net\/pachuca\/index.php\/producto\/laptop-ruggedizada-s14i-intel-core-ultra-con-npu-ai-pantalla-dynavue-fhd-1200-nits-doble-bateria-intercambiable-en-caliente-32h-mil-std-810h-ip53-thunderbolt-4-x2-doble-rj45-wi-fi-7-4g\/"},"modified":"2026-03-19T21:06:38","modified_gmt":"2026-03-19T21:06:38","slug":"laptop-ruggedizada-s14i-intel-core-ultra-con-npu-ai-pantalla-dynavue-fhd-1200-nits-doble-bateria-intercambiable-en-caliente-32h-mil-std-810h-ip53-thunderbolt-4-x2-doble-rj45-wi-fi-7-4g","status":"publish","type":"product","link":"https:\/\/soydeaqui.ddns.net\/pachuca\/index.php\/producto\/laptop-ruggedizada-s14i-intel-core-ultra-con-npu-ai-pantalla-dynavue-fhd-1200-nits-doble-bateria-intercambiable-en-caliente-32h-mil-std-810h-ip53-thunderbolt-4-x2-doble-rj45-wi-fi-7-4g\/","title":{"rendered":"Laptop Ruggedizada S14I \/ Intel Core Ultra con NPU AI \/ Pantalla DynaVue FHD 1200 nits \/ Doble Bater\u00eda Intercambiable en Caliente 32h \/ MIL-STD-810H IP53 \/ Thunderbolt 4 x2 \/ Doble RJ45 \/ Wi-Fi 7 \/ 4G LTE-5G"},"content":{"rendered":"<div style='width: 100%; max-width: 1200px; margin: 0 auto; font-family: sans-serif; line-height: 1.6; color: inherit; background-color: transparent;'> <!-- Caracter\u00edsticas Principales --> <\/p>\n<div style='margin-bottom: 30px;'>\n<h2 style='font-size: 20px; border-bottom: 2px solid currentColor; padding-bottom: 5px; margin-top: 0; color: inherit; opacity: 0.8;'>Caracter\u00edsticas Principales<\/h2>\n<ul style='padding-left: 20px; font-size: 15px; color: inherit;'>\n<li style='margin-bottom: 5px;'>Pantalla DynaVue\u00ae FHD 14&#8242; con 1200 nits legible bajo sol<\/li>\n<li style='margin-bottom: 5px;'>Autonom\u00eda extendida de 32 horas con bater\u00edas intercambiables en caliente<\/li>\n<li style='margin-bottom: 5px;'>Certificaci\u00f3n MIL-STD-810H e IP53 para m\u00e1xima durabilidad<\/li>\n<li style='margin-bottom: 5px;'>Conectividad 5G\/4G LTE dual SIM&comma; Wi-Fi 7 y Thunderbolt\u2122 4<\/li>\n<li style='margin-bottom: 5px;'>Procesador Intel\u00ae Core\u2122 Ultra con NPU integrado para IA<\/li>\n<\/ul><\/div>\n<p> <!-- Secci\u00f3n de especificaciones --> <\/p>\n<div style='display: flex; flex-wrap: wrap; gap: 30px; margin-bottom: 30px;'>\n<div style='flex: 1 1 300px; min-width: 280px;'>\n<h3 style='font-size: 18px; border-bottom: 2px solid currentColor; padding-bottom: 5px; margin-top: 0; color: inherit; opacity: 0.8;'>Durabilidad<\/h3>\n<ul style='padding-left: 20px; font-size: 15px; color: inherit;'>\n<li style='margin-bottom: 5px;'>Certificaci\u00f3n MIL-STD-810H<\/li>\n<li style='margin-bottom: 5px;'>Ca\u00edda de 1&comma;2 m (6&#8242;)&comma; 26 caras<\/li>\n<li style='margin-bottom: 5px;'>Certificaci\u00f3n IP53<\/li>\n<li style='margin-bottom: 5px;'>Chasis de aleaci\u00f3n de magnesio<\/li>\n<li style='margin-bottom: 5px;'>Cubiertas de puerto<\/li>\n<li style='margin-bottom: 5px;'>Bater\u00edas extra\u00edbles de liberaci\u00f3n r\u00e1pida<\/li>\n<\/ul><\/div>\n<div style='flex: 1 1 300px; min-width: 280px;'>\n<h3 style='font-size: 18px; border-bottom: 2px solid currentColor; padding-bottom: 5px; margin-top: 0; color: inherit; opacity: 0.8;'>Procesador<\/h3>\n<ul style='padding-left: 20px; font-size: 15px; color: inherit;'>\n<li style='margin-bottom: 5px;'>Intel\u00ae Core\u2122 Ultra 7 165U<\/li>\n<li style='margin-bottom: 5px;'>Intel\u00ae Core\u2122 Ultra 7 155U<\/li>\n<li style='margin-bottom: 5px;'>Intel\u00ae Core\u2122 Ultra 5 135U<\/li>\n<li style='margin-bottom: 5px;'>Intel\u00ae Core\u2122 Ultra 5 125U<\/li>\n<li style='margin-bottom: 5px;'>Todos con cach\u00e9 de 12 MB<\/li>\n<li style='margin-bottom: 5px;'>12 n\u00facleos&comma; 14 hilos con Intel\u00ae AI Boost NPU<\/li>\n<\/ul><\/div>\n<div style='flex: 1 1 300px; min-width: 280px;'>\n<h3 style='font-size: 18px; border-bottom: 2px solid currentColor; padding-bottom: 5px; margin-top: 0; color: inherit; opacity: 0.8;'>Conectividad<\/h3>\n<ul style='padding-left: 20px; font-size: 15px; color: inherit;'>\n<li style='margin-bottom: 5px;'>Thunderbolt\u2122 4 x2<\/li>\n<li style='margin-bottom: 5px;'>USB 3.2 Gen 2 (tipo A) x1<\/li>\n<li style='margin-bottom: 5px;'>USB 3.2 Gen 1 (tipo A) x1 \u00f3 x2<\/li>\n<li style='margin-bottom: 5px;'>Ethernet 10\/100\/1000 (RJ45) x2<\/li>\n<li style='margin-bottom: 5px;'>Wi-Fi 7 BE200 (802.11 be)<\/li>\n<li style='margin-bottom: 5px;'>Bluetooth\u00ae V5.4<\/li>\n<li style='margin-bottom: 5px;'>Doble SIM (Nano SIM y eSIM)<\/li>\n<\/ul><\/div>\n<div style='flex: 1 1 300px; min-width: 280px;'>\n<h3 style='font-size: 18px; border-bottom: 2px solid currentColor; padding-bottom: 5px; margin-top: 0; color: inherit; opacity: 0.8;'>Pantalla<\/h3>\n<ul style='padding-left: 20px; font-size: 15px; color: inherit;'>\n<li style='margin-bottom: 5px;'>FHD de 14&comma;0&#8242; (1920 x 1080)<\/li>\n<li style='margin-bottom: 5px;'>Opcional legible a la luz del sol DynaVue\u00ae de 1200 nits sin pantalla t\u00e1ctil<\/li>\n<li style='margin-bottom: 5px;'>Opcional legible a la luz del sol DynaVue\u00ae de 1200 nits con pantalla multit\u00e1ctil capacitiva<\/li>\n<li style='margin-bottom: 5px;'>Modo t\u00e1ctil seleccionable por el usuario<\/li>\n<\/ul><\/div>\n<div style='flex: 1 1 300px; min-width: 280px;'>\n<h3 style='font-size: 18px; border-bottom: 2px solid currentColor; padding-bottom: 5px; margin-top: 0; color: inherit; opacity: 0.8;'>Almacenamiento<\/h3>\n<ul style='padding-left: 20px; font-size: 15px; color: inherit;'>\n<li style='margin-bottom: 5px;'>Unidad de estado s\u00f3lido PCIE NVME de 256 GB<\/li>\n<li style='margin-bottom: 5px;'>Opcional PCIE de 512 GB&comma; 1 TB o 2 TB<\/li>\n<li style='margin-bottom: 5px;'>Opcional OPAL 2.0<\/li>\n<li style='margin-bottom: 5px;'>Segundo almacenamiento unidad de estado s\u00f3lido opcional<\/li>\n<li style='margin-bottom: 5px;'>ExpressCard 54 opcional<\/li>\n<li style='margin-bottom: 5px;'>Lector de c\u00f3digos de barras 1D\/2D opcional<\/li>\n<\/ul><\/div>\n<div style='flex: 1 1 300px; min-width: 280px;'>\n<h3 style='font-size: 18px; border-bottom: 2px solid currentColor; padding-bottom: 5px; margin-top: 0; color: inherit; opacity: 0.8;'>Memoria<\/h3>\n<ul style='padding-left: 20px; font-size: 15px; color: inherit;'>\n<li style='margin-bottom: 5px;'>2 ranuras de 16 GB hasta 64 GB<\/li>\n<li style='margin-bottom: 5px;'>DDR5 de 5600 MHz<\/li>\n<\/ul><\/div>\n<div style='flex: 1 1 300px; min-width: 280px;'>\n<h3 style='font-size: 18px; border-bottom: 2px solid currentColor; padding-bottom: 5px; margin-top: 0; color: inherit; opacity: 0.8;'>Bater\u00eda<\/h3>\n<ul style='padding-left: 20px; font-size: 15px; color: inherit;'>\n<li style='margin-bottom: 5px;'>Principal: 10&comma;8 V&comma; 6900 mAh y 16 horas<\/li>\n<li style='margin-bottom: 5px;'>Segunda bater\u00eda opcional: 10&comma;8 V&comma; 6900 mAh y 16 horas<\/li>\n<li style='margin-bottom: 5px;'>Tecnolog\u00eda de doble bater\u00eda intercambiable en caliente<\/li>\n<\/ul><\/div>\n<div style='flex: 1 1 300px; min-width: 280px;'>\n<h3 style='font-size: 18px; border-bottom: 2px solid currentColor; padding-bottom: 5px; margin-top: 0; color: inherit; opacity: 0.8;'>Seguridad<\/h3>\n<ul style='padding-left: 20px; font-size: 15px; color: inherit;'>\n<li style='margin-bottom: 5px;'>Tecnolog\u00eda Intel\u00ae vPro\u2122<\/li>\n<li style='margin-bottom: 5px;'>Secured-Core PC<\/li>\n<li style='margin-bottom: 5px;'>TPM 2.0<\/li>\n<li style='margin-bottom: 5px;'>Compatible con BIOS NIST<\/li>\n<li style='margin-bottom: 5px;'>Modo invisible<\/li>\n<li style='margin-bottom: 5px;'>Bloqueo Kensington<\/li>\n<\/ul><\/div>\n<div style='flex: 1 1 300px; min-width: 280px;'>\n<h3 style='font-size: 18px; border-bottom: 2px solid currentColor; padding-bottom: 5px; margin-top: 0; color: inherit; opacity: 0.8;'>C\u00e1maras<\/h3>\n<ul style='padding-left: 20px; font-size: 15px; color: inherit;'>\n<li style='margin-bottom: 5px;'>C\u00e1mara web integrada de 2&comma;0 megap\u00edxeles con dise\u00f1o de obturador<\/li>\n<li style='margin-bottom: 5px;'>C\u00e1mara de infrarrojos (IR) de 5&comma;0 megap\u00edxeles opcional para Windows Hello<\/li>\n<\/ul><\/div>\n<div style='flex: 1 1 300px; min-width: 280px;'>\n<h3 style='font-size: 18px; border-bottom: 2px solid currentColor; padding-bottom: 5px; margin-top: 0; color: inherit; opacity: 0.8;'>Condiciones Medioambientales<\/h3>\n<ul style='padding-left: 20px; font-size: 15px; color: inherit;'>\n<li style='margin-bottom: 5px;'>Temperatura de funcionamiento: -29\u00b0C ~ 63\u00b0C \/ -20\u00b0F ~ 145\u00b0F<\/li>\n<li style='margin-bottom: 5px;'>Temperatura de almacenamiento: -51\u00b0C ~ 71\u00b0C \/ -60\u00b0F ~ 160\u00b0F<\/li>\n<li style='margin-bottom: 5px;'>Humedad: 5 % ~ 95 %<\/li>\n<\/ul><\/div>\n<div style='flex: 1 1 300px; min-width: 280px;'>\n<h3 style='font-size: 18px; border-bottom: 2px solid currentColor; padding-bottom: 5px; margin-top: 0; color: inherit; opacity: 0.8;'>Dimensiones y Peso<\/h3>\n<ul style='padding-left: 20px; font-size: 15px; color: inherit;'>\n<li style='margin-bottom: 5px;'>350 mm (LA) x 282 mm (AN) x 38 mm (AL)<\/li>\n<li style='margin-bottom: 5px;'>Peso: 2&comma;37 kg<\/li>\n<\/ul><\/div>\n<div style='flex: 1 1 300px; min-width: 280px;'>\n<h3 style='font-size: 18px; border-bottom: 2px solid currentColor; padding-bottom: 5px; margin-top: 0; color: inherit; opacity: 0.8;'>Otras Caracter\u00edsticas<\/h3>\n<ul style='padding-left: 20px; font-size: 15px; color: inherit;'>\n<li style='margin-bottom: 5px;'>Teclado de membrana con retroiluminaci\u00f3n LED opcional<\/li>\n<li style='margin-bottom: 5px;'>2 teclas definibles por el usuario (P1\/P2)<\/li>\n<li style='margin-bottom: 5px;'>Micr\u00f3fono integrado<\/li>\n<li style='margin-bottom: 5px;'>Altavoces integrados x2<\/li>\n<li style='margin-bottom: 5px;'>Controles de volumen y silencio en el teclado<\/li>\n<li style='margin-bottom: 5px;'>Puerto HDMI 2.1 (tipo A) x1<\/li>\n<li style='margin-bottom: 5px;'>Puerto serie (RS232&comma; 422 y 485: D-sub&comma; 9 contactos) x1 \u00f3 x2<\/li>\n<li style='margin-bottom: 5px;'>Conector de entrada de CC x1<\/li>\n<li style='margin-bottom: 5px;'>Antena de RF de conexi\u00f3n directa opcional para GPS&comma; WLAN y WWAN<\/li>\n<li style='margin-bottom: 5px;'>Lector de tarjetas inteligentes opcional<\/li>\n<li style='margin-bottom: 5px;'>ExpressCard 54 opcional<\/li>\n<li style='margin-bottom: 5px;'>Conector de acoplamiento opcional (Pogo de 41 contactos)<\/li>\n<li style='margin-bottom: 5px;'>VGA discreta opcional<\/li>\n<li style='margin-bottom: 5px;'>Lector de huellas dactilares opcional<\/li>\n<li style='margin-bottom: 5px;'>Modo de visi\u00f3n nocturna opcional<\/li>\n<li style='margin-bottom: 5px;'>Lector LF\/HF-RFID (NFC) opcional<\/li>\n<\/ul><\/div>\n<\/p><\/div>\n<p> <!-- Secci\u00f3n de Garant\u00eda --> <\/p>\n<div style='margin-bottom: 30px;'>\n<h3 style='font-size: 18px; border-bottom: 2px solid currentColor; padding-bottom: 5px; margin-top: 0; color: inherit; opacity: 0.8;'>Garant\u00eda<\/h3>\n<p style='font-size: 15px; color: inherit; margin: 0;'>Garant\u00eda est\u00e1ndar limitada de 3 a\u00f1os<\/p>\n<\/p><\/div>\n<p> <!-- Notas --> <\/p>\n<div style='margin-bottom: 30px;'>\n<h3 style='font-size: 18px; border-bottom: 2px solid currentColor; padding-bottom: 5px; margin-top: 0; color: inherit; opacity: 0.8;'>Notas<\/h3>\n<ul style='padding-left: 20px; font-size: 15px; color: inherit;'>\n<li style='margin-bottom: 5px;'>1. P\u00f3ngase en contacto con su representante de ventas para conocer la disponibilidad de funciones.<\/li>\n<li style='margin-bottom: 5px;'>2. El modo de visi\u00f3n nocturna est\u00e1 disponible solo para la pantalla legible a la luz del sol.<\/li>\n<li style='margin-bottom: 5px;'>3. Lector de tarjetas inteligentes&comma; ExpressCard 54 y 2.\u00ba puerto serie (RS232)+USB 3.2 Gen1 (tipo A) son opciones mutuamente excluyentes.<\/li>\n<li style='margin-bottom: 5px;'>4. Probado con MobileMark 2014 sin usar banda ancha m\u00f3vil. Los resultados pueden variar.<\/li>\n<li style='margin-bottom: 5px;'>5. El peso var\u00eda seg\u00fan las opciones. El tama\u00f1o con tarjeta VGA discreta opcional es de 61 mm (AL).<\/li>\n<li style='margin-bottom: 5px;'>6. Para rendimiento gr\u00e1fico \u00f3ptimo&comma; se recomienda 32 GB de memoria y SSD de 512 GB o m\u00e1s.<\/li>\n<\/ul><\/div>\n<p> <!-- Separador final --> <\/p>\n<hr style='border: 0; border-top: 1px solid rgba(150&comma; 150&comma; 150&comma; 0.3); margin: 30px 0;'> <\/div>\n","protected":false},"excerpt":{"rendered":"<p>Laptop Ruggedizada S14I \/ Intel Core Ultra con NPU AI \/ Pantalla DynaVue FHD 1200 nits \/ Doble Bater\u00eda Intercambiable en Caliente 32h \/ MIL-STD-810H IP53 \/ Thunderbolt 4 x2 \/ Doble RJ45 \/ Wi-Fi 7 \/ 4G LTE-5G<\/p>\n","protected":false},"featured_media":32,"comment_status":"open","ping_status":"closed","template":"","meta":[],"product_brand":[],"product_cat":[2195],"product_tag":[2194,2055,2196],"class_list":{"0":"post-84765","1":"product","2":"type-product","3":"status-publish","4":"has-post-thumbnail","6":"product_cat-laptops","7":"product_tag-durabook","8":"product_tag-equipo-de-computo","9":"product_tag-laptops","11":"first","12":"outofstock","13":"sale","14":"shipping-taxable","15":"purchasable","16":"product-type-simple"},"_links":{"self":[{"href":"https:\/\/soydeaqui.ddns.net\/pachuca\/index.php\/wp-json\/wp\/v2\/product\/84765","targetHints":{"allow":["GET"]}}],"collection":[{"href":"https:\/\/soydeaqui.ddns.net\/pachuca\/index.php\/wp-json\/wp\/v2\/product"}],"about":[{"href":"https:\/\/soydeaqui.ddns.net\/pachuca\/index.php\/wp-json\/wp\/v2\/types\/product"}],"replies":[{"embeddable":true,"href":"https:\/\/soydeaqui.ddns.net\/pachuca\/index.php\/wp-json\/wp\/v2\/comments?post=84765"}],"wp:featuredmedia":[{"embeddable":true,"href":"https:\/\/soydeaqui.ddns.net\/pachuca\/index.php\/wp-json\/wp\/v2\/media\/32"}],"wp:attachment":[{"href":"https:\/\/soydeaqui.ddns.net\/pachuca\/index.php\/wp-json\/wp\/v2\/media?parent=84765"}],"wp:term":[{"taxonomy":"product_brand","embeddable":true,"href":"https:\/\/soydeaqui.ddns.net\/pachuca\/index.php\/wp-json\/wp\/v2\/product_brand?post=84765"},{"taxonomy":"product_cat","embeddable":true,"href":"https:\/\/soydeaqui.ddns.net\/pachuca\/index.php\/wp-json\/wp\/v2\/product_cat?post=84765"},{"taxonomy":"product_tag","embeddable":true,"href":"https:\/\/soydeaqui.ddns.net\/pachuca\/index.php\/wp-json\/wp\/v2\/product_tag?post=84765"}],"curies":[{"name":"wp","href":"https:\/\/api.w.org\/{rel}","templated":true}]}}