{"id":84753,"date":"2026-03-19T21:06:04","date_gmt":"2026-03-19T21:06:04","guid":{"rendered":"https:\/\/soydeaqui.ddns.net\/pachuca\/index.php\/producto\/puente-inalambrico-20km-5ghz-867mbps-ip55-tdma-poe-antena-23dbi-40c-a-65c\/"},"modified":"2026-03-19T21:06:05","modified_gmt":"2026-03-19T21:06:05","slug":"puente-inalambrico-20km-5ghz-867mbps-ip55-tdma-poe-antena-23dbi-40c-a-65c","status":"publish","type":"product","link":"https:\/\/soydeaqui.ddns.net\/pachuca\/index.php\/producto\/puente-inalambrico-20km-5ghz-867mbps-ip55-tdma-poe-antena-23dbi-40c-a-65c\/","title":{"rendered":"Puente Inal\u00e1mbrico 20KM \/ 5GHz 867Mbps \/ IP55 \/ TDMA \/ PoE \/ Antena 23dBi \/ -40\u00b0C a 65\u00b0C"},"content":{"rendered":"<div style='width: 100%; max-width: 1200px; margin: 0 auto; font-family: sans-serif; line-height: 1.6; color: inherit; background-color: transparent;'> <!-- Secci\u00f3n de caracter\u00edsticas principales --> <\/p>\n<div style='display: flex; flex-wrap: wrap; gap: 30px; margin-bottom: 30px;'>\n<div style='flex: 1 1 300px; min-width: 280px;'>\n<h3 style='font-size: 22px; border-bottom: 2px solid currentColor; padding-bottom: 5px; margin-top: 0; color: inherit; opacity: 0.8;'>Caracter\u00edsticas Principales<\/h3>\n<ul style='padding-left: 20px; font-size: 15px; color: inherit;'>\n<li style='margin-bottom: 5px;'>Modo de operaci\u00f3n: Access Point y Estaci\u00f3n<\/li>\n<li style='margin-bottom: 5px;'>Antena integrada de 23 dBi<\/li>\n<li style='margin-bottom: 5px;'>Hasta 867 Mbps de velocidad<\/li>\n<li style='margin-bottom: 5px;'>Distancia de transmisi\u00f3n de hasta 20 km<\/li>\n<li style='margin-bottom: 5px;'>Soporta TDMA<\/li>\n<li style='margin-bottom: 5px;'>Alimentaci\u00f3n PoE<\/li>\n<li style='margin-bottom: 5px;'>Protecci\u00f3n IP55<\/li>\n<li style='margin-bottom: 5px;'>Rango de temperatura: -40\u00b0C a 65\u00b0C<\/li>\n<li style='margin-bottom: 5px;'>Garant\u00eda de 2 a\u00f1os<\/li>\n<\/ul><\/div>\n<\/p><\/div>\n<p> <!-- Secci\u00f3n de especificaciones t\u00e9cnicas --> <\/p>\n<div style='display: flex; flex-wrap: wrap; gap: 20px; margin-bottom: 30px;'>\n<div style='flex: 1 1 250px; border: 1px solid rgba(150&comma; 150&comma; 150&comma; 0.4); border-radius: 8px; overflow: hidden; display: flex; flex-direction: column;'>\n<div style='padding: 15px; border-bottom: 1px solid rgba(150&comma; 150&comma; 150&comma; 0.2); font-weight: bold; font-size: 18px; color: inherit;'>Especificaciones Generales<\/div>\n<div style='padding: 15px; color: inherit;'>\n<ul style='padding-left: 20px; margin: 0; font-size: 14px; list-style-type: disc;'>\n<li style='margin-bottom: 5px;'><strong>Dimensiones:<\/strong> 372.2 mm (14.65&#8242;) de di\u00e1metro&comma; 241.02 mm (9.45&#8242;) de grosor<\/li>\n<li style='margin-bottom: 5px;'><strong>Peso:<\/strong> 0.9 kg (1.98 lb) neto&comma; 2.1 kg (4.63 lb) bruto<\/li>\n<li style='margin-bottom: 5px;'><strong>Temperatura de operaci\u00f3n:<\/strong> -40 \u00b0C a 65 \u00b0C (-40 \u00b0F a 149 \u00b0F)<\/li>\n<li style='margin-bottom: 5px;'><strong>Humedad de operaci\u00f3n:<\/strong> 5% a 95% sin condensaci\u00f3n<\/li>\n<li style='margin-bottom: 5px;'><strong>Temperatura de almacenamiento:<\/strong> -40 \u00b0C a 85 \u00b0C (-40 \u00b0F a 185 \u00b0F)<\/li>\n<li style='margin-bottom: 5px;'><strong>Humedad de almacenamiento:<\/strong> 5% a 95% sin condensaci\u00f3n<\/li>\n<li style='margin-bottom: 5px;'><strong>Instalaci\u00f3n:<\/strong> Montaje en poste<\/li>\n<li style='margin-bottom: 5px;'><strong>Protecci\u00f3n:<\/strong> IP55<\/li>\n<li style='margin-bottom: 5px;'><strong>Consumo:<\/strong> 6 W t\u00edpico&comma; 8 W m\u00e1ximo<\/li>\n<\/ul><\/div>\n<\/p><\/div>\n<div style='flex: 1 1 250px; border: 1px solid rgba(150&comma; 150&comma; 150&comma; 0.4); border-radius: 8px; overflow: hidden; display: flex; flex-direction: column;'>\n<div style='padding: 15px; border-bottom: 1px solid rgba(150&comma; 150&comma; 150&comma; 0.2); font-weight: bold; font-size: 18px; color: inherit;'>Especificaciones Inal\u00e1mbricas<\/div>\n<div style='padding: 15px; color: inherit;'>\n<ul style='padding-left: 20px; margin: 0; font-size: 14px; list-style-type: disc;'>\n<li style='margin-bottom: 5px;'><strong>Est\u00e1ndar:<\/strong> IEEE 802.11\/a\/n\/ac<\/li>\n<li style='margin-bottom: 5px;'><strong>Banda de frecuencia:<\/strong> 5150-5850 MHz<\/li>\n<li style='margin-bottom: 5px;'><strong>Antena:<\/strong> 23 dBi integrada<\/li>\n<li style='margin-bottom: 5px;'><strong>Ancho de haz:<\/strong> 10\u00b0 horizontal y vertical<\/li>\n<li style='margin-bottom: 5px;'><strong>Potencia de transmisi\u00f3n:<\/strong> 27 dBm @11ac MCS0<\/li>\n<li style='margin-bottom: 5px;'><strong>Sensibilidad de recepci\u00f3n:<\/strong> -85\u00b12dBm@AC80-MCS0&comma; -60\u00b12 dBm@AC80-MCS9<\/li>\n<li style='margin-bottom: 5px;'><strong>Tasa de transmisi\u00f3n:<\/strong> Hasta 867 Mbps<\/li>\n<li style='margin-bottom: 5px;'><strong>Distancia:<\/strong> Hasta 20 km<\/li>\n<li style='margin-bottom: 5px;'><strong>Velocidad:<\/strong> 230 Mbps\/20 KM(AC80)&comma; 250 Mbps\/15 KM(AC80)&comma; 300 Mbps\/10 KM(AC80)&comma; 350 Mbps\/5 KM(AC80)<\/li>\n<\/ul><\/div>\n<\/p><\/div>\n<div style='flex: 1 1 250px; border: 1px solid rgba(150&comma; 150&comma; 150&comma; 0.4); border-radius: 8px; overflow: hidden; display: flex; flex-direction: column;'>\n<div style='padding: 15px; border-bottom: 1px solid rgba(150&comma; 150&comma; 150&comma; 0.2); font-weight: bold; font-size: 18px; color: inherit;'>Par\u00e1metros de Hardware<\/div>\n<div style='padding: 15px; color: inherit;'>\n<ul style='padding-left: 20px; margin: 0; font-size: 14px; list-style-type: disc;'>\n<li style='margin-bottom: 5px;'><strong>Interfaz de red:<\/strong> 1 puerto RJ45 de 1000 Mbps<\/li>\n<li style='margin-bottom: 5px;'><strong>Indicador LED:<\/strong> Intensidad de se\u00f1al<\/li>\n<li style='margin-bottom: 5px;'><strong>Bot\u00f3n Reset:<\/strong> Para reiniciar a valores de f\u00e1brica<\/li>\n<li style='margin-bottom: 5px;'><strong>Alimentaci\u00f3n:<\/strong> 48V 0.25A PoE o PoE(802.3af) 36\uff5e57V 0.2A<\/li>\n<\/ul><\/div>\n<\/p><\/div>\n<div style='flex: 1 1 250px; border: 1px solid rgba(150&comma; 150&comma; 150&comma; 0.4); border-radius: 8px; overflow: hidden; display: flex; flex-direction: column;'>\n<div style='padding: 15px; border-bottom: 1px solid rgba(150&comma; 150&comma; 150&comma; 0.2); font-weight: bold; font-size: 18px; color: inherit;'>Funciones de Software<\/div>\n<div style='padding: 15px; color: inherit;'>\n<ul style='padding-left: 20px; margin: 0; font-size: 14px; list-style-type: disc;'>\n<li style='margin-bottom: 5px;'><strong>Modos:<\/strong> TDMA&comma; DFS<\/li>\n<li style='margin-bottom: 5px;'><strong>Ancho de canal:<\/strong> 20\/40\/80 MHz<\/li>\n<li style='margin-bottom: 5px;'><strong>Selecci\u00f3n de canal:<\/strong> Autom\u00e1tica\/manual<\/li>\n<li style='margin-bottom: 5px;'><strong>Seguridad:<\/strong> WPA2-PSK&comma; ocultar nombre de red<\/li>\n<li style='margin-bottom: 5px;'><strong>Protocolos:<\/strong> NTP&comma; SADP&comma; HTTPS\/HTTP&comma; SSH<\/li>\n<li style='margin-bottom: 5px;'><strong>Gesti\u00f3n:<\/strong> Web<\/li>\n<li style='margin-bottom: 5px;'><strong>Registro:<\/strong> Syslog<\/li>\n<li style='margin-bottom: 5px;'><strong>Actualizaci\u00f3n:<\/strong> Web<\/li>\n<\/ul><\/div>\n<\/p><\/div>\n<div style='flex: 1 1 250px; border: 1px solid rgba(150&comma; 150&comma; 150&comma; 0.4); border-radius: 8px; overflow: hidden; display: flex; flex-direction: column;'>\n<div style='padding: 15px; border-bottom: 1px solid rgba(150&comma; 150&comma; 150&comma; 0.2); font-weight: bold; font-size: 18px; color: inherit;'>Certificaciones<\/div>\n<div style='padding: 15px; color: inherit;'>\n<ul style='padding-left: 20px; margin: 0; font-size: 14px; list-style-type: disc;'>\n<li style='margin-bottom: 5px;'><strong>EMC:<\/strong> CE-EMC&comma; IC&comma; RCM<\/li>\n<li style='margin-bottom: 5px;'><strong>Seguridad:<\/strong> UL&comma; CB&comma; CE-LVD<\/li>\n<li style='margin-bottom: 5px;'><strong>Qu\u00edmica:<\/strong> CE-RoHS&comma; WEEE&comma; Reach<\/li>\n<li style='margin-bottom: 5px;'><strong>Radio:<\/strong> EN 301 893&comma; EN 300 440&comma; EN 62311&comma; EN 301 489-3&comma; EN 301 489-17&comma; FCC Part 15.247<\/li>\n<\/ul><\/div>\n<\/p><\/div>\n<div style='flex: 1 1 250px; border: 1px solid rgba(150&comma; 150&comma; 150&comma; 0.4); border-radius: 8px; overflow: hidden; display: flex; flex-direction: column;'>\n<div style='padding: 15px; border-bottom: 1px solid rgba(150&comma; 150&comma; 150&comma; 0.2); font-weight: bold; font-size: 18px; color: inherit;'>Aplicaciones T\u00edpicas<\/div>\n<div style='padding: 15px; color: inherit;'>\n<ul style='padding-left: 20px; margin: 0; font-size: 14px; list-style-type: disc;'>\n<li style='margin-bottom: 5px;'>V\u00eddeo seguridad inal\u00e1mbrica<\/li>\n<li style='margin-bottom: 5px;'>Ferrocarriles y transporte<\/li>\n<li style='margin-bottom: 5px;'>Redes el\u00e9ctricas<\/li>\n<li style='margin-bottom: 5px;'>Construcci\u00f3n de redes troncales<\/li>\n<li style='margin-bottom: 5px;'>Cobertura rural<\/li>\n<li style='margin-bottom: 5px;'>Redes de banda ancha<\/li>\n<\/ul><\/div>\n<\/p><\/div>\n<div style='flex: 1 1 250px; border: 1px solid rgba(150&comma; 150&comma; 150&comma; 0.4); border-radius: 8px; overflow: hidden; display: flex; flex-direction: column;'>\n<div style='padding: 15px; border-bottom: 1px solid rgba(150&comma; 150&comma; 150&comma; 0.2); font-weight: bold; font-size: 18px; color: inherit;'>Contenido del Paquete<\/div>\n<div style='padding: 15px; color: inherit;'>\n<ul style='padding-left: 20px; margin: 0; font-size: 14px; list-style-type: disc;'>\n<li style='margin-bottom: 5px;'>Puente inal\u00e1mbrico \u00d7 1<\/li>\n<li style='margin-bottom: 5px;'>Adaptador de corriente \u00d7 1<\/li>\n<li style='margin-bottom: 5px;'>Cable de alimentaci\u00f3n \u00d7 1<\/li>\n<li style='margin-bottom: 5px;'>Tapa RJ45 \u00d7 1<\/li>\n<li style='margin-bottom: 5px;'>Soporte ajustable \u00d7 1<\/li>\n<li style='margin-bottom: 5px;'>Aro \u00d7 1<\/li>\n<li style='margin-bottom: 5px;'>Placa reflectora de antena \u00d7 1<\/li>\n<li style='margin-bottom: 5px;'>Gu\u00eda r\u00e1pida \u00d7 1<\/li>\n<li style='margin-bottom: 5px;'>Documentaci\u00f3n \u00d7 1<\/li>\n<\/ul><\/div>\n<\/p><\/div>\n<\/p><\/div>\n<p> <!-- Separador --> <\/p>\n<hr style='border: 0; border-top: 1px solid rgba(150&comma; 150&comma; 150&comma; 0.3); margin: 30px 0;'> <\/div>\n","protected":false},"excerpt":{"rendered":"<p>Puente Inal\u00e1mbrico 20KM \/ 5GHz 867Mbps \/ IP55 \/ TDMA \/ PoE \/ Antena 23dBi \/ -40\u00b0C a 65\u00b0C<\/p>\n","protected":false},"featured_media":84752,"comment_status":"open","ping_status":"closed","template":"","meta":[],"product_brand":[],"product_cat":[1998],"product_tag":[1999,1980,54],"class_list":{"0":"post-84753","1":"product","2":"type-product","3":"status-publish","4":"has-post-thumbnail","6":"product_cat-5-y-6-ghz","7":"product_tag-5-y-6-ghz","8":"product_tag-enlaces-ptp-y-ptmp","9":"product_tag-hikvision","11":"first","12":"instock","13":"sale","14":"shipping-taxable","15":"purchasable","16":"product-type-simple"},"_links":{"self":[{"href":"https:\/\/soydeaqui.ddns.net\/pachuca\/index.php\/wp-json\/wp\/v2\/product\/84753","targetHints":{"allow":["GET"]}}],"collection":[{"href":"https:\/\/soydeaqui.ddns.net\/pachuca\/index.php\/wp-json\/wp\/v2\/product"}],"about":[{"href":"https:\/\/soydeaqui.ddns.net\/pachuca\/index.php\/wp-json\/wp\/v2\/types\/product"}],"replies":[{"embeddable":true,"href":"https:\/\/soydeaqui.ddns.net\/pachuca\/index.php\/wp-json\/wp\/v2\/comments?post=84753"}],"wp:featuredmedia":[{"embeddable":true,"href":"https:\/\/soydeaqui.ddns.net\/pachuca\/index.php\/wp-json\/wp\/v2\/media\/84752"}],"wp:attachment":[{"href":"https:\/\/soydeaqui.ddns.net\/pachuca\/index.php\/wp-json\/wp\/v2\/media?parent=84753"}],"wp:term":[{"taxonomy":"product_brand","embeddable":true,"href":"https:\/\/soydeaqui.ddns.net\/pachuca\/index.php\/wp-json\/wp\/v2\/product_brand?post=84753"},{"taxonomy":"product_cat","embeddable":true,"href":"https:\/\/soydeaqui.ddns.net\/pachuca\/index.php\/wp-json\/wp\/v2\/product_cat?post=84753"},{"taxonomy":"product_tag","embeddable":true,"href":"https:\/\/soydeaqui.ddns.net\/pachuca\/index.php\/wp-json\/wp\/v2\/product_tag?post=84753"}],"curies":[{"name":"wp","href":"https:\/\/api.w.org\/{rel}","templated":true}]}}