{"id":84525,"date":"2026-03-19T20:56:10","date_gmt":"2026-03-19T20:56:10","guid":{"rendered":"https:\/\/soydeaqui.ddns.net\/pachuca\/index.php\/producto\/router-ekit-para-150-clientes-controladora-para-16-aps-5-puertos-poe-1-wan-2-5-gbps-1-lan-gigabit-3-lan-wan-gigabit-presupuesto-poe-41w-gestion-en-la-nube-libre-de-licenciamiento\/"},"modified":"2026-03-19T20:56:24","modified_gmt":"2026-03-19T20:56:24","slug":"router-ekit-para-150-clientes-controladora-para-16-aps-5-puertos-poe-1-wan-2-5-gbps-1-lan-gigabit-3-lan-wan-gigabit-presupuesto-poe-41w-gestion-en-la-nube-libre-de-licenciamiento","status":"publish","type":"product","link":"https:\/\/soydeaqui.ddns.net\/pachuca\/index.php\/producto\/router-ekit-para-150-clientes-controladora-para-16-aps-5-puertos-poe-1-wan-2-5-gbps-1-lan-gigabit-3-lan-wan-gigabit-presupuesto-poe-41w-gestion-en-la-nube-libre-de-licenciamiento\/","title":{"rendered":"Router eKit para 150 clientes \/ Controladora para 16 APs \/ 5 Puertos PoE+ (1 WAN 2.5 Gbps + 1 LAN Gigabit + 3 LAN\/WAN gigabit) \/ Presupuesto PoE 41W \/ Gesti\u00f3n en la nube \/ Libre de licenciamiento"},"content":{"rendered":"<div style='width: 100%; max-width: 1200px; margin: 0 auto; font-family: sans-serif; line-height: 1.6; color: inherit; background-color: transparent;'> <!-- Video section --> <\/p>\n<div style='display: flex; flex-wrap: wrap; gap: 30px; margin-bottom: 30px;'>\n<div style='flex: 1 1 300px; min-width: 280px;'>\n<div style='position: relative; padding-bottom: 56.25%; height: 0; overflow: hidden; margin-bottom: 30px;'> <video style='position: absolute; top: 0; left: 0; width: 100%; height: 100%; border: 1px solid rgba(150&comma;150&comma;150&comma;0.3); border-radius: 8px;' src='https:\/\/ftp3.syscom.mx\/usuarios\/axel\/Huawei\/eKit\/AR280\/HUAWEI%20eKitEngine%20AR280%20%20Introduction.mp4' autoplay muted loop playsinline><\/video> <\/div>\n<\/p><\/div>\n<\/p><\/div>\n<p> <!-- Hero section with image and description --> <\/p>\n<div style='display: flex; flex-wrap: wrap; gap: 30px; margin-bottom: 30px;'>\n<div style='flex: 1 1 300px; min-width: 280px;'> <img style='width: 100%; height: auto; border: 1px solid rgba(150&comma;150&comma;150&comma;0.3); border-radius: 8px;' src='http:\/\/ftp3.syscom.mx\/usuarios\/ftp\/2025\/11\/07\/1971\/Captura_de_pantalla_20251107_a_la_s__12.18.59p.m..png_froala_690e3824378e2' alt='Switch Industrial eKit S210I-8T4SX'> <\/div>\n<div style='flex: 2 1 600px; min-width: 280px;'>\n<h2 style='font-size: 22px; border-bottom: 2px solid currentColor; padding-bottom: 5px; margin-top: 0; color: inherit; opacity: 0.8;'>Router AR280: Router multiservicio de alto rendimiento y clase empresarial para peque\u00f1as y medianas empresas (PYMEs)<\/h2>\n<p>El Huawei eKitEngine AR280 es un router multiservicio a 2.5G de alto rendimiento dise\u00f1ado para PYMES. Ofrece una configuraci\u00f3n de puertos flexible con soporte PoE continuo&comma; funciones avanzadas como VPN&comma; balanceo de carga y control de aplicaciones. Su dise\u00f1o todo en uno brinda gran versatilidad y costo-efectividad para entornos como oficinas&comma; escuelas&comma; hoteles y comercios.<\/p>\n<\/p><\/div>\n<\/p><\/div>\n<p> <!-- Specifications cards --> <\/p>\n<div style='display: flex; flex-wrap: wrap; gap: 20px; margin-bottom: 30px;'> <!-- Main features card --> <\/p>\n<div style='flex: 1 1 250px; border: 1px solid rgba(150&comma; 150&comma; 150&comma; 0.4); border-radius: 8px; overflow: hidden; display: flex; flex-direction: column;'>\n<div style='padding: 15px; border-bottom: 1px solid rgba(150&comma; 150&comma; 150&comma; 0.2); font-weight: bold; font-size: 18px; color: inherit;'>Caracter\u00edsticas principales<\/div>\n<div style='padding: 15px; color: inherit;'>\n<ul style='padding-left: 20px; margin: 0; font-size: 14px; list-style-type: disc;'>\n<li style='margin-bottom: 5px;'>(1) Puerto PoE+ WAN a 2.5 Gbps<\/li>\n<li style='margin-bottom: 5px;'>(1) Puerto PoE+ LAN Gigabit<\/li>\n<li style='margin-bottom: 5px;'>(3) Puertos PoE+ LAN\/WAN Gigabit<\/li>\n<li style='margin-bottom: 5px;'>(1) Bot\u00f3n de reset<\/li>\n<li style='margin-bottom: 5px;'>Para 150 clientes<\/li>\n<li style='margin-bottom: 5px;'>Controladora de 16 Puntos de acceso Huawei Ekit<\/li>\n<li style='margin-bottom: 5px;'>Administraci\u00f3n: Interfaz Web&comma; CLI&comma; Nube SNC&comma; APP<\/li>\n<li style='margin-bottom: 5px;'>(16) T\u00faneles VPN IPsec (Rendimiento 200 Mbps)<\/li>\n<li style='margin-bottom: 5px;'>Rendimiento de 2 Gbps<\/li>\n<li style='margin-bottom: 5px;'>(256) VLANs<\/li>\n<\/ul><\/div>\n<\/p><\/div>\n<p> <!-- Physical and electrical features card --> <\/p>\n<div style='flex: 1 1 250px; border: 1px solid rgba(150&comma; 150&comma; 150&comma; 0.4); border-radius: 8px; overflow: hidden; display: flex; flex-direction: column;'>\n<div style='padding: 15px; border-bottom: 1px solid rgba(150&comma; 150&comma; 150&comma; 0.2); font-weight: bold; font-size: 18px; color: inherit;'>Caracter\u00edsticas f\u00edsicas y el\u00e9ctricas<\/div>\n<div style='padding: 15px; color: inherit;'>\n<ul style='padding-left: 20px; margin: 0; font-size: 14px; list-style-type: disc;'>\n<li style='margin-bottom: 5px;'><strong>Dimensiones<\/strong>: 35 mm x 195 mm x 130 mm<\/li>\n<li style='margin-bottom: 5px;'>Peso: 1.29 kg (incluyendo caja)<\/li>\n<li style='margin-bottom: 5px;'><strong>Alimentaci\u00f3n<\/strong>: 100\u2013240 V AC; 50 Hz\/60 Hz (Con fuente incluida)<\/li>\n<li style='margin-bottom: 5px;'><strong>Presupuesto PoE<\/strong>: 41W<\/li>\n<li style='margin-bottom: 5px;'><strong>Consumo m\u00e1ximo<\/strong>: 50W<\/li>\n<li style='margin-bottom: 5px;'>Temperatura de operaci\u00f3n: 0\u00b0C a 40\u00b0C<\/li>\n<li style='margin-bottom: 5px;'>Humedad de operaci\u00f3n: 5% to 95%&comma; sin condensaci\u00f3n<\/li>\n<li style='margin-bottom: 5px;'>Carcasa de metal<\/li>\n<\/ul><\/div>\n<\/p><\/div>\n<p> <!-- Advanced features card --> <\/p>\n<div style='flex: 1 1 250px; border: 1px solid rgba(150&comma; 150&comma; 150&comma; 0.4); border-radius: 8px; overflow: hidden; display: flex; flex-direction: column;'>\n<div style='padding: 15px; border-bottom: 1px solid rgba(150&comma; 150&comma; 150&comma; 0.2); font-weight: bold; font-size: 18px; color: inherit;'>Funciones avanzadas<\/div>\n<div style='padding: 15px; color: inherit;'>\n<ul style='padding-left: 20px; margin: 0; font-size: 14px; list-style-type: disc;'>\n<li style='margin-bottom: 5px;'>Enrutamiento basado en pol\u00edticas (PBR)<\/li>\n<li style='margin-bottom: 5px;'>Address Resolution Protocol (ARP)<\/li>\n<li style='margin-bottom: 5px;'>STP\/RSTP<\/li>\n<li style='margin-bottom: 5px;'>Control de aplicaciones<\/li>\n<li style='margin-bottom: 5px;'>Politicas de control de acceso: (filtrado de paquetes&comma; control de tr\u00e1fico&comma; redireccionamiento&comma; remarcado y recopilaci\u00f3n de estad\u00edsticas de tr\u00e1fico)<\/li>\n<li style='margin-bottom: 5px;'>Puerta de enlace a nivel de aplicaci\u00f3n (ALG) \/ Nat transversal<\/li>\n<li style='margin-bottom: 5px;'>Filtro de paquetes espec\u00edfico de la aplicaci\u00f3n (ASPF)<\/li>\n<li style='margin-bottom: 5px;'>Infraestructura de Clave P\u00fablica (PKI)<\/li>\n<li style='margin-bottom: 5px;'>Defensa del CPU<\/li>\n<\/ul><\/div>\n<\/p><\/div>\n<p> <!-- Package contents card --> <\/p>\n<div style='flex: 1 1 250px; border: 1px solid rgba(150&comma; 150&comma; 150&comma; 0.4); border-radius: 8px; overflow: hidden; display: flex; flex-direction: column;'>\n<div style='padding: 15px; border-bottom: 1px solid rgba(150&comma; 150&comma; 150&comma; 0.2); font-weight: bold; font-size: 18px; color: inherit;'>Contenido del paquete:<\/div>\n<div style='padding: 15px; color: inherit;'>\n<ul style='padding-left: 20px; margin: 0; font-size: 14px; list-style-type: disc;'>\n<li style='margin-bottom: 5px;'>(1) Router AR280<\/li>\n<li style='margin-bottom: 5px;'>(1) Fuente de alimentaci\u00f3n<\/li>\n<li style='margin-bottom: 5px;'>(1) Cable de alimentaci\u00f3n<\/li>\n<\/ul><\/div>\n<\/p><\/div>\n<\/p><\/div>\n<p> <!-- Additional sections --> <\/p>\n<div style='display: flex; flex-wrap: wrap; gap: 30px; margin-bottom: 30px;'>\n<div style='flex: 1 1 300px; min-width: 280px;'> <img style='width: 100%; height: auto; border: 1px solid rgba(150&comma;150&comma;150&comma;0.3); border-radius: 8px;' src='http:\/\/ftp3.syscom.mx\/usuarios\/ftp\/2025\/11\/07\/1971\/Captura_de_pantalla_20251107_a_la_s__4.13.05p.m..png_froala_690e6efc0398f' alt='Switch Industrial eKit S210I-8T4SX'> <\/div>\n<div style='flex: 2 1 600px; min-width: 280px;'>\n<h3 style='font-size: 22px; border-bottom: 2px solid currentColor; padding-bottom: 5px; margin-top: 0; color: inherit; opacity: 0.8;'>Router todo en uno<\/h3>\n<p>Una soluci\u00f3n integral que combina enrutamiento&comma; conmutaci\u00f3n&comma; control inal\u00e1mbrico (WAC)&comma; alimentaci\u00f3n PoE&comma; balanceo de carga&comma; VPN IPsec y control de aplicaciones&comma; todo en un solo equipo. Ideal para empresas que buscan simplificar su infraestructura&comma; optimizar el rendimiento y fortalecer la seguridad sin comprometer la gesti\u00f3n centralizada.<\/p>\n<\/p><\/div>\n<\/p><\/div>\n<div style='display: flex; flex-wrap: wrap; gap: 30px; margin-bottom: 30px;'>\n<div style='flex: 2 1 600px; min-width: 280px;'>\n<h3 style='font-size: 22px; border-bottom: 2px solid currentColor; padding-bottom: 5px; margin-top: 0; color: inherit; opacity: 0.8;'>Puertos adaptables para cualquier escenario de red<\/h3>\n<p>Alto rendimiento y conectividad flexible. Incluye un puerto WAN de 2.5 Gbps y cuatro puertos LAN Gigabit para aprovechar al m\u00e1ximo anchos de banda de hasta 2&comma;000 Mbps y m\u00faltiples conexiones simult\u00e1neas.<\/p>\n<\/p><\/div>\n<div style='flex: 1 1 300px; min-width: 280px;'> <img style='width: 100%; height: auto; border: 1px solid rgba(150&comma;150&comma;150&comma;0.3); border-radius: 8px;' src='http:\/\/ftp3.syscom.mx\/usuarios\/ftp\/2025\/11\/07\/1971\/Captura_de_pantalla_20251107_a_la_s__4.19.42p.m..png_froala_690e7089cfb9d' alt='Switch Industrial eKit S210I-8T4SX'> <\/div>\n<\/p><\/div>\n<div style='display: flex; flex-wrap: wrap; gap: 30px; margin-bottom: 30px;'>\n<div style='flex: 1 1 300px; min-width: 280px;'> <img style='width: 100%; height: auto; border: 1px solid rgba(150&comma;150&comma;150&comma;0.3); border-radius: 8px;' src='http:\/\/ftp3.syscom.mx\/usuarios\/ftp\/2025\/11\/07\/1971\/Captura_de_pantalla_20251107_a_la_s__4.23.14p.m..png_froala_690e715d78b0c' alt='Switch Industrial eKit S210I-8T4SX'> <\/div>\n<div style='flex: 2 1 600px; min-width: 280px;'>\n<h3 style='font-size: 22px; border-bottom: 2px solid currentColor; padding-bottom: 5px; margin-top: 0; color: inherit; opacity: 0.8;'>Mant\u00e9n tus equipos siempre activos con PoE+ perpetuo<\/h3>\n<p>Esta tecnolog\u00eda garantiza energ\u00eda constante para c\u00e1maras&comma; puntos de acceso&comma; tel\u00e9fonos IP y otros dispositivos cr\u00edticos&comma; incluso durante reinicios o actualizaciones del sistema. Olv\u00eddate de interrupciones: tu red seguir\u00e1 funcionando con total estabilidad&comma; ofreciendo conectividad y alimentaci\u00f3n continua cuando m\u00e1s lo necesitas.<\/p>\n<\/p><\/div>\n<\/p><\/div>\n<div style='display: flex; flex-wrap: wrap; gap: 30px; margin-bottom: 30px;'>\n<div style='flex: 2 1 600px; min-width: 280px;'>\n<h3 style='font-size: 22px; border-bottom: 2px solid currentColor; padding-bottom: 5px; margin-top: 0; color: inherit; opacity: 0.8;'>Alta capacidad de conexi\u00f3n para entornos exigentes<\/h3>\n<p>Dise\u00f1ado para rendir al m\u00e1ximo&comma; este equipo todo en uno ofrece la potencia y estabilidad necesarias para conectar hasta 150 terminales simult\u00e1neas sin comprometer el desempe\u00f1o. Su arquitectura integrada lo convierte en la opci\u00f3n ideal para redes peque\u00f1as y microempresas que buscan una soluci\u00f3n confiable&comma; eficiente y lista para crecer.<\/p>\n<\/p><\/div>\n<div style='flex: 1 1 300px; min-width: 280px;'> <img style='width: 100%; height: auto; border: 1px solid rgba(150&comma;150&comma;150&comma;0.3); border-radius: 8px;' src='http:\/\/ftp3.syscom.mx\/usuarios\/ftp\/2025\/11\/07\/1971\/Captura_de_pantalla_20251107_a_la_s__4.29.17p.m..png_froala_690e77248d6ec' alt='Switch Industrial eKit S210I-8T4SX'> <\/div>\n<\/p><\/div>\n<div style='display: flex; flex-wrap: wrap; gap: 30px; margin-bottom: 30px;'>\n<div style='flex: 1 1 300px; min-width: 280px;'> <img style='width: 100%; height: auto; border: 1px solid rgba(150&comma;150&comma;150&comma;0.3); border-radius: 8px;' src='http:\/\/ftp3.syscom.mx\/usuarios\/ftp\/2025\/11\/07\/1971\/Captura_de_pantalla_20251107_a_la_s__4.34.14p.m..png_froala_690e773f9ef2a' alt='Switch Industrial eKit S210I-8T4SX'> <\/div>\n<div style='flex: 2 1 600px; min-width: 280px;'>\n<h3 style='font-size: 22px; border-bottom: 2px solid currentColor; padding-bottom: 5px; margin-top: 0; color: inherit; opacity: 0.8;'>Gesti\u00f3n flexible y remota sin costo<\/h3>\n<p>M\u00e9todos flexibles de gesti\u00f3n: desde la interfaz web&comma; APP (iOS\/Android\/Harmony OS) y desde la nube SNC de Huawei eKit.<\/p>\n<p>Comparta proyectos para clientes espec\u00edficos&comma; gestione y d\u00e9 soporte t\u00e9cnico de manera remota sin pagos extra&comma; ya que es totalmente gratuita la plataforma de eKit.<\/p>\n<\/p><\/div>\n<\/p><\/div>\n<div style='display: flex; flex-wrap: wrap; gap: 30px; margin-bottom: 30px;'>\n<div style='flex: 2 1 600px; min-width: 280px;'>\n<h3 style='font-size: 22px; border-bottom: 2px solid currentColor; padding-bottom: 5px; margin-top: 0; color: inherit; opacity: 0.8;'>Resoluci\u00f3n de problemas con IA<\/h3>\n<p>Lo importante del soporte t\u00e9cnico o solucionar problemas&comma; es hacerlo de manera r\u00e1pida y efectiva.<\/p>\n<p>Huawei viene a revolucionar esto con la funci\u00f3n de soluci\u00f3n de problemas impulsada por la IA (Inteligencia artificial)&comma; teniendo un diagn\u00f3stico de la red en sus diferentes par\u00e1metros en cuesti\u00f3n de minutos&comma; indicando problemas y posibles soluciones de cada uno de ellos.<\/p>\n<\/p><\/div>\n<div style='flex: 1 1 300px; min-width: 280px;'> <img style='width: 100%; height: auto; border: 1px solid rgba(150&comma;150&comma;150&comma;0.3); border-radius: 8px;' src='http:\/\/ftp3.syscom.mx\/usuarios\/ftp\/2025\/11\/07\/1971\/Captura_de_pantalla_20251107_a_la_s__4.41.49p.m..png_froala_690e7757c1d4c' alt='Switch Industrial eKit S210I-8T4SX'> <\/div>\n<\/p><\/div>\n<div style='display: flex; flex-wrap: wrap; gap: 30px; margin-bottom: 30px;'>\n<div style='flex: 1 1 300px; min-width: 280px;'> <img style='width: 100%; height: auto; border: 1px solid rgba(150&comma;150&comma;150&comma;0.3); border-radius: 8px;' src='http:\/\/ftp3.syscom.mx\/usuarios\/ftp\/2025\/11\/07\/1971\/223794ekitqr.png_froala_690e776fe9e74' alt='Switch Industrial eKit S210I-8T4SX'> <\/div>\n<div style='flex: 2 1 600px; min-width: 280px;'>\n<h3 style='font-size: 22px; border-bottom: 2px solid currentColor; padding-bottom: 5px; margin-top: 0; color: inherit; opacity: 0.8;'>Configura y gestiona tu red eKit desde la app m\u00f3vil<\/h3>\n<p>Con el siguiente c\u00f3digo QR puedes descargar la aplicaci\u00f3n de Huawei eKit en donde podr\u00e1s dar de alta equipos como: Routers&comma; Switch y puntos de acceso de la l\u00ednea eKit&comma; en cuesti\u00f3n de minutos y poder desplegar redes de la comodidad de su smartphone.<\/p>\n<p>Disponible para iOS&comma; Android y Harmony OS.<\/p>\n<\/p><\/div>\n<\/p><\/div>\n<\/p><\/div>\n","protected":false},"excerpt":{"rendered":"<p>Router eKit para 150 clientes \/ Controladora para 16 APs \/ 5 Puertos PoE+ (1 WAN 2.5 Gbps + 1 LAN Gigabit + 3 LAN\/WAN gigabit) \/ Presupuesto PoE 41W \/ Gesti\u00f3n en la nube \/ Libre de licenciamiento<\/p>\n","protected":false},"featured_media":84524,"comment_status":"open","ping_status":"closed","template":"","meta":[],"product_brand":[],"product_cat":[2036,2035,2034],"product_tag":[2039,2038,718,664,2037],"class_list":{"0":"post-84525","1":"product","2":"type-product","3":"status-publish","4":"has-post-thumbnail","6":"product_cat-balanceadores","7":"product_cat-firewalls","8":"product_cat-routers","9":"product_tag-balanceadores","10":"product_tag-firewalls","11":"product_tag-huawei","12":"product_tag-networking","13":"product_tag-routers","15":"first","16":"instock","17":"sale","18":"shipping-taxable","19":"purchasable","20":"product-type-simple"},"_links":{"self":[{"href":"https:\/\/soydeaqui.ddns.net\/pachuca\/index.php\/wp-json\/wp\/v2\/product\/84525","targetHints":{"allow":["GET"]}}],"collection":[{"href":"https:\/\/soydeaqui.ddns.net\/pachuca\/index.php\/wp-json\/wp\/v2\/product"}],"about":[{"href":"https:\/\/soydeaqui.ddns.net\/pachuca\/index.php\/wp-json\/wp\/v2\/types\/product"}],"replies":[{"embeddable":true,"href":"https:\/\/soydeaqui.ddns.net\/pachuca\/index.php\/wp-json\/wp\/v2\/comments?post=84525"}],"wp:featuredmedia":[{"embeddable":true,"href":"https:\/\/soydeaqui.ddns.net\/pachuca\/index.php\/wp-json\/wp\/v2\/media\/84524"}],"wp:attachment":[{"href":"https:\/\/soydeaqui.ddns.net\/pachuca\/index.php\/wp-json\/wp\/v2\/media?parent=84525"}],"wp:term":[{"taxonomy":"product_brand","embeddable":true,"href":"https:\/\/soydeaqui.ddns.net\/pachuca\/index.php\/wp-json\/wp\/v2\/product_brand?post=84525"},{"taxonomy":"product_cat","embeddable":true,"href":"https:\/\/soydeaqui.ddns.net\/pachuca\/index.php\/wp-json\/wp\/v2\/product_cat?post=84525"},{"taxonomy":"product_tag","embeddable":true,"href":"https:\/\/soydeaqui.ddns.net\/pachuca\/index.php\/wp-json\/wp\/v2\/product_tag?post=84525"}],"curies":[{"name":"wp","href":"https:\/\/api.w.org\/{rel}","templated":true}]}}