{"id":84522,"date":"2026-03-19T20:56:04","date_gmt":"2026-03-19T20:56:04","guid":{"rendered":"https:\/\/soydeaqui.ddns.net\/pachuca\/index.php\/producto\/pantalla-interactiva-ideahub-s3-para-colaboracion-inteligente-86-doble-camara-4k-harmony-os-wi-fi-6-24-microfonos-byom-enfoque-automatico-baffle-acustico-gestion-desde-la-nube\/"},"modified":"2026-03-19T20:56:08","modified_gmt":"2026-03-19T20:56:08","slug":"pantalla-interactiva-ideahub-s3-para-colaboracion-inteligente-86-doble-camara-4k-harmony-os-wi-fi-6-24-microfonos-byom-enfoque-automatico-baffle-acustico-gestion-desde-la-nube","status":"publish","type":"product","link":"https:\/\/soydeaqui.ddns.net\/pachuca\/index.php\/producto\/pantalla-interactiva-ideahub-s3-para-colaboracion-inteligente-86-doble-camara-4k-harmony-os-wi-fi-6-24-microfonos-byom-enfoque-automatico-baffle-acustico-gestion-desde-la-nube\/","title":{"rendered":"Pantalla Interactiva IdeaHub S3 para Colaboraci\u00f3n Inteligente \/ 86\u201d \/ Doble C\u00e1mara 4K \/ Harmony OS \/ Wi-Fi 6 \/ 24 Micr\u00f3fonos\/ BYOM \/ Enfoque Autom\u00e1tico\/ Baffle ac\u00fastico \/ Gesti\u00f3n desde la nube"},"content":{"rendered":"<div style='width: 100%; max-width: 1200px; margin: 0 auto; font-family: sans-serif; line-height: 1.6; color: inherit; background-color: transparent;'> <!-- Video principal --> <\/p>\n<div style='position: relative; padding-bottom: 56.25%; height: 0; overflow: hidden; margin-bottom: 30px;'> <video style='position: absolute; top: 0; left: 0; width: 100%; height: 100%; border: 1px solid rgba(150&comma;150&comma;150&comma;0.3); border-radius: 8px;' src='https:\/\/ftp3.syscom.mx\/usuarios\/axel\/Huawei\/IdeaHub\/HUAWEI%20IdeaHub%20S2%20Scenario%20Video_HD_3840x2160.mp4' autoplay muted loop playsinline><\/video> <\/div>\n<p> <!-- Secci\u00f3n de introducci\u00f3n --> <\/p>\n<div style='display: flex; flex-wrap: wrap; gap: 30px; margin-bottom: 30px;'>\n<div style='flex: 1 1 300px; min-width: 280px;'>\n<h3 style='font-size: 22px; border-bottom: 2px solid currentColor; padding-bottom: 5px; margin-top: 0; color: inherit; opacity: 0.8;'>Introducci\u00f3n<\/h3>\n<p style='font-size: 15px; color: inherit;'> HUAWEI IdeaHub S3 est\u00e1 equipada con c\u00e1mara dual inteligente y audio HD&comma; ofrece videollamadas n\u00edtidas y colaboraci\u00f3n en tiempo real. Su IA optimiza cada detalle para reuniones m\u00e1s naturales&comma; conectando equipos y ejecutivos sin barreras de tiempo ni espacio. <\/p>\n<\/p><\/div>\n<\/p><\/div>\n<p> <!-- Secci\u00f3n de especificaciones --> <\/p>\n<div style='display: flex; flex-wrap: wrap; gap: 20px; margin-bottom: 30px;'> <!-- Caracter\u00edsticas principales --> <\/p>\n<div style='flex: 1 1 250px; border: 1px solid rgba(150&comma; 150&comma; 150&comma; 0.4); border-radius: 8px; overflow: hidden; display: flex; flex-direction: column;'>\n<div style='padding: 15px; border-bottom: 1px solid rgba(150&comma; 150&comma; 150&comma; 0.2); font-weight: bold; font-size: 18px; color: inherit;'>Caracter\u00edsticas principales<\/div>\n<div style='padding: 15px; color: inherit;'>\n<ul style='padding-left: 20px; margin: 0; font-size: 14px; list-style-type: disc;'>\n<li style='margin-bottom: 5px;'><strong>Pantalla:<\/strong> Resoluci\u00f3n: 4K&comma; Tipo de luz de fondo: D-LED<\/li>\n<li style='margin-bottom: 5px;'><strong>(2) C\u00e1maras:<\/strong> Resoluci\u00f3n: 4K 30 FPS&comma; Cubierta de lente: S\u00ed&comma; Campo de visi\u00f3n horizontal: 80\u00ba<\/li>\n<li style='margin-bottom: 5px;'><strong>(5) Altavoz:<\/strong> Dominio de frecuencia: De 60 Hz a 20 kHz&comma; (2 tweeters + 2 altavoces de rango completo + 1 woofer)&comma; Potencia total: 70 W<\/li>\n<li style='margin-bottom: 5px;'><strong>(24) Micr\u00f3fonos:<\/strong> \u00c1ngulo de captaci\u00f3n de sonido: 180\u00ba&comma; Distancia de captura de sonido: 15 m&comma; Dominio de frecuencia: De 100 Hz a 20 kHz&comma; Eliminaci\u00f3n de ruido mediante IA&comma; Cancelaci\u00f3n de eco ac\u00fastico (AEC)<\/li>\n<\/ul><\/div>\n<\/p><\/div>\n<p> <!-- Caracter\u00edsticas f\u00edsicas --> <\/p>\n<div style='flex: 1 1 250px; border: 1px solid rgba(150&comma; 150&comma; 150&comma; 0.4); border-radius: 8px; overflow: hidden; display: flex; flex-direction: column;'>\n<div style='padding: 15px; border-bottom: 1px solid rgba(150&comma; 150&comma; 150&comma; 0.2); font-weight: bold; font-size: 18px; color: inherit;'>Caracter\u00edsticas f\u00edsicas<\/div>\n<div style='padding: 15px; color: inherit;'>\n<ul style='padding-left: 20px; margin: 0; font-size: 14px; list-style-type: disc;'>\n<li style='margin-bottom: 5px;'><strong>Sistema:<\/strong> CPU: 8 n\u00facleos&comma; RAM: 8 GB&comma; Flash: 128 GB&comma; Sistema operativo: HarmonyOS&comma; Windows (Para windows se requiere el modelo: OPSW022Z\/OPSW021Z)<\/li>\n<li style='margin-bottom: 5px;'><strong>Conexi\u00f3n inal\u00e1mbrica:<\/strong> M\u00f3dulo Wi-Fi: Wi-Fi 6&comma; Frecuencia Wi-Fi: 2.4 GHz + 5 GHz&comma; NFC: S\u00ed&comma; Bluetooth: S\u00ed<\/li>\n<li style='margin-bottom: 5px;'><strong>Interfaz:<\/strong> Enfrente: 1 USB Tipo-C&comma; 2 USB Tipo-A 3.0. Lateral: 2 Entradas HDMI&comma; 1 Salida HDMI&comma; 1 Entrada de audio 3.5 mm&comma; 1 Salida de audio 3.5 mm&comma; 1 USB Tipo-A 3.0&comma; 1 SUB tipo-C (Carga r\u00e1pida)&comma; 1 Entrada de audio HD-AI&comma; 1 Puerto RJ45 10\/100\/1000 Mbps&comma; 1 Puerto t\u00e1ctil&comma; 1 Puerto COM<\/li>\n<\/ul><\/div>\n<\/p><\/div>\n<p> <!-- Caracter\u00edsticas de colaboraci\u00f3n --> <\/p>\n<div style='flex: 1 1 250px; border: 1px solid rgba(150&comma; 150&comma; 150&comma; 0.4); border-radius: 8px; overflow: hidden; display: flex; flex-direction: column;'>\n<div style='padding: 15px; border-bottom: 1px solid rgba(150&comma; 150&comma; 150&comma; 0.2); font-weight: bold; font-size: 18px; color: inherit;'>Caracter\u00edsticas de Colaboraci\u00f3n<\/div>\n<div style='padding: 15px; color: inherit;'>\n<ul style='padding-left: 20px; margin: 0; font-size: 14px; list-style-type: disc;'>\n<li style='margin-bottom: 5px;'><strong>Escritura:<\/strong> Latencia: 16 ms&comma; Distancia de detecci\u00f3n t\u00e1ctil: 1.5 mm de ancho&comma; Reconocimiento de escritura inteligente<\/li>\n<li style='margin-bottom: 5px;'><strong>Conferencias:<\/strong> Reuni\u00f3n nativa (audio\/video + datos compartidos): Conferencia local: 1080p 30 fps + 1080p 30 fps\/4K 8 fps&comma; BYOM: S\u00ed<\/li>\n<li style='margin-bottom: 5px;'><strong>Funci\u00f3n AI:<\/strong> Autoencuadre&comma; Seguimiento inteligente&comma; Baffle ac\u00fastico editable&comma; Dereverberaci\u00f3n basada en DNN&comma; motor de visi\u00f3n de IA&comma; Recorte autom\u00e1tico de asistentes<\/li>\n<\/ul><\/div>\n<\/p><\/div>\n<p> <!-- Contenido del paquete --> <\/p>\n<div style='flex: 1 1 250px; border: 1px solid rgba(150&comma; 150&comma; 150&comma; 0.4); border-radius: 8px; overflow: hidden; display: flex; flex-direction: column;'>\n<div style='padding: 15px; border-bottom: 1px solid rgba(150&comma; 150&comma; 150&comma; 0.2); font-weight: bold; font-size: 18px; color: inherit;'>Contenido del paquete<\/div>\n<div style='padding: 15px; color: inherit;'>\n<ul style='padding-left: 20px; margin: 0; font-size: 14px; list-style-type: disc;'>\n<li style='margin-bottom: 5px;'>1 Pantalla<\/li>\n<li style='margin-bottom: 5px;'>2 Plumas stylus<\/li>\n<li style='margin-bottom: 5px;'>1 Cable de alimentaci\u00f3n<\/li>\n<\/ul><\/div>\n<\/p><\/div>\n<\/p><\/div>\n<p> <!-- Accesorios opcionales --> <\/p>\n<div style='display: flex; flex-wrap: wrap; gap: 30px; margin-bottom: 30px;'>\n<div style='flex: 1 1 300px; min-width: 280px;'>\n<h3 style='font-size: 22px; border-bottom: 2px solid currentColor; padding-bottom: 5px; margin-top: 0; color: inherit; opacity: 0.8;'>Accesorios opcionales<\/h3>\n<ul style='padding-left: 20px; font-size: 15px; color: inherit;'>\n<li style='margin-bottom: 5px;'>Hi care anual<\/li>\n<li style='margin-bottom: 5px;'>Tarjeta de mantenimiento anual: <a href='https:\/\/www.syscom.pro\/products\/228325\/275861' style='color: inherit; text-decoration: underline;'>MCS275\/86-1Y<\/a><\/li>\n<li style='margin-bottom: 5px;'>Repuesto de plumas: <a href='https:\/\/www.syscom.pro\/products\/231705\/861' style='color: inherit; text-decoration: underline;'>IFP-UG86E-STP-V1<\/a><\/li>\n<li style='margin-bottom: 5px;'>Montaje en pared: <a href='https:\/\/www.syscom.pro\/products\/220436' style='color: inherit; text-decoration: underline;'>WB1M0IDEAHUB02<\/a><\/li>\n<li style='margin-bottom: 5px;'>Montaje Rolling (movible): <a href='https:\/\/www.syscom.pro\/products\/220435' style='color: inherit; text-decoration: underline;'>WB1M0IDEAHUB07<\/a><\/li>\n<li style='margin-bottom: 5px;'>OPS (Windows 11): <a href='https:\/\/www.syscom.pro\/products\/239110' style='color: inherit; text-decoration: underline;'>OPSW022Z<\/a> (i7)&comma; <a href='https:\/\/www.syscom.pro\/products\/245164\/021' style='color: inherit; text-decoration: underline;'>OPSW021Z<\/a> (i5)<\/li>\n<li style='margin-bottom: 5px;'>IdeaShare: <a href='https:\/\/www.syscom.pro\/products\/220442' style='color: inherit; text-decoration: underline;'>HWA01<\/a><\/li>\n<li style='margin-bottom: 5px;'>Control remoto: Control 2.0&comma; <a href='https:\/\/www.syscom.pro\/products\/220440' style='color: inherit; text-decoration: underline;'>IHC<\/a><\/li>\n<\/ul><\/div>\n<\/p><\/div>\n<p> <!-- Secci\u00f3n de im\u00e1genes y descripciones --> <\/p>\n<div style='display: flex; flex-wrap: wrap; gap: 30px; margin-bottom: 30px;'>\n<div style='flex: 1 1 300px; min-width: 280px;'> <img style='width: 100%; height: auto; border: 1px solid rgba(150&comma;150&comma;150&comma;0.3); border-radius: 8px;' src='http:\/\/ftp3.syscom.mx\/usuarios\/ftp\/2025\/11\/03\/1971\/Captura_de_pantalla_20251103_a_la_s__4.33.19p.m..png_froala_69092dbda0500' alt=''> <\/p>\n<p style='margin-top: 15px; font-size: 15px; color: inherit;'> <strong>Dise\u00f1o todo en uno para una colaboraci\u00f3n sin l\u00edmites<\/strong> <\/p>\n<ul style='padding-left: 20px; margin-top: 10px; font-size: 14px; color: inherit;'>\n<li style='margin-bottom: 5px;'>C\u00e1mara 4K con cubierta de lente para garantizar la privacidad.<\/li>\n<li style='margin-bottom: 5px;'>Pantalla 4K de luz suave con bordes ultrafinos que ofrece una experiencia visual inmersiva.<\/li>\n<li style='margin-bottom: 5px;'>Cambio entre sistemas operativos con un solo toque sin necesidad de configurar el sistema operativo.<\/li>\n<li style='margin-bottom: 5px;'>Panel frontal de f\u00e1cil acceso con NFC&comma; USB tipo C&comma; USB 3.0 y bot\u00f3n de encendido.<\/li>\n<li style='margin-bottom: 5px;'>Certificaci\u00f3n T\u00dcV Rheinland Low Blue Light Certification.<\/li>\n<\/ul>\n<\/p><\/div>\n<div style='flex: 1 1 300px; min-width: 280px;'> <img style='width: 100%; height: auto; border: 1px solid rgba(150&comma;150&comma;150&comma;0.3); border-radius: 8px;' src='http:\/\/ftp3.syscom.mx\/usuarios\/ftp\/2025\/11\/03\/1971\/secondbanner1en.jpg_froala_69092e44f2dbc' alt=''> <\/p>\n<p style='margin-top: 15px; font-size: 15px; color: inherit;'> <strong>C\u00e1mara dual con calidad de im\u00e1gen superior y Zoom de 5x<\/strong> <\/p>\n<p> Huawei IdeaHub S3 integra sensores de alta gama y seguimiento inteligente para capturar cada detalle. Su lente gran angular abarca toda la sala&comma; mientras que la lente de acercamiento enfoca al orador para ofrecer una experiencia de reuni\u00f3n inmersiva y profesional. <\/p>\n<\/p><\/div>\n<div style='flex: 1 1 300px; min-width: 280px;'> <img style='width: 100%; height: auto; border: 1px solid rgba(150&comma;150&comma;150&comma;0.3); border-radius: 8px;' src='http:\/\/ftp3.syscom.mx\/usuarios\/ftp\/2025\/11\/04\/1971\/secondbanner2pc1.jpg_froala_690a133e377d1' alt=''> <\/p>\n<p style='margin-top: 15px; font-size: 15px; color: inherit;'> <strong>Captaci\u00f3n de sonido de 24 micr\u00f3fonos y 15 metros&comma; que garantiza un audio claro y n\u00edtido.<\/strong> <\/p>\n<p> Captaci\u00f3n de audio multicanal mediante beamforming: El seguimiento del hablante en tiempo real y la mejora autom\u00e1tica de la voz garantizan un audio n\u00edtido. <\/p>\n<p> Reducci\u00f3n de ruido por IA: Filtra m\u00e1s de 300 tipos de ruido&comma; garantizando una voz clara y pura sin interferencias. <\/p>\n<\/p><\/div>\n<div style='flex: 1 1 300px; min-width: 280px;'> <img style='width: 100%; height: auto; border: 1px solid rgba(150&comma;150&comma;150&comma;0.3); border-radius: 8px;' src='http:\/\/ftp3.syscom.mx\/usuarios\/ftp\/2025\/11\/04\/1971\/Captura_de_pantalla_20251104_a_la_s__8.55.52a.m..png_froala_690a15d8b0958' alt=''> <\/p>\n<p style='margin-top: 15px; font-size: 15px; color: inherit;'> <strong>Motor de visi\u00f3n con IA: Redefiniendo la imaginaci\u00f3n visual<\/strong> <\/p>\n<p> Algoritmo de superresoluci\u00f3n l\u00edder en la industria: Mejora la resoluci\u00f3n de 720p a 1080p en reuniones BYOM y en la nube en modo OPS&comma; ofreciendo im\u00e1genes m\u00e1s n\u00edtidas y realistas con detalles vibrantes. <\/p>\n<\/p><\/div>\n<div style='flex: 1 1 300px; min-width: 280px;'> <img style='width: 100%; height: auto; border: 1px solid rgba(150&comma;150&comma;150&comma;0.3); border-radius: 8px;' src='http:\/\/ftp3.syscom.mx\/usuarios\/ftp\/2025\/11\/04\/1971\/Captura_de_pantalla_20251104_a_la_s__9.12.01a.m..png_froala_690a17d5e9fde' alt=''> <\/p>\n<p style='margin-top: 15px; font-size: 15px; color: inherit;'> <strong>Seguimiento inteligente en todos los escenarios<\/strong> <\/p>\n<p> <strong>Seguimiento inteligente del orador:<\/strong> Sigue autom\u00e1ticamente al orador activo. <br \/> <strong>Recorte autom\u00e1tico de la vista:<\/strong> Divide de forma inteligente el v\u00eddeo de los participantes en 6 paneles. <br \/> <strong>Encuadre autom\u00e1tico:<\/strong> Ajusta din\u00e1micamente el encuadre para obtener una vista panor\u00e1mica \u00f3ptima de todos los participantes. <\/p>\n<\/p><\/div>\n<div style='flex: 1 1 300px; min-width: 280px;'> <img style='width: 100%; height: auto; border: 1px solid rgba(150&comma;150&comma;150&comma;0.3); border-radius: 8px;' src='http:\/\/ftp3.syscom.mx\/usuarios\/ftp\/2025\/11\/04\/1971\/Captura_de_pantalla_20251104_a_la_s__9.14.59a.m..png_froala_690a1888c1db1' alt=''> <\/p>\n<p style='margin-top: 15px; font-size: 15px; color: inherit;'> <strong>Baffle ac\u00fastico 2.0<\/strong> <\/p>\n<p> El panel ac\u00fastico anular mejorado&comma; con un rango ajustable&comma; crea un espacio de reuni\u00f3n flexible y m\u00f3vil. Lo que garantiza una captaci\u00f3n de voz n\u00edtida&comma; independientemente de la ubicaci\u00f3n del orador. <\/p>\n<\/p><\/div>\n<div style='flex: 1 1 300px; min-width: 280px;'> <img style='width: 100%; height: auto; border: 1px solid rgba(150&comma;150&comma;150&comma;0.3); border-radius: 8px;' src='http:\/\/ftp3.syscom.mx\/usuarios\/ftp\/2025\/11\/04\/1971\/Captura_de_pantalla_20251104_a_la_s__9.18.00a.m..png_froala_690a1939e8b2c' alt=''> <\/p>\n<p style='margin-top: 15px; font-size: 15px; color: inherit;'> <strong>Proyecci\u00f3n de 9 paneles para una comparaci\u00f3n de materiales sin esfuerzo en una disposici\u00f3n \u00f3ptima.<\/strong> <\/p>\n<p> Huawei IdeaHub sincroniza informaci\u00f3n desde m\u00f3viles&comma; computadoras&comma; tabletas y archivos en una sola pantalla&comma; eliminando barreras entre dispositivos. Permite acercar&comma; anotar y controlar el contenido de forma intuitiva&comma; con ajuste autom\u00e1tico del dise\u00f1o para mostrar siempre la mejor vista&comma; en vertical u horizontal. <\/p>\n<\/p><\/div>\n<div style='flex: 1 1 300px; min-width: 280px;'> <img style='width: 100%; height: auto; border: 1px solid rgba(150&comma;150&comma;150&comma;0.3); border-radius: 8px;' src='http:\/\/ftp3.syscom.mx\/usuarios\/ftp\/2025\/11\/04\/1971\/Captura_de_pantalla_20251104_a_la_s__9.28.16a.m..png_froala_690a1ba605cec' alt=''> <\/p>\n<p style='margin-top: 15px; font-size: 15px; color: inherit;'> <strong>Colaboraci\u00f3n en m\u00faltiples pantallas con todo al alcance<\/strong> <\/p>\n<p> Al conectar un tel\u00e9fono m\u00f3vil o una tableta al IdeaHub&comma; puedes duplicar la pantalla del IdeaHub y controlarlo directamente desde el dispositivo&comma; lo que facilita la gesti\u00f3n de reuniones y la escritura en pantalla cruzada. Esto proporciona una experiencia fluida e inmersiva con todo al alcance de tu mano. <\/p>\n<\/p><\/div>\n<\/p><\/div>\n<p> <!-- Separador final --> <\/p>\n<hr style='border: 0; border-top: 1px solid rgba(150&comma; 150&comma; 150&comma; 0.3); margin: 30px 0;'> <\/div>\n","protected":false},"excerpt":{"rendered":"<p>Pantalla Interactiva IdeaHub S3 para Colaboraci\u00f3n Inteligente \/ 86\u201d \/ Doble C\u00e1mara 4K \/ Harmony OS \/ Wi-Fi 6 \/ 24 Micr\u00f3fonos\/ BYOM \/ Enfoque Autom\u00e1tico\/ Baffle ac\u00fastico \/ Gesti\u00f3n desde la nube<\/p>\n","protected":false},"featured_media":84521,"comment_status":"open","ping_status":"closed","template":"","meta":[],"product_brand":[],"product_cat":[2048],"product_tag":[2049,718,2004],"class_list":{"0":"post-84522","1":"product","2":"type-product","3":"status-publish","4":"has-post-thumbnail","6":"product_cat-audio-video-conferencia","7":"product_tag-audio-video-conferencia","8":"product_tag-huawei","9":"product_tag-voip-telefonia-ip-videoconferencia","11":"first","12":"instock","13":"sale","14":"shipping-taxable","15":"purchasable","16":"product-type-simple"},"_links":{"self":[{"href":"https:\/\/soydeaqui.ddns.net\/pachuca\/index.php\/wp-json\/wp\/v2\/product\/84522","targetHints":{"allow":["GET"]}}],"collection":[{"href":"https:\/\/soydeaqui.ddns.net\/pachuca\/index.php\/wp-json\/wp\/v2\/product"}],"about":[{"href":"https:\/\/soydeaqui.ddns.net\/pachuca\/index.php\/wp-json\/wp\/v2\/types\/product"}],"replies":[{"embeddable":true,"href":"https:\/\/soydeaqui.ddns.net\/pachuca\/index.php\/wp-json\/wp\/v2\/comments?post=84522"}],"wp:featuredmedia":[{"embeddable":true,"href":"https:\/\/soydeaqui.ddns.net\/pachuca\/index.php\/wp-json\/wp\/v2\/media\/84521"}],"wp:attachment":[{"href":"https:\/\/soydeaqui.ddns.net\/pachuca\/index.php\/wp-json\/wp\/v2\/media?parent=84522"}],"wp:term":[{"taxonomy":"product_brand","embeddable":true,"href":"https:\/\/soydeaqui.ddns.net\/pachuca\/index.php\/wp-json\/wp\/v2\/product_brand?post=84522"},{"taxonomy":"product_cat","embeddable":true,"href":"https:\/\/soydeaqui.ddns.net\/pachuca\/index.php\/wp-json\/wp\/v2\/product_cat?post=84522"},{"taxonomy":"product_tag","embeddable":true,"href":"https:\/\/soydeaqui.ddns.net\/pachuca\/index.php\/wp-json\/wp\/v2\/product_tag?post=84522"}],"curies":[{"name":"wp","href":"https:\/\/api.w.org\/{rel}","templated":true}]}}