{"id":84347,"date":"2026-03-19T20:48:21","date_gmt":"2026-03-19T20:48:21","guid":{"rendered":"https:\/\/soydeaqui.ddns.net\/pachuca\/index.php\/producto\/unifi-switch-usw-pro-xg-48-capa-3-48-puertos-32-x-10-gbe-16-x-25-gbe-4-puertos-sfp28-25-g\/"},"modified":"2026-03-19T20:48:37","modified_gmt":"2026-03-19T20:48:37","slug":"unifi-switch-usw-pro-xg-48-capa-3-48-puertos-32-x-10-gbe-16-x-25-gbe-4-puertos-sfp28-25-g","status":"publish","type":"product","link":"https:\/\/soydeaqui.ddns.net\/pachuca\/index.php\/producto\/unifi-switch-usw-pro-xg-48-capa-3-48-puertos-32-x-10-gbe-16-x-25-gbe-4-puertos-sfp28-25-g\/","title":{"rendered":"UniFi Switch USW-Pro-XG-48 \/ Capa 3 \/ 48 puertos (32 \u00d7 10 GbE, 16 \u00d7 2,5 GbE) + 4 puertos SFP28 25 G"},"content":{"rendered":"<div style='width: 100%; max-width: 1200px; margin: 0 auto; font-family: sans-serif; line-height: 1.6; color: inherit; background-color: transparent;'> <!-- Hero section --> <\/p>\n<div style='display: flex; flex-wrap: wrap; gap: 30px; align-items: center; border: 1px solid rgba(150&comma;150&comma;150&comma;0.3); border-radius: 12px; padding: 20px; margin-bottom: 30px;'>\n<div style='flex: 1 1 320px; min-width: 280px;'> <!-- Video container --> <\/p>\n<div style='position: relative; padding-bottom: 56.25%; height: 0; overflow: hidden; margin-bottom: 20px;'> <video style='position: absolute; top: 0; left: 0; width: 100%; height: 100%; border: 1px solid rgba(150&comma;150&comma;150&comma;0.3); border-radius: 8px;' autoplay muted loop playsinline preload='metadata'><source src='https:\/\/ftp3.syscom.mx\/usuarios\/adiaz\/Ubiquiti\/Imagenes\/USW-Pro-XG\/loopxg48.mp4' type='video\/mp4'><img src='https:\/\/ftp3.syscom.mx\/usuarios\/adiaz\/Ubiquiti\/Imagenes\/USW-Pro-XG\/vista1xg48.png' alt='Ubiquiti Pro XG 48 (USW-Pro-XG-48)' style='width: 100%; height: auto; border: 1px solid rgba(150&comma;150&comma;150&comma;0.3); border-radius: 8px;'><\/video> <\/div>\n<\/p><\/div>\n<div style='flex: 1 1 360px; min-width: 280px;'>\n<h2 style='font-size: 28px; margin-top: 0; margin-bottom: 10px; color: inherit; opacity: 0.9;'>USW Pro XG 48<\/h2>\n<div style='margin-bottom: 15px; font-weight: 600; color: inherit; opacity: 0.8;'>Modelo: <span style='font-weight: 700; opacity: 1;'>USW-Pro-XG-48<\/span><\/div>\n<p style='margin: 0; color: inherit; font-size: 15px;'>Switch administrable para rack <strong style='color: inherit;'>1U<\/strong> con <strong style='color: inherit;'>Etherlighting\u2122<\/strong>&comma; puertos <strong style='color: inherit;'>2.5 GbE<\/strong> y <strong style='color: inherit;'>10 GbE<\/strong>&comma; adem\u00e1s de <strong style='color: inherit;'>(4) SFP28 25G<\/strong>&comma; con <strong style='color: inherit;'>funciones de Capa 3<\/strong> y soporte de <strong style='color: inherit;'>respaldo de energ\u00eda DC (USP RPS)<\/strong>.<\/p>\n<\/p><\/div>\n<\/p><\/div>\n<p> <!-- Especificaciones title --> <\/p>\n<div style='text-align: center; margin: 40px 0 20px;'> <span style='font-size: 24px; font-weight: 700; color: inherit;'>Especificaciones<\/span> <\/div>\n<p> <!-- Specifications grid --> <\/p>\n<div style='display: flex; flex-wrap: wrap; gap: 20px; margin-bottom: 30px;'> <!-- Card: Caracter\u00edsticas principales --> <\/p>\n<div style='flex: 1 1 250px; border: 1px solid rgba(150&comma;150&comma;150&comma;0.3); border-radius: 8px; overflow: hidden;'>\n<div style='padding: 15px; border-bottom: 1px solid rgba(150&comma;150&comma;150&comma;0.2); font-weight: bold; font-size: 18px; color: inherit;'>Caracter\u00edsticas principales<\/div>\n<div style='padding: 15px; color: inherit;'>\n<ul style='padding-left: 20px; margin: 0; font-size: 14px; list-style-type: disc;'>\n<li style='margin-bottom: 8px;'><strong>(16)<\/strong> puertos <strong>2.5 GbE RJ45<\/strong> (2.5G\/1G\/100M\/10M)<\/li>\n<li style='margin-bottom: 8px;'><strong>(32)<\/strong> puertos <strong>10 GbE RJ45<\/strong> (10G\/5G\/2.5G\/1G\/100M\/10M)<\/li>\n<li style='margin-bottom: 8px;'><strong>(4)<\/strong> puertos <strong>SFP28 25G<\/strong> (25G\/10G\/1G)<\/li>\n<li style='margin-bottom: 8px;'><strong>Respaldo de energ\u00eda DC<\/strong> (USP RPS): \u2713<\/li>\n<li style='margin-bottom: 8px;'><strong>Capa 3<\/strong>: \u2713 (en redes locales)<\/li>\n<li style='margin-bottom: 8px;'><strong>Etherlighting\u2122<\/strong>: \u2713<\/li>\n<li style='margin-bottom: 8px;'><strong>Factor de forma<\/strong>: montaje en rack <strong>(1U)<\/strong><\/li>\n<\/ul><\/div>\n<\/p><\/div>\n<p> <!-- Card: Rendimiento --> <\/p>\n<div style='flex: 1 1 250px; border: 1px solid rgba(150&comma;150&comma;150&comma;0.3); border-radius: 8px; overflow: hidden;'>\n<div style='padding: 15px; border-bottom: 1px solid rgba(150&comma;150&comma;150&comma;0.2); font-weight: bold; font-size: 18px; color: inherit;'>Rendimiento<\/div>\n<div style='padding: 15px; color: inherit;'>\n<ul style='padding-left: 20px; margin: 0; font-size: 14px; list-style-type: disc;'>\n<li style='margin-bottom: 8px;'><strong>Capacidad de switching<\/strong>: 920 Gbps<\/li>\n<li style='margin-bottom: 8px;'><strong>Throughput no bloqueante (total)<\/strong>: 460 Gbps<\/li>\n<li style='margin-bottom: 8px;'><strong>Tasa de reenv\u00edo<\/strong>: 684 Mpps<\/li>\n<li style='margin-bottom: 8px;'><strong>VLANs soportadas<\/strong>: 1&comma;000<\/li>\n<li style='margin-bottom: 8px;'><strong>Tabla MAC<\/strong>: 128&comma;000<\/li>\n<li style='margin-bottom: 8px;'><strong>Buffer de paquetes<\/strong>: 8 MB<\/li>\n<li style='margin-bottom: 8px;'><strong>ACL<\/strong>: IPv4 256 \/ MAC 256<\/li>\n<li style='margin-bottom: 8px;'><strong>Tabla Capa 3<\/strong>:\n<div style='margin-top: 8px; margin-left: 20px; font-size: 13px; color: inherit; opacity: 0.85;'> Entradas ARP: 128&comma;000<br \/> Rutas IPv4: 256&comma;000 <\/div>\n<\/li>\n<\/ul><\/div>\n<\/p><\/div>\n<p> <!-- Card: Caracter\u00edsticas de Capa 3 --> <\/p>\n<div style='flex: 1 1 250px; border: 1px solid rgba(150&comma;150&comma;150&comma;0.3); border-radius: 8px; overflow: hidden;'>\n<div style='padding: 15px; border-bottom: 1px solid rgba(150&comma;150&comma;150&comma;0.2); font-weight: bold; font-size: 18px; color: inherit;'>Caracter\u00edsticas de Capa 3<\/div>\n<div style='padding: 15px; color: inherit;'>\n<ul style='padding-left: 20px; margin: 0; font-size: 14px; list-style-type: disc;'>\n<li style='margin-bottom: 8px;'><strong>Servidor DHCP<\/strong> (redes locales): \u2713<\/li>\n<li style='margin-bottom: 8px;'><strong>Relay DHCP<\/strong>: \u2713<\/li>\n<li style='margin-bottom: 8px;'><strong>Enrutamiento inter-VLAN<\/strong> (redes locales): \u2713<\/li>\n<li style='margin-bottom: 8px;'><strong>Enrutamiento est\u00e1tico<\/strong> (redes locales): \u2713<\/li>\n<\/ul><\/div>\n<\/p><\/div>\n<p> <!-- Card: Caracter\u00edsticas de Capa 2 --> <\/p>\n<div style='flex: 1 1 250px; border: 1px solid rgba(150&comma;150&comma;150&comma;0.3); border-radius: 8px; overflow: hidden;'>\n<div style='padding: 15px; border-bottom: 1px solid rgba(150&comma;150&comma;150&comma;0.2); font-weight: bold; font-size: 18px; color: inherit;'>Caracter\u00edsticas de Capa 2<\/div>\n<div style='padding: 15px; color: inherit;'>\n<ul style='padding-left: 20px; margin: 0; font-size: 14px; list-style-type: disc;'>\n<li style='margin-bottom: 8px;'><strong>Agregaci\u00f3n LACP<\/strong>: \u2713<\/li>\n<li style='margin-bottom: 8px;'><strong>STP \/ RSTP<\/strong>: \u2713<\/li>\n<li style='margin-bottom: 8px;'><strong>Configuraci\u00f3n avanzada IGMP<\/strong> (Querier&comma; Fast Leave&comma; Router Port): \u2713<\/li>\n<li style='margin-bottom: 8px;'><strong>IGMP Snooping<\/strong>: \u2713<\/li>\n<li style='margin-bottom: 8px;'><strong>Control 802.1X<\/strong>: \u2713<\/li>\n<li style='margin-bottom: 8px;'><strong>ACL por MAC y aislamiento de dispositivos<\/strong>: \u2713<\/li>\n<li style='margin-bottom: 8px;'><strong>DHCP Snooping &#038; Guarding<\/strong>: \u2713<\/li>\n<li style='margin-bottom: 8px;'><strong>L\u00edmite de tasa de salida (Egress)<\/strong>: \u2713<\/li>\n<li style='margin-bottom: 8px;'><strong>Control de flujo<\/strong>: \u2713<\/li>\n<li style='margin-bottom: 8px;'><strong>Control de tormentas<\/strong>: \u2713<\/li>\n<li style='margin-bottom: 8px;'><strong>Limitaci\u00f3n multicast\/broadcast<\/strong>: \u2713<\/li>\n<li style='margin-bottom: 8px;'><strong>Bloqueo de direcciones MAC<\/strong>: \u2713<\/li>\n<li style='margin-bottom: 8px;'><strong>ACL por IP y aislamiento de red<\/strong>: \u2713<\/li>\n<li style='margin-bottom: 8px;'><strong>Restricci\u00f3n de puertos por MAC<\/strong>: \u2713<\/li>\n<li style='margin-bottom: 8px;'><strong>Aislamiento de puertos<\/strong>: \u2713<\/li>\n<li style='margin-bottom: 8px;'><strong>Espejo de puertos<\/strong>: \u2713<\/li>\n<li style='margin-bottom: 8px;'><strong>Jumbo Frames<\/strong>: \u2713<\/li>\n<li style='margin-bottom: 8px;'><strong>LLDP-MED<\/strong>: \u2713<\/li>\n<li style='margin-bottom: 8px;'><strong>VLAN de voz<\/strong>: \u2713<\/li>\n<li style='margin-bottom: 8px;'><strong>Protecci\u00f3n contra loops<\/strong>: \u2713<\/li>\n<li style='margin-bottom: 8px;'><strong>Override de red virtual<\/strong>: \u2713<\/li>\n<\/ul><\/div>\n<\/p><\/div>\n<p> <!-- Card: F\u00edsicas&comma; energ\u00eda y cumplimiento --> <\/p>\n<div style='flex: 1 1 250px; border: 1px solid rgba(150&comma;150&comma;150&comma;0.3); border-radius: 8px; overflow: hidden;'>\n<div style='padding: 15px; border-bottom: 1px solid rgba(150&comma;150&comma;150&comma;0.2); font-weight: bold; font-size: 18px; color: inherit;'>F\u00edsicas&comma; energ\u00eda y cumplimiento<\/div>\n<div style='padding: 15px; color: inherit;'>\n<ul style='padding-left: 20px; margin: 0; font-size: 14px; list-style-type: disc;'>\n<li style='margin-bottom: 8px;'><strong>Dimensiones<\/strong>: 442 \u00d7 480 \u00d7 44 mm (17.4 \u00d7 18.9 \u00d7 1.7&#8242;)<\/li>\n<li style='margin-bottom: 8px;'><strong>Peso<\/strong>:\n<div style='margin-top: 8px; margin-left: 20px; font-size: 13px; color: inherit; opacity: 0.85;'> Sin soportes: 7.5 kg (16.5 lb)<br \/> Con soportes: 7.6 kg (16.8 lb) <\/div>\n<\/li>\n<li style='margin-bottom: 8px;'><strong>Material del gabinete<\/strong>: acero SGCC<\/li>\n<li style='margin-bottom: 8px;'><strong>Profundidad de rack soportada<\/strong>: rack 4 postes (19&#8242;)&comma; profundidad de postes de 600 a 1&comma;066 mm (23.6 a 42&#8242;)<\/li>\n<li style='margin-bottom: 8px;'><strong>Consumo m\u00e1ximo<\/strong>: 250 W<\/li>\n<li style='margin-bottom: 8px;'><strong>M\u00e9todo de alimentaci\u00f3n<\/strong>: (1) entrada CA 100\u2013240 V&comma; 50\/60 Hz + (1) entrada DC (USP RPS)<\/li>\n<li style='margin-bottom: 8px;'><strong>Fuente interna<\/strong>: AC\/DC&comma; interna&comma; 300 W<\/li>\n<li style='margin-bottom: 8px;'><strong>Pantalla<\/strong>: t\u00e1ctil 1.3&#8242;<\/li>\n<li style='margin-bottom: 8px;'><strong>Protecci\u00f3n ESD<\/strong>: aire \u00b130 kV&comma; contacto \u00b114 kV<\/li>\n<li style='margin-bottom: 8px;'><strong>Temperatura de operaci\u00f3n<\/strong>: \u22125 a 40 \u00b0C (23 a 104 \u00b0F)<\/li>\n<li style='margin-bottom: 8px;'><strong>Humedad de operaci\u00f3n<\/strong>: 10 a 90% sin condensaci\u00f3n<\/li>\n<li style='margin-bottom: 8px;'><strong>Cumplimiento<\/strong> NDAA: \u2713<\/li>\n<li style='margin-bottom: 8px;'><strong>Certificaciones<\/strong>: CE&comma; FCC&comma; IC&comma; Anatel (06464-25-08356)<\/li>\n<li style='margin-bottom: 8px;'><strong>Requisito<\/strong>: UniFi Network 9.0.114 o posterior<\/li>\n<\/ul><\/div>\n<\/p><\/div>\n<\/p><\/div>\n<p> <!-- Product images --> <\/p>\n<div style='border: 1px solid rgba(150&comma;150&comma;150&comma;0.3); border-radius: 8px; padding: 20px; margin-top: 30px; text-align: center;'>\n<h3 style='margin: 0 0 20px; font-size: 20px; font-weight: 600; color: inherit; opacity: 0.9;'>Vista del producto<\/h3>\n<div style='display: flex; flex-wrap: wrap; gap: 20px; justify-content: center;'> <img style='width: 100%; max-width: 480px; height: auto; border: 1px solid rgba(150&comma;150&comma;150&comma;0.3); border-radius: 8px;' src='https:\/\/ftp3.syscom.mx\/usuarios\/adiaz\/Ubiquiti\/Imagenes\/USW-Pro-XG\/vista148xg.png' alt='USW-Pro-XG-48 vista 1'> <img style='width: 100%; max-width: 480px; height: auto; border: 1px solid rgba(150&comma;150&comma;150&comma;0.3); border-radius: 8px;' src='https:\/\/ftp3.syscom.mx\/usuarios\/adiaz\/Ubiquiti\/Imagenes\/USW-Pro-XG\/vista248xg.png' alt='USW-Pro-XG-48 vista 2'> <\/div>\n<\/p><\/div>\n<p> <!-- Package contents --> <\/p>\n<div style='border: 1px solid rgba(150&comma;150&comma;150&comma;0.3); border-radius: 8px; padding: 20px; margin-top: 30px; text-align: center;'>\n<h3 style='margin: 0 0 20px; font-size: 20px; font-weight: 600; color: inherit; opacity: 0.9;'>Contenido del Paquete<\/h3>\n<p> <img style='width: 100%; max-width: 600px; height: auto; border: 1px solid rgba(150&comma;150&comma;150&comma;0.3); border-radius: 8px;' src='https:\/\/ftp3.syscom.mx\/usuarios\/adiaz\/Ubiquiti\/Imagenes\/USW-Pro-XG\/contenido48xg.png' alt='Contenido del paquete USW-Pro-XG-48'> <\/div>\n<\/p><\/div>\n","protected":false},"excerpt":{"rendered":"<p>UniFi Switch USW-Pro-XG-48 \/ Capa 3 \/ 48 puertos (32 \u00d7 10 GbE, 16 \u00d7 2,5 GbE) + 4 puertos SFP28 25 G<\/p>\n","protected":false},"featured_media":84346,"comment_status":"open","ping_status":"closed","template":"","meta":[],"product_brand":[],"product_cat":[1970],"product_tag":[664,1971,166],"class_list":{"0":"post-84347","1":"product","2":"type-product","3":"status-publish","4":"has-post-thumbnail","6":"product_cat-switches","7":"product_tag-networking","8":"product_tag-switches","9":"product_tag-ubiquiti","11":"first","12":"outofstock","13":"sale","14":"shipping-taxable","15":"purchasable","16":"product-type-simple"},"_links":{"self":[{"href":"https:\/\/soydeaqui.ddns.net\/pachuca\/index.php\/wp-json\/wp\/v2\/product\/84347","targetHints":{"allow":["GET"]}}],"collection":[{"href":"https:\/\/soydeaqui.ddns.net\/pachuca\/index.php\/wp-json\/wp\/v2\/product"}],"about":[{"href":"https:\/\/soydeaqui.ddns.net\/pachuca\/index.php\/wp-json\/wp\/v2\/types\/product"}],"replies":[{"embeddable":true,"href":"https:\/\/soydeaqui.ddns.net\/pachuca\/index.php\/wp-json\/wp\/v2\/comments?post=84347"}],"wp:featuredmedia":[{"embeddable":true,"href":"https:\/\/soydeaqui.ddns.net\/pachuca\/index.php\/wp-json\/wp\/v2\/media\/84346"}],"wp:attachment":[{"href":"https:\/\/soydeaqui.ddns.net\/pachuca\/index.php\/wp-json\/wp\/v2\/media?parent=84347"}],"wp:term":[{"taxonomy":"product_brand","embeddable":true,"href":"https:\/\/soydeaqui.ddns.net\/pachuca\/index.php\/wp-json\/wp\/v2\/product_brand?post=84347"},{"taxonomy":"product_cat","embeddable":true,"href":"https:\/\/soydeaqui.ddns.net\/pachuca\/index.php\/wp-json\/wp\/v2\/product_cat?post=84347"},{"taxonomy":"product_tag","embeddable":true,"href":"https:\/\/soydeaqui.ddns.net\/pachuca\/index.php\/wp-json\/wp\/v2\/product_tag?post=84347"}],"curies":[{"name":"wp","href":"https:\/\/api.w.org\/{rel}","templated":true}]}}