{"id":84331,"date":"2026-03-19T20:47:39","date_gmt":"2026-03-19T20:47:39","guid":{"rendered":"https:\/\/soydeaqui.ddns.net\/pachuca\/index.php\/producto\/mini-olt-de-1-puerto-gpon-sc-upc-con-3-puertos-uplink-2-puertos-gigabit-ethernet-1-puerto-sfp-sfp-hasta-64-onus-onts\/"},"modified":"2026-03-19T20:47:51","modified_gmt":"2026-03-19T20:47:51","slug":"mini-olt-de-1-puerto-gpon-sc-upc-con-3-puertos-uplink-2-puertos-gigabit-ethernet-1-puerto-sfp-sfp-hasta-64-onus-onts","status":"publish","type":"product","link":"https:\/\/soydeaqui.ddns.net\/pachuca\/index.php\/producto\/mini-olt-de-1-puerto-gpon-sc-upc-con-3-puertos-uplink-2-puertos-gigabit-ethernet-1-puerto-sfp-sfp-hasta-64-onus-onts\/","title":{"rendered":"Mini OLT de 1 Puerto GPON SC\/UPC con 3 puertos Uplink (2 puertos Gigabit Ethernet + 1 puerto SFP\/SFP+) , hasta 64 ONUs \/ ONTs"},"content":{"rendered":"<div style=\"width: 100%; max-width: 1200px; margin: 0 auto; font-family: sans-serif; line-height: 1.6; color: inherit; background-color: transparent;\"><!-- Secci\u00f3n de caracter\u00edsticas en 3 columnas --> <\/p>\n<div style=\"display: flex; flex-wrap: wrap; gap: 30px; margin-bottom: 30px;\"><!-- Caracter\u00edsticas principales --> <\/p>\n<div style=\"flex: 1 1 300px; min-width: 280px;\">\n<h3 style=\"font-size: 22px; border-bottom: 2px solid currentColor; padding-bottom: 5px; margin-top: 0; color: inherit; opacity: 0.8;\">Caracter&iacute;sticas principales<\/h3>\n<ul style=\"padding-left: 20px; font-size: 15px; color: inherit;\">\n<li style=\"margin-bottom: 5px;\">Dimensiones: 140 &times; 140 &times; 36.5 mm (largo &times; ancho &times; alto)<\/li>\n<li style=\"margin-bottom: 5px;\"><strong>Aplicaciones:<\/strong> Datos&comma; Videovigilancia&comma; Telefon&iacute;a IP<\/li>\n<li style=\"margin-bottom: 5px;\">Configuraci&oacute;n y gesti&oacute;n de ONU en l&iacute;nea<\/li>\n<li style=\"margin-bottom: 5px;\">Ancho de banda por puerto PON: Upstream 1.244Gbps&comma; Downstream 2.488Gbps<\/li>\n<li style=\"margin-bottom: 5px;\">Gesti&oacute;n amigable desde: EMS \/ Web \/ Telnet \/ CLI \/ SSH<\/li>\n<li style=\"margin-bottom: 5px;\"><strong>Promedio de potencia de salida del puerto GPON C++:<\/strong> +7.5dBm<\/li>\n<\/ul><\/div>\n<p> <!-- Caracter\u00edsticas F\u00edsicas y El\u00e9ctricas --> <\/p>\n<div style=\"flex: 1 1 300px; min-width: 280px;\">\n<h3 style=\"font-size: 22px; border-bottom: 2px solid currentColor; padding-bottom: 5px; margin-top: 0; color: inherit; opacity: 0.8;\">Caracter&iacute;sticas F&iacute;sicas y El&eacute;ctricas<\/h3>\n<ul style=\"padding-left: 20px; font-size: 15px; color: inherit;\">\n<li style=\"margin-bottom: 5px;\"><strong>Corriente directa:<\/strong> 12V 1A<\/li>\n<li style=\"margin-bottom: 5px;\"><strong>Consumo m&aacute;ximo:<\/strong> 5W<\/li>\n<li style=\"margin-bottom: 5px;\"><strong>Peso:<\/strong> 0.23 Kg<\/li>\n<li style=\"margin-bottom: 5px;\"><strong>Temperatura de operaci&oacute;n:<\/strong> -10&deg;C a 55&deg; C<\/li>\n<\/ul><\/div>\n<p> <!-- Caracter\u00edsticas de Red --> <\/p>\n<div style=\"flex: 1 1 300px; min-width: 280px;\">\n<h3 style=\"font-size: 22px; border-bottom: 2px solid currentColor; padding-bottom: 5px; margin-top: 0; color: inherit; opacity: 0.8;\">Caracter&iacute;sticas de Red<\/h3>\n<ul style=\"padding-left: 20px; font-size: 15px; color: inherit;\">\n<li style=\"margin-bottom: 5px;\">Hasta 64 ONUs<\/li>\n<li style=\"margin-bottom: 5px;\">2 puertos Uplink RJ45 Gigabit<\/li>\n<li style=\"margin-bottom: 5px;\">1 puerto Uplink SFP\/SFP+ 10 Gigabit<\/li>\n<li style=\"margin-bottom: 5px;\">Distancia 20 Km en puerto PON<\/li>\n<li style=\"margin-bottom: 5px;\">Funciones Capa 3 b&aacute;sica y Capa 2<\/li>\n<li style=\"margin-bottom: 5px;\">1 Puerto de Consola USB tipo C (L&iacute;nea de comando)<\/li>\n<li style=\"margin-bottom: 5px;\">1 puerto GPON SC\/UPC<\/li>\n<li style=\"margin-bottom: 5px;\">Relaci&oacute;n de splitteo por puerto PON: 1:64<\/li>\n<\/ul><\/div>\n<\/p><\/div>\n<p> <!-- Separador --><\/p>\n<hr style=\"border: 0; border-top: 1px solid rgba(150&comma; 150&comma; 150&comma; 0.3); margin: 30px 0;\" \/><!-- Secci\u00f3n de preguntas frecuentes --> <\/p>\n<div style=\"margin-bottom: 30px;\">\n<h3 style=\"font-size: 20px; margin-top: 0; margin-bottom: 15px; color: inherit; opacity: 0.9;\">Preguntas Frecuentes (FAQ)<\/h3>\n<div style=\"margin-bottom: 25px;\">\n<h4 style=\"font-size: 18px; margin-top: 0; margin-bottom: 10px; color: inherit; opacity: 0.85;\">&iquest;C&oacute;mo configuro la OLT de V-SOL para dar internet a mis clientes?<\/h4>\n<p style=\"margin: 0; font-size: 15px; color: inherit; opacity: 0.9;\">S&oacute;lo debes seguir nuestra <a style=\"color: #0d6efd; text-decoration: none; font-weight: 500;\" href=\"https:\/\/soporte.syscom.mx\/es\/articles\/6794140-v-sol-como-configurar-tu-olt-gpon-onu-en-modo-router-con-vlan-tag\" target=\"_blank\" rel=\"noopener\">Gu&iacute;a de Configuraci&oacute;n Paso a Paso para OLTs V-SOL<\/a> para tener desde la configuraci&oacute;n inicial b&aacute;sica hasta tener las ONUs con servicio para tus clientes.<\/p>\n<\/p><\/div>\n<div style=\"margin-bottom: 25px;\">\n<h4 style=\"font-size: 18px; margin-top: 0; margin-bottom: 10px; color: inherit; opacity: 0.85;\">&iquest;Puedo utilizar ONUs de otros fabricantes con una OLT V-SOL?<\/h4>\n<p style=\"margin: 0; font-size: 15px; color: inherit; opacity: 0.9;\">S&iacute;&comma; aunque las OLTs V-SOL suelen ser compatibles con ONUs de diferentes fabricantes debido a los est&aacute;ndares GPON&comma; no podemos garantizar la compatibilidad total con todos los modelos disponibles en el mercado. Recomendamos realizar pruebas con una unidad antes de implementar en producci&oacute;n para asegurar el funcionamiento correcto y evitar inconvenientes.<\/p>\n<\/p><\/div>\n<div style=\"margin-bottom: 25px;\">\n<h4 style=\"font-size: 18px; margin-top: 0; margin-bottom: 10px; color: inherit; opacity: 0.85;\">&iquest;Cu&aacute;les son las credenciales de Default de la OLT V-SOL?<\/h4>\n<p style=\"margin: 0; font-size: 15px; color: inherit; opacity: 0.9;\">Las credenciales de f&aacute;brica&comma; tanto de las OLTs como de las ONUs de V-SOL&comma; las pueden encontrar en este enlace: <a style=\"color: #0d6efd; text-decoration: none; font-weight: 500;\" href=\"https:\/\/soporte.syscom.mx\/es\/articles\/7203161-v-sol-conoce-cuales-son-el-usuario-y-contrasena-de-tus-equipos-olt-onu\" target=\"_blank\" rel=\"noopener\">Conoce cuales son el usuario y contrase&ntilde;a de tus equipos OLT\/ONU<\/a><\/p>\n<\/p><\/div>\n<\/p><\/div>\n<p> <!-- Separador --><\/p>\n<hr style=\"border: 0; border-top: 1px solid rgba(150&comma; 150&comma; 150&comma; 0.3); margin: 30px 0;\" \/><!-- Secci\u00f3n de im\u00e1genes --> <\/p>\n<div style=\"display: flex; flex-direction: column; gap: 40px; margin-bottom: 30px;\">\n<div style=\"text-align: center;\">\n<h3 style=\"font-size: 20px; margin-bottom: 20px; color: inherit; opacity: 0.85;\">Compacto&comma; Rentable y con Implementaci&oacute;n Flexible<\/h3>\n<p> <img decoding=\"async\" class=\"fr-fic fr-dii\" style=\"width: 100%; height: auto; border: 1px solid rgba(150&comma; 150&comma; 150&comma; 0.3); border-radius: 8px;\" src=\"https:\/\/es.vsolcn.com\/wp-content\/uploads\/2026\/01\/V1600GS-R-DetailPg-EN-1.jpg\" alt=\"\" \/><\/div>\n<div style=\"text-align: center;\">\n<h3 style=\"font-size: 20px; margin-bottom: 20px; color: inherit; opacity: 0.85;\">Romper con lo Tradicional&comma; Abrazar el N&uacute;cleo de Escritorio<\/h3>\n<p> <img decoding=\"async\" class=\"fr-fic fr-dii\" style=\"width: 100%; height: auto; border: 1px solid rgba(150&comma; 150&comma; 150&comma; 0.3); border-radius: 8px;\" src=\"https:\/\/es.vsolcn.com\/wp-content\/uploads\/2026\/01\/V1600GS-R-DetailPg-EN-2-1.jpg\" alt=\"\" \/><\/div>\n<div style=\"text-align: center;\">\n<h3 style=\"font-size: 20px; margin-bottom: 20px; color: inherit; opacity: 0.85;\">Alto Valor&comma; Bajo Costo &mdash; La Elecci&oacute;n Inteligente para la Implementaci&oacute;n<\/h3>\n<p> <img decoding=\"async\" class=\"fr-fic fr-dii\" style=\"width: 100%; height: auto; border: 1px solid rgba(150&comma; 150&comma; 150&comma; 0.3); border-radius: 8px;\" src=\"https:\/\/es.vsolcn.com\/wp-content\/uploads\/2026\/01\/V1600GS-R-DetailPg-EN-3.jpg\" alt=\"\" \/><\/div>\n<div style=\"text-align: center;\">\n<h3 style=\"font-size: 20px; margin-bottom: 20px; color: inherit; opacity: 0.85;\">Enlace Ascendente de Escenarios Completos&comma; Definiendo el Futuro de la Implementaci&oacute;n<\/h3>\n<p> <img decoding=\"async\" class=\"fr-fic fr-dii\" style=\"width: 100%; height: auto; border: 1px solid rgba(150&comma; 150&comma; 150&comma; 0.3); border-radius: 8px;\" src=\"https:\/\/es.vsolcn.com\/wp-content\/uploads\/2026\/01\/V1600GS-R-DetailPg-EN-4.jpg\" alt=\"\" \/><\/div>\n<div style=\"text-align: center;\">\n<h3 style=\"font-size: 20px; margin-bottom: 20px; color: inherit; opacity: 0.85;\">Implementaci&oacute;n Flexible&comma; Potenciando Escenarios SMB<\/h3>\n<p> <img decoding=\"async\" class=\"fr-fic fr-dii\" style=\"width: 100%; height: auto; border: 1px solid rgba(150&comma; 150&comma; 150&comma; 0.3); border-radius: 8px;\" src=\"https:\/\/es.vsolcn.com\/wp-content\/uploads\/2026\/01\/V1600GS-R-DetailPg-EN-6.jpg\" alt=\"\" \/><\/div>\n<\/p><\/div>\n<\/p><\/div>\n","protected":false},"excerpt":{"rendered":"<p>Mini OLT de 1 Puerto GPON SC\/UPC con 3 puertos Uplink (2 puertos Gigabit Ethernet + 1 puerto SFP\/SFP+) , hasta 64 ONUs \/ ONTs<\/p>\n","protected":false},"featured_media":84330,"comment_status":"open","ping_status":"closed","template":"","meta":[],"product_brand":[],"product_cat":[2018],"product_tag":[2019,2011,2013],"class_list":{"0":"post-84331","1":"product","2":"type-product","3":"status-publish","4":"has-post-thumbnail","6":"product_cat-olts","7":"product_tag-olts","8":"product_tag-redes-ftth-pon","9":"product_tag-v-sol","11":"first","12":"outofstock","13":"sale","14":"shipping-taxable","15":"purchasable","16":"product-type-simple"},"_links":{"self":[{"href":"https:\/\/soydeaqui.ddns.net\/pachuca\/index.php\/wp-json\/wp\/v2\/product\/84331","targetHints":{"allow":["GET"]}}],"collection":[{"href":"https:\/\/soydeaqui.ddns.net\/pachuca\/index.php\/wp-json\/wp\/v2\/product"}],"about":[{"href":"https:\/\/soydeaqui.ddns.net\/pachuca\/index.php\/wp-json\/wp\/v2\/types\/product"}],"replies":[{"embeddable":true,"href":"https:\/\/soydeaqui.ddns.net\/pachuca\/index.php\/wp-json\/wp\/v2\/comments?post=84331"}],"wp:featuredmedia":[{"embeddable":true,"href":"https:\/\/soydeaqui.ddns.net\/pachuca\/index.php\/wp-json\/wp\/v2\/media\/84330"}],"wp:attachment":[{"href":"https:\/\/soydeaqui.ddns.net\/pachuca\/index.php\/wp-json\/wp\/v2\/media?parent=84331"}],"wp:term":[{"taxonomy":"product_brand","embeddable":true,"href":"https:\/\/soydeaqui.ddns.net\/pachuca\/index.php\/wp-json\/wp\/v2\/product_brand?post=84331"},{"taxonomy":"product_cat","embeddable":true,"href":"https:\/\/soydeaqui.ddns.net\/pachuca\/index.php\/wp-json\/wp\/v2\/product_cat?post=84331"},{"taxonomy":"product_tag","embeddable":true,"href":"https:\/\/soydeaqui.ddns.net\/pachuca\/index.php\/wp-json\/wp\/v2\/product_tag?post=84331"}],"curies":[{"name":"wp","href":"https:\/\/api.w.org\/{rel}","templated":true}]}}