{"id":84162,"date":"2026-03-19T20:39:23","date_gmt":"2026-03-19T20:39:23","guid":{"rendered":"https:\/\/soydeaqui.ddns.net\/pachuca\/index.php\/producto\/almohadillas-de-piel-sintetica-de-repuesto-para-diademas-yealink-uh34-yhs34-12-piezas\/"},"modified":"2026-03-19T20:39:26","modified_gmt":"2026-03-19T20:39:26","slug":"almohadillas-de-piel-sintetica-de-repuesto-para-diademas-yealink-uh34-yhs34-12-piezas","status":"publish","type":"product","link":"https:\/\/soydeaqui.ddns.net\/pachuca\/index.php\/producto\/almohadillas-de-piel-sintetica-de-repuesto-para-diademas-yealink-uh34-yhs34-12-piezas\/","title":{"rendered":"Almohadillas De Piel Sint\u00e9tica de Repuesto para Diademas Yealink UH34 \/ YHS34 (12 Piezas)"},"content":{"rendered":"<div style='width: 100%; max-width: 1200px; margin: 0 auto; font-family: sans-serif; line-height: 1.6; color: inherit; background-color: transparent;'>\n<div style='display: flex; flex-wrap: wrap; gap: 30px; margin-bottom: 30px;'>\n<div style='flex: 1 1 300px; min-width: 280px;'>\n<p style='font-size: 15px; color: inherit; margin-bottom: 15px;'>Las <strong style='color: inherit;'>Almohadillas De Piel Sint\u00e9tica De Repuesto Yealink UH34 \/ YHS34 (12 Piezas)<\/strong> son la soluci\u00f3n perfecta para mantener tus auriculares en condiciones \u00f3ptimas en entornos donde el uso es constante o compartido. Su acabado en piel sint\u00e9tica ofrece un tacto suave y una apariencia profesional que mejora la experiencia del usuario desde el primer contacto.<\/p>\n<p style='font-size: 15px; color: inherit; margin-bottom: 15px;'>Gracias a su dise\u00f1o cerrado&comma; estas almohadillas proporcionan un aislamiento ac\u00fastico m\u00e1s eficiente&comma; ayudando a mejorar la claridad de las llamadas y reduciendo la interferencia del ruido exterior. Su estructura acolchada aporta un nivel de comodidad superior durante largas jornadas laborales&comma; manteniendo el equilibrio entre soporte y suavidad.<\/p>\n<p style='font-size: 15px; color: inherit; margin-bottom: 15px;'>Este paquete de <strong style='color: inherit;'>12 piezas<\/strong> permite un mantenimiento frecuente y pr\u00e1ctico&comma; ideal para oficinas&comma; call centers y empresas que necesitan garantizar higiene y rendimiento continuo. Con su instalaci\u00f3n sencilla&comma; es posible reemplazar almohadillas desgastadas de forma r\u00e1pida&comma; asegurando que los auriculares UH34 y YHS34 sigan ofreciendo un desempe\u00f1o profesional.<\/p>\n<\/p><\/div>\n<\/p><\/div>\n<\/p><\/div>\n","protected":false},"excerpt":{"rendered":"<p>Almohadillas De Piel Sint\u00e9tica de Repuesto para Diademas Yealink UH34 \/ YHS34 (12 Piezas)<\/p>\n","protected":false},"featured_media":84161,"comment_status":"open","ping_status":"closed","template":"","meta":[],"product_brand":[],"product_cat":[2040],"product_tag":[93,2004,2112],"class_list":{"0":"post-84162","1":"product","2":"type-product","3":"status-publish","4":"has-post-thumbnail","6":"product_cat-accesorios-voip-telefonia-ip-videoconferencia","7":"product_tag-accesorios","8":"product_tag-voip-telefonia-ip-videoconferencia","9":"product_tag-yealink","11":"first","12":"outofstock","13":"sale","14":"shipping-taxable","15":"purchasable","16":"product-type-simple"},"_links":{"self":[{"href":"https:\/\/soydeaqui.ddns.net\/pachuca\/index.php\/wp-json\/wp\/v2\/product\/84162","targetHints":{"allow":["GET"]}}],"collection":[{"href":"https:\/\/soydeaqui.ddns.net\/pachuca\/index.php\/wp-json\/wp\/v2\/product"}],"about":[{"href":"https:\/\/soydeaqui.ddns.net\/pachuca\/index.php\/wp-json\/wp\/v2\/types\/product"}],"replies":[{"embeddable":true,"href":"https:\/\/soydeaqui.ddns.net\/pachuca\/index.php\/wp-json\/wp\/v2\/comments?post=84162"}],"wp:featuredmedia":[{"embeddable":true,"href":"https:\/\/soydeaqui.ddns.net\/pachuca\/index.php\/wp-json\/wp\/v2\/media\/84161"}],"wp:attachment":[{"href":"https:\/\/soydeaqui.ddns.net\/pachuca\/index.php\/wp-json\/wp\/v2\/media?parent=84162"}],"wp:term":[{"taxonomy":"product_brand","embeddable":true,"href":"https:\/\/soydeaqui.ddns.net\/pachuca\/index.php\/wp-json\/wp\/v2\/product_brand?post=84162"},{"taxonomy":"product_cat","embeddable":true,"href":"https:\/\/soydeaqui.ddns.net\/pachuca\/index.php\/wp-json\/wp\/v2\/product_cat?post=84162"},{"taxonomy":"product_tag","embeddable":true,"href":"https:\/\/soydeaqui.ddns.net\/pachuca\/index.php\/wp-json\/wp\/v2\/product_tag?post=84162"}],"curies":[{"name":"wp","href":"https:\/\/api.w.org\/{rel}","templated":true}]}}