{"id":84118,"date":"2026-03-19T20:37:13","date_gmt":"2026-03-19T20:37:13","guid":{"rendered":"https:\/\/soydeaqui.ddns.net\/pachuca\/index.php\/producto\/disco-duro-enterprise-12-tb-wester-digital-wd-serie-ultrastar-recomendado-para-data-center-y-nvrs-de-alta-capacidad-alto-performace-2\/"},"modified":"2026-03-19T20:37:19","modified_gmt":"2026-03-19T20:37:19","slug":"disco-duro-enterprise-12-tb-wester-digital-wd-serie-ultrastar-recomendado-para-data-center-y-nvrs-de-alta-capacidad-alto-performace-2","status":"publish","type":"product","link":"https:\/\/soydeaqui.ddns.net\/pachuca\/index.php\/producto\/disco-duro-enterprise-12-tb-wester-digital-wd-serie-ultrastar-recomendado-para-data-center-y-nvrs-de-alta-capacidad-alto-performace-2\/","title":{"rendered":"Disco Duro Enterprise 12 TB \/ Wester Digital (WD) \/ Serie Ultrastar \/ Recomendado para Data Center y NVRs de Alta Capacidad \/ Alto Performace"},"content":{"rendered":"<div style=\"width: 100%; max-width: 1200px; margin: 0 auto; font-family: sans-serif; line-height: 1.6; color: inherit; background-color: transparent;\"><!-- Secci\u00f3n principal --><\/p>\n<div style=\"display: flex; flex-wrap: wrap; gap: 30px; margin-bottom: 30px;\">\n<div style=\"flex: 1 1 300px; min-width: 280px;\">\n<h3 style=\"font-size: 22px; border-bottom: 2px solid currentColor; padding-bottom: 5px; margin-top: 0; color: inherit; opacity: 0.8;\">Caracter&iacute;sticas Principales<\/h3>\n<ul style=\"padding-left: 20px; font-size: 15px; color: inherit;\">\n<li style=\"margin-bottom: 5px;\">Los discos duros de la serie SATA Ultrastar est&aacute;n construidos desde cero para ser un dispositivo de almacenamiento ultra robusto.<\/li>\n<li style=\"margin-bottom: 5px;\">Dise&ntilde;adas con una capacidad de carga de trabajo de hasta 550TB por a&ntilde;o.<\/li>\n<li style=\"margin-bottom: 5px;\">Ideal para aplicaciones cr&iacute;ticas para la empresa como servidores empresariales&comma; subsistemas de almacenamiento&comma; an&aacute;lisis de vigilancia y entornos industriales.<\/li>\n<li style=\"margin-bottom: 5px;\">Tecnolog&iacute;a HelioSeal ofrece mayores capacidades con los $\/TB m&aacute;s bajos y Watts\/TB para minimizar el costo total de propiedad (TCO).<\/li>\n<li style=\"margin-bottom: 5px;\">Los discos de menor capacidad se fabrican con tecnolog&iacute;a tradicional llena de aire&comma; ideal para usuarios que buscan un menor costo de adquisici&oacute;n.<\/li>\n<\/ul>\n<\/div>\n<p><!-- Imagen --><\/p>\n<div style=\"flex: 1 1 400px; min-width: 300px;\"><img decoding=\"async\" style=\"width: 100%; height: auto; border: 1px solid rgba(150&comma; 150&comma; 150&comma; 0.3); border-radius: 8px;\" src=\"https:\/\/ftp3.syscom.mx\/usuarios\/nortega\/WD\/imagenes\/ultrastar\/UltrastarSATAseries-400x500.png\" alt=\"\" class=\"fr-fic fr-dii\"><\/div>\n<\/div>\n<p><!-- Secci\u00f3n de caracter\u00edsticas t\u00e9cnicas --><\/p>\n<div style=\"display: flex; flex-wrap: wrap; gap: 30px; margin-bottom: 30px;\">\n<div style=\"flex: 1 1 300px; min-width: 280px;\">\n<h3 style=\"font-size: 22px; border-bottom: 2px solid currentColor; padding-bottom: 5px; margin-top: 0; color: inherit; opacity: 0.8;\">Alto grado de carga de trabajo<\/h3>\n<p style=\"font-size: 15px; color: inherit;\">Ofreciendo un rendimiento confiable para cualquier ambiente de almacenamiento&comma; las unidades Ultrastar est&aacute;n dise&ntilde;adas para trabajar hasta 550TB por a&ntilde;o&comma; m&aacute;s alto que cualquier disco duro de 3.5 pulgadas.<\/p>\n<\/div>\n<div style=\"flex: 1 1 300px; min-width: 280px;\">\n<h3 style=\"font-size: 22px; border-bottom: 2px solid currentColor; padding-bottom: 5px; margin-top: 0; color: inherit; opacity: 0.8;\">Tecnolog&iacute;a HelioSeal&reg;<\/h3>\n<p style=\"font-size: 15px; color: inherit;\">La tecnolog&iacute;a HelioSeal permite las m&aacute;s altas capacidades y menos turbulencia en grandes matrices de almacenamiento. En su cuarta generaci&oacute;n&comma; la tecnolog&iacute;a HelioSeal ha demostrado entregar una alta capacidad&comma; confiabilidad y eficiencia energ&eacute;tica en la que se puede confiar.<\/p>\n<\/div>\n<div style=\"flex: 1 1 300px; min-width: 280px;\">\n<h3 style=\"font-size: 22px; border-bottom: 2px solid currentColor; padding-bottom: 5px; margin-top: 0; color: inherit; opacity: 0.8;\">Almacenamiento de clase empresarial<\/h3>\n<p style=\"font-size: 15px; color: inherit;\">Con hasta 2.5 millones de horas de calificaci&oacute;n MTBF&comma; los discos duros Ultrastar ofrecen fiabilidad y durabilidad. Dise&ntilde;ados para operaci&oacute;n 24x7x365 en entornos exigentes y respaldados con una garant&iacute;a limitada de 5 a&ntilde;os.<\/p>\n<\/div>\n<div style=\"flex: 1 1 300px; min-width: 280px;\">\n<h3 style=\"font-size: 22px; border-bottom: 2px solid currentColor; padding-bottom: 5px; margin-top: 0; color: inherit; opacity: 0.8;\">Pruebas de compatibilidad<\/h3>\n<p style=\"font-size: 15px; color: inherit;\">Todos los discos duros Ultrastar son extensivamente probados en sistemas de almacenamiento OEM&comma; controladores SATA&comma; DVR\/NVR y adaptadores de bus para garantizar facilidad de integraci&oacute;n y soluci&oacute;n Plug and Play.<\/p>\n<\/div>\n<div style=\"flex: 1 1 300px; min-width: 280px;\">\n<h3 style=\"font-size: 22px; border-bottom: 2px solid currentColor; padding-bottom: 5px; margin-top: 0; color: inherit; opacity: 0.8;\">Protecci&oacute;n contra vibraciones<\/h3>\n<p style=\"font-size: 15px; color: inherit;\">La salvaguarda de vibraci&oacute;n rotacional mejorada (RVS) usa tecnolog&iacute;a electr&oacute;nica sofisticada para controlar la unidad y corregir vibraciones lineales y rotacionales en tiempo real para mejor rendimiento en ambientes de alta vibraci&oacute;n.<\/p>\n<\/div>\n<div style=\"flex: 1 1 300px; min-width: 280px;\">\n<h3 style=\"font-size: 22px; border-bottom: 2px solid currentColor; padding-bottom: 5px; margin-top: 0; color: inherit; opacity: 0.8;\">Tecnolog&iacute;a de actuador de doble etapa<\/h3>\n<p style=\"font-size: 15px; color: inherit;\">Sistema de posicionamiento de cabeza actuador de doble etapa para alto grado de exactitud. La etapa primaria proporciona curso de desplazamiento mientras que la etapa secundaria usa movimiento piezoel&eacute;ctrico para afinar el posicionamiento con mayor precisi&oacute;n.<\/p>\n<\/div>\n<div style=\"flex: 1 1 300px; min-width: 280px;\">\n<h3 style=\"font-size: 22px; border-bottom: 2px solid currentColor; padding-bottom: 5px; margin-top: 0; color: inherit; opacity: 0.8;\">Tecnolog&iacute;a Dynamic Fly-height<\/h3>\n<p style=\"font-size: 15px; color: inherit;\">Se ajusta la altura de vuelo de cada cabeza de lectura\/escritura en tiempo real para garantizar coherencia de rendimiento&comma; reducir errores y optimizar la confiabilidad.<\/p>\n<\/div>\n<div style=\"flex: 1 1 300px; min-width: 280px;\">\n<h3 style=\"font-size: 22px; border-bottom: 2px solid currentColor; padding-bottom: 5px; margin-top: 0; color: inherit; opacity: 0.8;\">Velocidad de rotaci&oacute;n<\/h3>\n<p style=\"font-size: 15px; color: inherit;\">Este disco duro de 7200 RPM ofrece el rendimiento m&aacute;s r&aacute;pido con la m&aacute;s alta calificaci&oacute;n de carga de trabajo de cualquier unidad de alta capacidad de Western Digital. Asegura tener el disco duro m&aacute;s capaz&comma; independientemente de la aplicaci&oacute;n con discos duros Ultrastar.<\/p>\n<\/div>\n<\/div>\n<p><!-- Secci\u00f3n de especificaciones --><\/p>\n<div style=\"display: flex; flex-wrap: wrap; gap: 20px; margin-bottom: 30px;\">\n<div style=\"flex: 1 1 100%; min-width: 280px;\">\n<div style=\"border: 1px solid rgba(150&comma; 150&comma; 150&comma; 0.4); border-radius: 8px; overflow: hidden; display: flex; flex-direction: column;\">\n<div style=\"padding: 15px; border-bottom: 1px solid rgba(150&comma; 150&comma; 150&comma; 0.2); font-weight: bold; font-size: 18px; color: inherit;\">Especificaciones T&eacute;cnicas<\/div>\n<div style=\"padding: 15px; color: inherit;\">\n<ul style=\"padding-left: 20px; margin: 0; font-size: 14px; list-style-type: disc; color: inherit;\">\n<li style=\"margin-bottom: 5px;\"><strong>N&uacute;mero de parte:<\/strong> HUH721212ALE604<\/li>\n<li style=\"margin-bottom: 5px;\"><strong>Capacidad:<\/strong> 12 TB<\/li>\n<li style=\"margin-bottom: 5px;\"><strong>Factor de forma:<\/strong> 3.5 pulgadas<\/li>\n<li style=\"margin-bottom: 5px;\"><strong>Velocidad de transferencia de datos:<\/strong>\n<ul style=\"padding-left: 30px; margin: 5px 0; color: inherit;\">\n<li style=\"margin-bottom: 5px;\"><strong>B&uacute;fer a host:<\/strong> 600 Mb\/s<\/li>\n<li style=\"margin-bottom: 5px;\"><strong>Host a\/desde disco (sostenido):<\/strong> 255 MB\/s<\/li>\n<\/ul>\n<\/li>\n<li style=\"margin-bottom: 5px;\"><strong>Cach&eacute;:<\/strong> 256MB<\/li>\n<li style=\"margin-bottom: 5px;\"><strong>Velocidad de rotaci&oacute;n:<\/strong> 7200 RPM<\/li>\n<li style=\"margin-bottom: 5px;\"><strong>Interfaz:<\/strong> SATA III&comma; 6.0 Gb\/s<\/li>\n<li style=\"margin-bottom: 5px;\"><strong>Aplicaci&oacute;n:<\/strong> Optimizado para aplicaciones de video vigilancia<\/li>\n<li style=\"margin-bottom: 5px;\"><strong>Cantidad de bah&iacute;as:<\/strong> Sin l&iacute;mite<\/li>\n<li style=\"margin-bottom: 5px;\"><strong>Cantidad de c&aacute;maras:<\/strong> Sin l&iacute;mite<\/li>\n<\/ul>\n<\/div>\n<\/div>\n<\/div>\n<div style=\"flex: 1 1 100%; min-width: 280px;\">\n<div style=\"border: 1px solid rgba(150&comma; 150&comma; 150&comma; 0.4); border-radius: 8px; overflow: hidden; display: flex; flex-direction: column;\">\n<div style=\"padding: 15px; border-bottom: 1px solid rgba(150&comma; 150&comma; 150&comma; 0.2); font-weight: bold; font-size: 18px; color: inherit;\">Caracter&iacute;sticas F&iacute;sicas y El&eacute;ctricas<\/div>\n<div style=\"padding: 15px; color: inherit;\">\n<ul style=\"padding-left: 20px; margin: 0; font-size: 14px; list-style-type: disc; color: inherit;\">\n<li style=\"margin-bottom: 5px;\"><strong>Temperatura de operaci&oacute;n:<\/strong>\n<ul style=\"padding-left: 30px; margin: 5px 0; color: inherit;\">\n<li style=\"margin-bottom: 5px;\"><strong>En funcionamiento:<\/strong> 5&deg;C &#8211; 60 &ordm;C<\/li>\n<li style=\"margin-bottom: 5px;\"><strong>Inactivo:<\/strong> -40&deg;C &#8211; 70 &ordm;C<\/li>\n<\/ul>\n<\/li>\n<li style=\"margin-bottom: 5px;\"><strong>Consumo el&eacute;ctrico:<\/strong>\n<ul style=\"padding-left: 30px; margin: 5px 0; color: inherit;\">\n<li style=\"margin-bottom: 5px;\"><strong>Lectura \/ escritura:<\/strong> 6.9 W<\/li>\n<li style=\"margin-bottom: 5px;\"><strong>Inactivo:<\/strong> 5.0 W<\/li>\n<\/ul>\n<\/li>\n<li style=\"margin-bottom: 5px;\"><strong>Dimensiones:<\/strong> 26.1 x 147 x 101.6 mm<\/li>\n<li style=\"margin-bottom: 5px;\"><strong>Peso:<\/strong> 660 g<\/li>\n<li style=\"margin-bottom: 5px;\"><strong>Garant&iacute;a:<\/strong> 5 a&ntilde;os<\/li>\n<\/ul>\n<\/div>\n<\/div>\n<\/div>\n<\/div>\n<p><!-- Nota de garant\u00eda --><\/p>\n<div style=\"margin-top: 30px; padding: 15px; border-left: 5px solid #6a9cde; background-color: rgba(106&comma; 156&comma; 222&comma; 0.05); color: inherit;\">\n<p style=\"margin: 0; font-size: 15px; color: inherit;\">SYSCOM es el &uacute;nico distribuidor autorizado para ofrecer garant&iacute;a de discos duros SIN COMPLICACIONES<\/p>\n<\/div>\n<\/div>\n","protected":false},"excerpt":{"rendered":"<p>Disco Duro Enterprise 12 TB \/ Wester Digital (WD) \/ Serie Ultrastar \/ Recomendado para Data Center y NVRs de Alta Capacidad \/ Alto Performace<\/p>\n","protected":false},"featured_media":84117,"comment_status":"open","ping_status":"closed","template":"","meta":[],"product_brand":[],"product_cat":[2021],"product_tag":[1974,2022,2023],"class_list":{"0":"post-84118","1":"product","2":"type-product","3":"status-publish","4":"has-post-thumbnail","6":"product_cat-discos-duros-mecanicos-hdd","7":"product_tag-almacenamiento","8":"product_tag-discos-duros-mecanicos-hdd","9":"product_tag-western-digital-wd","11":"first","12":"outofstock","13":"sale","14":"shipping-taxable","15":"purchasable","16":"product-type-simple"},"_links":{"self":[{"href":"https:\/\/soydeaqui.ddns.net\/pachuca\/index.php\/wp-json\/wp\/v2\/product\/84118","targetHints":{"allow":["GET"]}}],"collection":[{"href":"https:\/\/soydeaqui.ddns.net\/pachuca\/index.php\/wp-json\/wp\/v2\/product"}],"about":[{"href":"https:\/\/soydeaqui.ddns.net\/pachuca\/index.php\/wp-json\/wp\/v2\/types\/product"}],"replies":[{"embeddable":true,"href":"https:\/\/soydeaqui.ddns.net\/pachuca\/index.php\/wp-json\/wp\/v2\/comments?post=84118"}],"wp:featuredmedia":[{"embeddable":true,"href":"https:\/\/soydeaqui.ddns.net\/pachuca\/index.php\/wp-json\/wp\/v2\/media\/84117"}],"wp:attachment":[{"href":"https:\/\/soydeaqui.ddns.net\/pachuca\/index.php\/wp-json\/wp\/v2\/media?parent=84118"}],"wp:term":[{"taxonomy":"product_brand","embeddable":true,"href":"https:\/\/soydeaqui.ddns.net\/pachuca\/index.php\/wp-json\/wp\/v2\/product_brand?post=84118"},{"taxonomy":"product_cat","embeddable":true,"href":"https:\/\/soydeaqui.ddns.net\/pachuca\/index.php\/wp-json\/wp\/v2\/product_cat?post=84118"},{"taxonomy":"product_tag","embeddable":true,"href":"https:\/\/soydeaqui.ddns.net\/pachuca\/index.php\/wp-json\/wp\/v2\/product_tag?post=84118"}],"curies":[{"name":"wp","href":"https:\/\/api.w.org\/{rel}","templated":true}]}}