{"id":84028,"date":"2026-03-19T20:33:11","date_gmt":"2026-03-19T20:33:11","guid":{"rendered":"https:\/\/soydeaqui.ddns.net\/pachuca\/index.php\/producto\/ups-de-2000va-1200w-topologia-linea-interactiva-entrada-y-salida-120-vca-regulador-de-voltaje-avr-80-150-vca-clavija-nema-5-15p-6-tomas-nema-5-15r\/"},"modified":"2026-03-19T20:33:12","modified_gmt":"2026-03-19T20:33:12","slug":"ups-de-2000va-1200w-topologia-linea-interactiva-entrada-y-salida-120-vca-regulador-de-voltaje-avr-80-150-vca-clavija-nema-5-15p-6-tomas-nema-5-15r","status":"publish","type":"product","link":"https:\/\/soydeaqui.ddns.net\/pachuca\/index.php\/producto\/ups-de-2000va-1200w-topologia-linea-interactiva-entrada-y-salida-120-vca-regulador-de-voltaje-avr-80-150-vca-clavija-nema-5-15p-6-tomas-nema-5-15r\/","title":{"rendered":"UPS de 2000VA\/1200W \/ Topolog\u00eda L\u00ednea Interactiva \/ Entrada y Salida 120 Vca \/ Regulador de Voltaje AVR 80-150 Vca \/ Clavija NEMA 5-15P \/ 6 Tomas NEMA 5-15R"},"content":{"rendered":"<div style='width: 100%; max-width: 1200px; margin: 0 auto; font-family: sans-serif; line-height: 1.6; color: inherit; background-color: transparent;'>\n<div style='display: flex; flex-wrap: wrap; gap: 30px; margin-bottom: 30px;'>\n<div style='flex: 1 1 300px; min-width: 280px;'> <img style='width: 100%; height: auto; border: 1px solid rgba(150&comma;150&comma;150&comma;0.3); border-radius: 8px;' src='http:\/\/ftp3.syscom.mx\/usuarios\/gsanchez\/Epcom%20Power%20Line%20logo.jpg' alt='Logo Epcom Power Line'> <\/p>\n<p style='font-size: 15px; margin-top: 20px; color: inherit;'> La l\u00ednea de UPS EPUL de epcom Power Line es tipicamente usada para proteger y energizar ciertos equipos tales como computadoras personales&comma; conmutadores de peque\u00f1a escala&comma; puntos de venta&comma; etc. Prove\u00e9 protecci\u00f3n de potencia contra sobrevoltjes y picos. Tambi\u00e9n suministra voltaje puro con Regulador Autom\u00e1tico de Voltaje en boost y buck. Es simple y a bajo costo. La instalaci\u00f3n es sencilla y r\u00e1pida. <\/p>\n<\/p><\/div>\n<\/p><\/div>\n<div style='display: flex; flex-wrap: wrap; gap: 20px; margin-bottom: 30px;'>\n<div style='flex: 1 1 250px; border: 1px solid rgba(150&comma; 150&comma; 150&comma; 0.4); border-radius: 8px; overflow: hidden; display: flex; flex-direction: column;'>\n<div style='padding: 15px; border-bottom: 1px solid rgba(150&comma; 150&comma; 150&comma; 0.2); font-weight: bold; font-size: 18px; color: inherit;'>Caracter\u00edsticas<\/div>\n<div style='padding: 15px; color: inherit;'>\n<ul style='padding-left: 20px; margin: 0; font-size: 14px; list-style-type: disc; color: inherit;'>\n<li style='margin-bottom: 5px;'><strong>Capacidad:<\/strong> 2000 VA \/ 900 W<\/li>\n<li style='margin-bottom: 5px;'><strong>Topolog\u00eda:<\/strong> L\u00ednea interactiva<\/li>\n<li style='margin-bottom: 5px;'><strong>Salida:<\/strong> 120 VCA \u00b1 5%<\/li>\n<li style='margin-bottom: 5px;'><strong>Tipo de conector y cable:<\/strong> NEMA 5-15P<\/li>\n<li style='margin-bottom: 5px;'><strong>Tipo de salidas:<\/strong> 6 \u00d7 NEMA 5-15R<\/li>\n<li style='margin-bottom: 5px;'><strong>Bater\u00edas:<\/strong> 2 x 12V\/9Ah<\/li>\n<li style='margin-bottom: 5px;'><strong>AVR:<\/strong> Boost y buck para estabilizaci\u00f3n de voltaje<\/li>\n<li style='margin-bottom: 5px;'><strong>Frecuencia:<\/strong> Auto sensado<\/li>\n<li style='margin-bottom: 5px;'><strong>Alarma:<\/strong> Sistema humanizado<\/li>\n<li style='margin-bottom: 5px;'><strong>Funciones:<\/strong> Power-on self test&comma; Inicio fresco<\/li>\n<li style='margin-bottom: 5px;'><strong>Reinicio:<\/strong> Autom\u00e1tico cuando el suministro es restablecido<\/li>\n<li style='margin-bottom: 5px;'><strong>Forma de onda:<\/strong> Senoidal simulada de salida<\/li>\n<li style='margin-bottom: 5px;'><strong>Protecci\u00f3n:<\/strong> Corto-circuito&comma; sobrecarga en bater\u00eda \/ sobredescarga&comma; sobrecarga&comma; protecci\u00f3n contra sobretensiones<\/li>\n<li style='margin-bottom: 5px;'><strong>Carga:<\/strong> Autom\u00e1tica en modo apagado<\/li>\n<li style='margin-bottom: 5px;'><strong>Apagado:<\/strong> Sin carga (opcional)<\/li>\n<\/ul><\/div>\n<\/p><\/div>\n<\/p><\/div>\n<hr style='border: 0; border-top: 1px solid rgba(150&comma; 150&comma; 150&comma; 0.3); margin: 30px 0;'> <\/div>\n","protected":false},"excerpt":{"rendered":"<p>UPS de 2000VA\/1200W \/ Topolog\u00eda L\u00ednea Interactiva \/ Entrada y Salida 120 Vca \/ Regulador de Voltaje AVR 80-150 Vca \/ Clavija NEMA 5-15P \/ 6 Tomas NEMA 5-15R<\/p>\n","protected":false},"featured_media":84027,"comment_status":"open","ping_status":"closed","template":"","meta":[],"product_brand":[],"product_cat":[1231],"product_tag":[142,454,1232],"class_list":{"0":"post-84028","1":"product","2":"type-product","3":"status-publish","4":"has-post-thumbnail","6":"product_cat-ups-no-break-energia-videovigilancia","7":"product_tag-energia","8":"product_tag-epcom-powerline","9":"product_tag-ups-no-break-2","11":"first","12":"outofstock","13":"sale","14":"shipping-taxable","15":"purchasable","16":"product-type-simple"},"_links":{"self":[{"href":"https:\/\/soydeaqui.ddns.net\/pachuca\/index.php\/wp-json\/wp\/v2\/product\/84028","targetHints":{"allow":["GET"]}}],"collection":[{"href":"https:\/\/soydeaqui.ddns.net\/pachuca\/index.php\/wp-json\/wp\/v2\/product"}],"about":[{"href":"https:\/\/soydeaqui.ddns.net\/pachuca\/index.php\/wp-json\/wp\/v2\/types\/product"}],"replies":[{"embeddable":true,"href":"https:\/\/soydeaqui.ddns.net\/pachuca\/index.php\/wp-json\/wp\/v2\/comments?post=84028"}],"wp:featuredmedia":[{"embeddable":true,"href":"https:\/\/soydeaqui.ddns.net\/pachuca\/index.php\/wp-json\/wp\/v2\/media\/84027"}],"wp:attachment":[{"href":"https:\/\/soydeaqui.ddns.net\/pachuca\/index.php\/wp-json\/wp\/v2\/media?parent=84028"}],"wp:term":[{"taxonomy":"product_brand","embeddable":true,"href":"https:\/\/soydeaqui.ddns.net\/pachuca\/index.php\/wp-json\/wp\/v2\/product_brand?post=84028"},{"taxonomy":"product_cat","embeddable":true,"href":"https:\/\/soydeaqui.ddns.net\/pachuca\/index.php\/wp-json\/wp\/v2\/product_cat?post=84028"},{"taxonomy":"product_tag","embeddable":true,"href":"https:\/\/soydeaqui.ddns.net\/pachuca\/index.php\/wp-json\/wp\/v2\/product_tag?post=84028"}],"curies":[{"name":"wp","href":"https:\/\/api.w.org\/{rel}","templated":true}]}}