{"id":83628,"date":"2026-03-19T20:16:00","date_gmt":"2026-03-19T20:16:00","guid":{"rendered":"https:\/\/soydeaqui.ddns.net\/pachuca\/index.php\/producto\/onu-gpon-wifi-2-4-5-ghz-2-antenas-de-5-dbi-compatible-con-olt-de-terceros-mimo-2x2-4-puertos-gigabit-1-pots-usb-conector-sc-upc-gestion-wan-desde-la-interfaz-de-la-onu\/"},"modified":"2026-03-19T20:16:16","modified_gmt":"2026-03-19T20:16:16","slug":"onu-gpon-wifi-2-4-5-ghz-2-antenas-de-5-dbi-compatible-con-olt-de-terceros-mimo-2x2-4-puertos-gigabit-1-pots-usb-conector-sc-upc-gestion-wan-desde-la-interfaz-de-la-onu","status":"publish","type":"product","link":"https:\/\/soydeaqui.ddns.net\/pachuca\/index.php\/producto\/onu-gpon-wifi-2-4-5-ghz-2-antenas-de-5-dbi-compatible-con-olt-de-terceros-mimo-2x2-4-puertos-gigabit-1-pots-usb-conector-sc-upc-gestion-wan-desde-la-interfaz-de-la-onu\/","title":{"rendered":"ONU GPON WiFi (2.4\/5 GHz), 2 antenas de 5 dBi, Compatible con OLT de Terceros, MIMO 2&#215;2, 4 puertos Gigabit + 1 POTS + USB, conector SC\/UPC (Gesti\u00f3n WAN desde la Interfaz de la ONU)"},"content":{"rendered":"<div style='width: 100%; max-width: 1200px; margin: 0 auto; font-family: sans-serif; line-height: 1.6; color: inherit; background-color: transparent;'> <!-- Imagen principal --> <\/p>\n<div style='margin-bottom: 30px;'> <img style='width: 100%; height: auto; border: 1px solid rgba(150&comma;150&comma;150&comma;0.3); border-radius: 8px;' src='https:\/\/ftp3.syscom.mx\/usuarios\/fotos\/HG6543C\/187432-fiberjom.jpg' alt=''> <\/div>\n<p> <!-- Descripci\u00f3n general --> <\/p>\n<div style='margin-bottom: 30px;'>\n<p style='text-align: justify; font-size: 18px; color: inherit;'> La terminal <strong>HG6543D<\/strong> de FiberHome es una ONT GPON para arquitecturas FTTH. Brinda a los usuarios servicios de comunicaci\u00f3n y entretenimiento en forma de datos&comma; voz&comma; video&comma; etc.&comma; para satisfacer la demanda de acceso integrado de familias y peque\u00f1as empresas. <\/p>\n<\/p><\/div>\n<p> <!-- Secci\u00f3n de caracter\u00edsticas --> <\/p>\n<div style='display: flex; flex-wrap: wrap; gap: 30px; margin-bottom: 30px;'>\n<div style='flex: 1 1 300px; min-width: 280px;'>\n<div style='border-left: 5px solid #ff0000; padding: 15px; border-radius: 8px; background-color: rgba(128&comma;128&comma;128&comma;0.05);'>\n<h3 style='font-size: 20px; margin-top: 0; margin-bottom: 15px; color: inherit;'>Caracter\u00edsticas Generales<\/h3>\n<ul style='padding-left: 20px; font-size: 15px; color: inherit; list-style-type: disc;'>\n<li style='margin-bottom: 10px;'><strong>Interfaz GPON:<\/strong>\n<ul style='padding-left: 20px; margin-top: 5px; margin-bottom: 5px;'>\n<li style='margin-bottom: 5px;'>Est\u00e1ndar: ITU-T G.984&comma; Clase B+<\/li>\n<li>Tipo de Interfaz: SC\/UPC<\/li>\n<\/ul>\n<\/li>\n<li style='margin-bottom: 10px;'><strong>Interfaz Ethernet:<\/strong>\n<ul style='padding-left: 20px; margin-top: 5px; margin-bottom: 5px;'>\n<li style='margin-bottom: 5px;'>Tipo de Interfaz: 4 Puertos Gigabit Ethernet<\/li>\n<\/ul>\n<\/li>\n<li style='margin-bottom: 10px;'><strong>Interfaz USB:<\/strong>\n<ul style='padding-left: 20px; margin-top: 5px; margin-bottom: 5px;'>\n<li style='margin-bottom: 5px;'>Tipo de Interfaz: USB 2.0<\/li>\n<\/ul>\n<\/li>\n<li style='margin-bottom: 10px;'><strong>Interfaz POTS:<\/strong>\n<ul style='padding-left: 20px; margin-top: 5px; margin-bottom: 5px;'>\n<li style='margin-bottom: 5px;'>1 puerto POTS (RJ11) para telefon\u00eda an\u00e1loga<\/li>\n<\/ul>\n<\/li>\n<li style='margin-bottom: 10px;'><strong>WiFi:<\/strong>\n<ul style='padding-left: 20px; margin-top: 5px; margin-bottom: 5px;'>\n<li style='margin-bottom: 5px;'>Est\u00e1ndar: IEEE 802.11 b\/g\/n\/a\/ac<\/li>\n<li style='margin-bottom: 5px;'>Doble Banda 2.4 y 5 GHz MIMO 2&#215;2<\/li>\n<li style='margin-bottom: 5px;'>8 SSIDs (4 + 4)<\/li>\n<li>2 Antenas de 5 dBi<\/li>\n<\/ul>\n<\/li>\n<\/ul><\/div>\n<\/p><\/div>\n<div style='flex: 1 1 300px; min-width: 280px;'>\n<div style='border-left: 5px solid #ff0000; padding: 15px; border-radius: 8px; background-color: rgba(128&comma;128&comma;128&comma;0.05);'>\n<h3 style='font-size: 20px; margin-top: 0; margin-bottom: 15px; color: inherit;'>Caracter\u00edsticas f\u00edsicas y el\u00e9ctricas<\/h3>\n<ul style='padding-left: 20px; font-size: 15px; color: inherit; list-style-type: disc;'>\n<li style='margin-bottom: 5px;'>Dimensiones: 42 x 135 x 185 mm (Alto x Ancho x Profundidad)<\/li>\n<li style='margin-bottom: 5px;'>Alimentaci\u00f3n: 12Vcc\/1.5A (Adaptador Incluido)<\/li>\n<li style='margin-bottom: 5px;'>Temperatura de Operaci\u00f3n: -5\u00baC \u00f7 45\u00baC<\/li>\n<li style='margin-bottom: 5px;'>Consumo M\u00e1ximo: 13 Watts<\/li>\n<li style='margin-bottom: 5px;'>Cantidad de Antenas: 2<\/li>\n<li>Peso: 315g<\/li>\n<\/ul><\/div>\n<\/p><\/div>\n<div style='flex: 1 1 300px; min-width: 280px;'>\n<div style='padding: 15px; border-radius: 8px; background-color: rgba(128&comma;128&comma;128&comma;0.05);'>\n<h3 style='font-size: 20px; margin-top: 0; margin-bottom: 15px; color: inherit;'>Credenciales de acceso<\/h3>\n<ul style='padding-left: 20px; font-size: 15px; color: inherit; list-style-type: disc;'>\n<li style='margin-bottom: 5px;'><strong>Usuario Administrador:<\/strong> admin<\/li>\n<li><strong>Contrase\u00f1a:<\/strong> %0|F?H@f!berhO3e<\/li>\n<\/ul><\/div>\n<\/p><\/div>\n<\/p><\/div>\n<p> <!-- Imagen y descripci\u00f3n UNM2000 --> <\/p>\n<div style='display: flex; flex-wrap: wrap; gap: 30px; align-items: center; margin-bottom: 30px;'>\n<div style='flex: 1 1 300px; min-width: 280px;'> <img style='width: 100%; height: auto; border: 1px solid rgba(150&comma;150&comma;150&comma;0.3); border-radius: 8px;' src='https:\/\/ftp3.syscom.mx\/usuarios\/fotos\/HG6543C\/187432-interfaz_unm2000-2_.png' alt='Interfaz UNM2000'> <\/div>\n<div style='flex: 1 1 300px; min-width: 280px;'>\n<h3 style='font-size: 20px; margin-top: 0; margin-bottom: 15px; color: inherit;'>Software de administraci\u00f3n Fiberhome UNM2000<\/h3>\n<ul style='padding-left: 20px; font-size: 15px; color: inherit; list-style-type: disc;'>\n<li style='margin-bottom: 5px;'>Licencia sin costo<\/li>\n<li style='margin-bottom: 5px;'>Mejora la eficiencia en la gesti\u00f3n<\/li>\n<li style='margin-bottom: 5px;'>Configuraci\u00f3n de ONU\/ONT Fiberhome directamente desde la OLT<\/li>\n<li style='margin-bottom: 5px;'>Reduce costos de mantenimiento<\/li>\n<li style='margin-bottom: 5px;'>Perfil de autoaprovisionamiento con ONUs Fiberhome<\/li>\n<li><a href='https:\/\/drive.google.com\/drive\/folders\/17-if5U0Fwp6xX6BKXh4kcp7XbTkzXJKH' target='_blank' rel='noopener' style='color: #0066cc; text-decoration: underline;'>Descargue el software aqu\u00ed<\/a><\/li>\n<\/ul><\/div>\n<\/p><\/div>\n<\/p><\/div>\n","protected":false},"excerpt":{"rendered":"<p>ONU GPON WiFi (2.4\/5 GHz), 2 antenas de 5 dBi, Compatible con OLT de Terceros, MIMO 2&#215;2, 4 puertos Gigabit + 1 POTS + USB, conector SC\/UPC (Gesti\u00f3n WAN desde la Interfaz de la ONU)<\/p>\n","protected":false},"featured_media":83627,"comment_status":"open","ping_status":"closed","template":"","meta":[],"product_brand":[],"product_cat":[2010],"product_tag":[639,2012,2011],"class_list":{"0":"post-83628","1":"product","2":"type-product","3":"status-publish","4":"has-post-thumbnail","6":"product_cat-onus-onts","7":"product_tag-fiberhome","8":"product_tag-onus-onts","9":"product_tag-redes-ftth-pon","11":"first","12":"instock","13":"sale","14":"shipping-taxable","15":"purchasable","16":"product-type-simple"},"_links":{"self":[{"href":"https:\/\/soydeaqui.ddns.net\/pachuca\/index.php\/wp-json\/wp\/v2\/product\/83628","targetHints":{"allow":["GET"]}}],"collection":[{"href":"https:\/\/soydeaqui.ddns.net\/pachuca\/index.php\/wp-json\/wp\/v2\/product"}],"about":[{"href":"https:\/\/soydeaqui.ddns.net\/pachuca\/index.php\/wp-json\/wp\/v2\/types\/product"}],"replies":[{"embeddable":true,"href":"https:\/\/soydeaqui.ddns.net\/pachuca\/index.php\/wp-json\/wp\/v2\/comments?post=83628"}],"wp:featuredmedia":[{"embeddable":true,"href":"https:\/\/soydeaqui.ddns.net\/pachuca\/index.php\/wp-json\/wp\/v2\/media\/83627"}],"wp:attachment":[{"href":"https:\/\/soydeaqui.ddns.net\/pachuca\/index.php\/wp-json\/wp\/v2\/media?parent=83628"}],"wp:term":[{"taxonomy":"product_brand","embeddable":true,"href":"https:\/\/soydeaqui.ddns.net\/pachuca\/index.php\/wp-json\/wp\/v2\/product_brand?post=83628"},{"taxonomy":"product_cat","embeddable":true,"href":"https:\/\/soydeaqui.ddns.net\/pachuca\/index.php\/wp-json\/wp\/v2\/product_cat?post=83628"},{"taxonomy":"product_tag","embeddable":true,"href":"https:\/\/soydeaqui.ddns.net\/pachuca\/index.php\/wp-json\/wp\/v2\/product_tag?post=83628"}],"curies":[{"name":"wp","href":"https:\/\/api.w.org\/{rel}","templated":true}]}}