{"id":83621,"date":"2026-03-19T20:15:45","date_gmt":"2026-03-19T20:15:45","guid":{"rendered":"https:\/\/soydeaqui.ddns.net\/pachuca\/index.php\/producto\/onu-gpon-epon-con-wi-fi-6-ax1500-wi-fi-doble-banda-2-4-y-5-ghz-4-puertos-gigabit-puerto-pon-sc-upc\/"},"modified":"2026-03-19T20:15:53","modified_gmt":"2026-03-19T20:15:53","slug":"onu-gpon-epon-con-wi-fi-6-ax1500-wi-fi-doble-banda-2-4-y-5-ghz-4-puertos-gigabit-puerto-pon-sc-upc","status":"publish","type":"product","link":"https:\/\/soydeaqui.ddns.net\/pachuca\/index.php\/producto\/onu-gpon-epon-con-wi-fi-6-ax1500-wi-fi-doble-banda-2-4-y-5-ghz-4-puertos-gigabit-puerto-pon-sc-upc\/","title":{"rendered":"ONU GPON\/EPON con Wi-Fi 6 AX1500 \/ Wi-Fi Doble banda 2.4 y 5 GHz \/ 4 Puertos Gigabit \/ Puerto PON SC\/UPC"},"content":{"rendered":"<div style='width: 100%; max-width: 1200px; margin: 0 auto; font-family: sans-serif; line-height: 1.6; color: inherit; background-color: transparent;'> <!-- T\u00edtulos centrales --> <\/p>\n<h2 style='font-size: 28px; margin: 0 0 20px; text-align: center; color: inherit; font-weight: 500; line-height: 1.2; border: none; padding: 0; font-family: Roboto&comma; sans-serif;'> Nueva generaci\u00f3n de ONU Wi-Fi 6 AX1500 <\/h2>\n<p> <!-- Imagen principal --> <\/p>\n<p style='text-align: center; margin: 0 0 30px;'> <img style='width: 100%; height: auto; border: 1px solid rgba(150&comma;150&comma;150&comma;0.3); border-radius: 8px;' src='https:\/\/www.vsolcn.com\/wp-content\/uploads\/2024\/03\/V2804AX15T-Detail-Page_EN-1.jpg' alt=''> <\/p>\n<h2 style='font-size: 28px; margin: 0 0 20px; text-align: center; color: inherit; font-weight: 500; line-height: 1.2; border: none; padding: 0; font-family: Roboto&comma; sans-serif;'> \u00bfPor qu\u00e9 elegir V2804-AX15? <\/h2>\n<p> <!-- Imagen secci\u00f3n 2 --> <\/p>\n<p style='text-align: center; margin: 0 0 30px;'> <img style='width: 100%; height: auto; border: 1px solid rgba(150&comma;150&comma;150&comma;0.3); border-radius: 8px;' src='https:\/\/www.vsolcn.com\/wp-content\/uploads\/2024\/03\/V2804AX15T-Detail-Page_EN-2.jpg' alt=''> <\/p>\n<p> <!-- Secci\u00f3n de caracter\u00edsticas en 3 columnas --> <\/p>\n<div style='display: flex; flex-wrap: wrap; gap: 30px; margin-bottom: 30px;'> <!-- Caracter\u00edsticas principales --> <\/p>\n<div style='flex: 1 1 300px; min-width: 280px;'>\n<h3 style='font-size: 22px; border-bottom: 2px solid currentColor; padding-bottom: 5px; margin-top: 0; color: inherit; opacity: 0.8;'> Caracter\u00edsticas principales <\/h3>\n<ul style='padding-left: 20px; font-size: 15px; color: inherit;'>\n<li style='margin-bottom: 5px;'>Dimensiones: 260 * 157.4 * 45.8 mm (largo \u00d7 ancho \u00d7 alto)<\/li>\n<li style='margin-bottom: 5px;'>Aplicaciones ISP<\/li>\n<li style='margin-bottom: 5px;'>Gesti\u00f3n y Monitoreo en l\u00ednea desde la OLT V-SOL<\/li>\n<li style='margin-bottom: 5px;'>Gesti\u00f3n amigable desde: EMS \/ Web \/ Telnet \/ CLI<\/li>\n<\/ul><\/div>\n<p> <!-- Caracter\u00edsticas F\u00edsicas y El\u00e9ctricas --> <\/p>\n<div style='flex: 1 1 300px; min-width: 280px;'>\n<h3 style='font-size: 22px; border-bottom: 2px solid currentColor; padding-bottom: 5px; margin-top: 0; color: inherit; opacity: 0.8;'> Caracter\u00edsticas F\u00edsicas y El\u00e9ctricas <\/h3>\n<ul style='padding-left: 20px; font-size: 15px; color: inherit;'>\n<li style='margin-bottom: 5px;'>Alimentaci\u00f3n: 12V 1.5A (Fuente Incluida)<\/li>\n<li style='margin-bottom: 5px;'>Consumo m\u00e1ximo: 18W<\/li>\n<li style='margin-bottom: 5px;'>Peso: 0.45 Kg<\/li>\n<li style='margin-bottom: 5px;'>Temperatura de operaci\u00f3n: -10 a 55\u00b0 C<\/li>\n<\/ul><\/div>\n<p> <!-- Caracter\u00edsticas de Red --> <\/p>\n<div style='flex: 1 1 300px; min-width: 280px;'>\n<h3 style='font-size: 22px; border-bottom: 2px solid currentColor; padding-bottom: 5px; margin-top: 0; color: inherit; opacity: 0.8;'> Caracter\u00edsticas de Red <\/h3>\n<ul style='padding-left: 20px; font-size: 15px; color: inherit;'>\n<li style='margin-bottom: 5px;'>4 Puertos 1Gbps RJ45<\/li>\n<li style='margin-bottom: 5px;'>1 Puerto PON SC\/UPC<\/li>\n<li style='margin-bottom: 5px;'>4 Antenas Wi-Fi con 5 dBi<\/li>\n<li style='margin-bottom: 5px;'>WIFI 6: 802.11a\/n\/ac\/ax 5GHz<\/li>\n<li style='margin-bottom: 5px;'>WIFI 4: 802.11g\/b\/n 2.4GHz<\/li>\n<\/ul><\/div>\n<\/p><\/div>\n<p> <!-- Secci\u00f3n Wi-Fi 6 --> <\/p>\n<div style='text-align: center; margin: 40px 0 30px;'>\n<h2 style='font-size: 28px; margin: 0 0 15px; color: inherit; font-weight: 500; line-height: 1.2;'> El mejor Costo-Beneficio en Wi-Fi 6 <\/h2>\n<p style='margin: 0 0 20px; font-size: 15px; color: inherit; line-height: 1.6;'> En Wi-Fi 6 con la Tecnolog\u00eda OFDMA Reduce la Latencia hasta en 75%. Reduzca la latencia de la navegaci\u00f3n mientras aprovecha los recursos de la ONU. <\/p>\n<p> <!-- Imagen Wi-Fi 6 --> <img style='width: 100%; height: auto; border: 1px solid rgba(150&comma;150&comma;150&comma;0.3); border-radius: 8px;' src='https:\/\/www.vsolcn.com\/wp-content\/uploads\/2023\/06\/HG325AX%E4%BA%A7%E5%93%81%E8%AF%A6%E6%83%85%E9%A1%B5-%E8%8B%B1%E6%96%87-4.jpg' alt=''> <\/div>\n<p> <!-- \u00daltima secci\u00f3n --> <\/p>\n<div style='text-align: center; margin: 40px 0 0;'>\n<h2 style='font-size: 28px; margin: 0 0 20px; color: inherit; font-weight: 500; line-height: 1.2;'> Dise\u00f1o \u00fanico <\/h2>\n<p> <!-- \u00daltima imagen --> <img style='width: 100%; height: auto; border: 1px solid rgba(150&comma;150&comma;150&comma;0.3); border-radius: 8px;' src='https:\/\/www.vsolcn.com\/wp-content\/uploads\/2024\/03\/V2804AX15T-Detail-Page_EN-5.jpg' alt=''> <\/div>\n<\/p><\/div>\n","protected":false},"excerpt":{"rendered":"<p>ONU GPON\/EPON con Wi-Fi 6 AX1500 \/ Wi-Fi Doble banda 2.4 y 5 GHz \/ 4 Puertos Gigabit \/ Puerto PON SC\/UPC<\/p>\n","protected":false},"featured_media":83620,"comment_status":"open","ping_status":"closed","template":"","meta":[],"product_brand":[],"product_cat":[2010],"product_tag":[2012,2011,2013],"class_list":{"0":"post-83621","1":"product","2":"type-product","3":"status-publish","4":"has-post-thumbnail","6":"product_cat-onus-onts","7":"product_tag-onus-onts","8":"product_tag-redes-ftth-pon","9":"product_tag-v-sol","11":"first","12":"instock","13":"sale","14":"shipping-taxable","15":"purchasable","16":"product-type-simple"},"_links":{"self":[{"href":"https:\/\/soydeaqui.ddns.net\/pachuca\/index.php\/wp-json\/wp\/v2\/product\/83621","targetHints":{"allow":["GET"]}}],"collection":[{"href":"https:\/\/soydeaqui.ddns.net\/pachuca\/index.php\/wp-json\/wp\/v2\/product"}],"about":[{"href":"https:\/\/soydeaqui.ddns.net\/pachuca\/index.php\/wp-json\/wp\/v2\/types\/product"}],"replies":[{"embeddable":true,"href":"https:\/\/soydeaqui.ddns.net\/pachuca\/index.php\/wp-json\/wp\/v2\/comments?post=83621"}],"wp:featuredmedia":[{"embeddable":true,"href":"https:\/\/soydeaqui.ddns.net\/pachuca\/index.php\/wp-json\/wp\/v2\/media\/83620"}],"wp:attachment":[{"href":"https:\/\/soydeaqui.ddns.net\/pachuca\/index.php\/wp-json\/wp\/v2\/media?parent=83621"}],"wp:term":[{"taxonomy":"product_brand","embeddable":true,"href":"https:\/\/soydeaqui.ddns.net\/pachuca\/index.php\/wp-json\/wp\/v2\/product_brand?post=83621"},{"taxonomy":"product_cat","embeddable":true,"href":"https:\/\/soydeaqui.ddns.net\/pachuca\/index.php\/wp-json\/wp\/v2\/product_cat?post=83621"},{"taxonomy":"product_tag","embeddable":true,"href":"https:\/\/soydeaqui.ddns.net\/pachuca\/index.php\/wp-json\/wp\/v2\/product_tag?post=83621"}],"curies":[{"name":"wp","href":"https:\/\/api.w.org\/{rel}","templated":true}]}}