{"id":83442,"date":"2026-03-19T20:08:24","date_gmt":"2026-03-19T20:08:24","guid":{"rendered":"https:\/\/soydeaqui.ddns.net\/pachuca\/index.php\/producto\/controlador-solar-de-15a-con-switch-poe-1-puertos-gigabit-poe-802-3-bt-2-puertos-poe-802-3-af-at-2-puertos-poe-pasivo-24-48-vcc-1-puerto-sfp-no-administrable\/"},"modified":"2026-03-19T20:08:33","modified_gmt":"2026-03-19T20:08:33","slug":"controlador-solar-de-15a-con-switch-poe-1-puertos-gigabit-poe-802-3-bt-2-puertos-poe-802-3-af-at-2-puertos-poe-pasivo-24-48-vcc-1-puerto-sfp-no-administrable","status":"publish","type":"product","link":"https:\/\/soydeaqui.ddns.net\/pachuca\/index.php\/producto\/controlador-solar-de-15a-con-switch-poe-1-puertos-gigabit-poe-802-3-bt-2-puertos-poe-802-3-af-at-2-puertos-poe-pasivo-24-48-vcc-1-puerto-sfp-no-administrable\/","title":{"rendered":"Controlador Solar de 15A con Switch PoE \/  1 Puertos Gigabit PoE 802.3 bt \/ 2 Puertos PoE 802.3 af\/at \/ 2 Puertos PoE Pasivo 24\/48 Vcc \/ 1 Puerto SFP \/ No administrable"},"content":{"rendered":"<div style='width: 100%; max-width: 1200px; margin: 0 auto; font-family: sans-serif; line-height: 1.6; color: inherit; background-color: transparent;'> <!-- Mensaje importante --> <\/p>\n<div style='margin-bottom: 30px; padding: 20px; border-left: 4px solid #e74c3c; background-color: rgba(231&comma;76&comma;60&comma;0.05);'>\n<h3 style='margin-top: 0; margin-bottom: 15px; font-size: 18px; color: #e74c3c; color: inherit; opacity: 0.8;'>IMPORTANTE<\/h3>\n<ul style='padding-left: 20px; font-size: 15px; color: inherit;'>\n<li style='margin-bottom: 10px;'>No da\u00f1e el equipo. No se debe conectar el Panel Solar y la Fuente de Poder simult\u00e1neamente (S+S- y V+V-). Solo debe instalarse y operar con una entrada de voltaje.<\/li>\n<li style='margin-bottom: 10px;'>No funciona sin la bater\u00eda. El equipo necesita al menos una bater\u00eda conectada para funcionar&comma; adem\u00e1s de la fuente de alimentaci\u00f3n.<\/li>\n<\/ul><\/div>\n<p> <!-- Imagen principal --> <\/p>\n<div style='margin-bottom: 30px;'> <img style='width: 100%; height: auto; border: 1px solid rgba(150&comma;150&comma;150&comma;0.3); border-radius: 8px;' src='https:\/\/ftp3.syscom.mx\/usuarios\/fotos\/WIPS306GFUPS15A\/205761-implementaci%C3%B3n_wi-ps306gf-ups-15a_(1).png' alt='Implementaci\u00f3n Wi-Tek'> <\/div>\n<p> <!-- Descripci\u00f3n general --> <\/p>\n<div style='margin-bottom: 30px;'>\n<h2 style='font-size: 20px; margin-bottom: 15px; border-bottom: 2px solid rgba(150&comma;150&comma;150&comma;0.2); padding-bottom: 5px; color: inherit; opacity: 0.8;'>Switch PoE industrial PoE mixto 24V\/48V<\/h2>\n<p style='font-size: 15px; margin-bottom: 15px; color: inherit;'>El conmutador PoE industrial mixto de 24V\/48V de Wi-Tek est\u00e1 dise\u00f1ado para proporcionar una soluci\u00f3n de red para el mercado WISP.<\/p>\n<p style='font-size: 15px; margin-bottom: 15px; color: inherit;'>Los productos est\u00e1n dise\u00f1ados para identificar autom\u00e1ticamente los diferentes requisitos de suministro de energ\u00eda&comma; compatible con todos los dispositivos de energ\u00eda. Dispositivos&comma; una inversi\u00f3n de una sola vez para satisfacer diversos requisitos de negocio.<\/p>\n<p style='font-size: 15px; color: inherit;'>Los productos est\u00e1n dise\u00f1ados para una instalaci\u00f3n instalaci\u00f3n&comma; admiten el montaje en pared y en riel DIN&comma; CPU de grado industrial&comma; fuente de alimentaci\u00f3n redundante&comma; soportan la operaci\u00f3n en ambientes dif\u00edciles&comma; para asegurar la operaci\u00f3n estable del proyecto.<\/p>\n<\/p><\/div>\n<p> <!-- Imagen 15A --> <\/p>\n<div style='margin-bottom: 30px;'> <img style='width: 100%; height: auto; border: 1px solid rgba(150&comma;150&comma;150&comma;0.3); border-radius: 8px;' src='https:\/\/ftp3.syscom.mx\/usuarios\/fotos\/WIPS306GFUPS15A\/205761-15a.jpeg' alt='Controlador Solar 15A'> <\/div>\n<p> <!-- Funci\u00f3n Smart PoE Watchdog --> <\/p>\n<div style='margin-bottom: 30px;'>\n<h2 style='font-size: 20px; margin-bottom: 15px; border-bottom: 2px solid rgba(150&comma;150&comma;150&comma;0.2); padding-bottom: 5px; color: inherit; opacity: 0.8;'>Funci\u00f3n Smart PoE Watchdog en un Switch<\/h2>\n<p style='font-size: 15px; margin-bottom: 15px; color: inherit;'>Plug and play&comma; sin configuraci\u00f3n. Detecta autom\u00e1ticamente y reinicia la c\u00e1mara IP&comma; esto si se pierde conectividad con la c\u00e1mara.<\/p>\n<div style='margin-bottom: 20px;'> <img style='width: 100%; height: auto; border: 1px solid rgba(150&comma;150&comma;150&comma;0.3); border-radius: 8px;' src='https:\/\/ftp3.syscom.mx\/usuarios\/fotos\/WIPMS312GFIV2\/205845-20220711165052_62794.jpeg' alt='Smart PoE Watchdog'> <\/div>\n<\/p><\/div>\n<p> <!-- Conexi\u00f3n de entradas de voltaje --> <\/p>\n<div style='margin-bottom: 30px;'>\n<h2 style='font-size: 20px; margin-bottom: 15px; text-align: center; border-bottom: none; color: inherit; opacity: 0.8;'>Forma de conectar las entradas de voltaje<\/h2>\n<div style='margin-top: 20px;'> <img style='width: 100%; height: auto; border: 1px solid rgba(150&comma;150&comma;150&comma;0.3); border-radius: 8px;' src='https:\/\/ftp3.syscom.mx\/usuarios\/fotos\/WIPS306GFUPS15A\/205761-up.jpg' alt='Conexi\u00f3n de voltaje'> <\/div>\n<\/p><\/div>\n<p> <!-- Funciones DIP Switch --> <\/p>\n<div style='margin-bottom: 30px;'>\n<h2 style='font-size: 20px; margin-bottom: 15px; text-align: center; border-bottom: none; color: inherit; opacity: 0.8;'>Funciones de DIP Switch<\/h2>\n<div style='margin-top: 20px;'> <img style='width: 100%; height: auto; border: 1px solid rgba(150&comma;150&comma;150&comma;0.3); border-radius: 8px;' src='https:\/\/ftp3.syscom.mx\/usuarios\/fotos\/WIPS306GFUPS15A\/205761-image_(68).png' alt='DIP Switch'> <\/div>\n<\/p><\/div>\n<p> <!-- Aplicaciones --> <\/p>\n<div style='margin-bottom: 30px;'>\n<h2 style='font-size: 20px; margin-bottom: 15px; text-align: center; border-bottom: none; color: inherit; opacity: 0.8;'>Aplicaci\u00f3n Tradicional \/ Aplicaci\u00f3n con Wi-Tek UPS<\/h2>\n<div style='margin-top: 20px;'> <img style='width: 100%; height: auto; border: 1px solid rgba(150&comma;150&comma;150&comma;0.3); border-radius: 8px;' src='https:\/\/ftp3.syscom.mx\/usuarios\/fotos\/WIPS306GFUPS15A\/205761-aplicaciones.jpeg' alt='Aplicaciones'> <\/div>\n<p style='margin-top: 20px; font-size: 15px; color: #f41e1e; color: inherit; opacity: 0.8; text-align: center;'><strong>NOTA: No conectar al mismo tiempo S+S- y V+V-&comma; para evitar que el dispositivo se queme. Es decir&comma; solamente acepta una entrada de corriente<\/strong><\/p>\n<\/p><\/div>\n<p> <!-- Especificaciones --> <\/p>\n<div style='margin-bottom: 30px;'>\n<h2 style='font-size: 20px; margin-bottom: 15px; border-bottom: 2px solid rgba(150&comma;150&comma;150&comma;0.2); padding-bottom: 5px; color: inherit; opacity: 0.8;'>Especificaciones<\/h2>\n<p style='font-size: 15px; color: #f41e1e; color: inherit; opacity: 0.8;'><strong>*Las bater\u00edas y los paneles solares no est\u00e1n incluidos.<\/strong><\/p>\n<p> <!-- Secci\u00f3n de especificaciones en cards --> <\/p>\n<div style='display: flex; flex-wrap: wrap; gap: 20px; margin-top: 20px;'> <!-- Especificaciones principales --> <\/p>\n<div style='flex: 1 1 250px; border: 1px solid rgba(150&comma; 150&comma; 150&comma; 0.4); border-radius: 8px; overflow: hidden; display: flex; flex-direction: column;'>\n<div style='padding: 15px; border-bottom: 1px solid rgba(150&comma; 150&comma; 150&comma; 0.2); font-weight: bold; font-size: 16px; color: inherit;'>Especificaciones Generales<\/div>\n<div style='padding: 15px; color: inherit;'>\n<ul style='padding-left: 20px; margin: 0; font-size: 14px; list-style-type: disc;'>\n<li style='margin-bottom: 5px;'><strong>Dimensiones:<\/strong> 160 x 130 x 34 mm<\/li>\n<li style='margin-bottom: 5px;'><strong>Interfaces de Red:<\/strong> 5 Puertos 10\/100\/1000 Mbps&comma; 1 SFP<\/li>\n<li style='margin-bottom: 5px;'><strong>Ventilaci\u00f3n:<\/strong> Ventiladores<\/li>\n<li style='margin-bottom: 5px;'><strong>Bandwidth:<\/strong> 12 Gbps<\/li>\n<li style='margin-bottom: 5px;'><strong>Mac Address Table:<\/strong> 4K<\/li>\n<li style='margin-bottom: 5px;'><strong>Packet Forwarding Rate:<\/strong> 8.94 Mpps<\/li>\n<\/ul><\/div>\n<\/p><\/div>\n<p> <!-- Especificaciones el\u00e9ctricas --> <\/p>\n<div style='flex: 1 1 250px; border: 1px solid rgba(150&comma; 150&comma; 150&comma; 0.4); border-radius: 8px; overflow: hidden; display: flex; flex-direction: column;'>\n<div style='padding: 15px; border-bottom: 1px solid rgba(150&comma; 150&comma; 150&comma; 0.2); font-weight: bold; font-size: 16px; color: inherit;'>Especificaciones El\u00e9ctricas<\/div>\n<div style='padding: 15px; color: inherit;'>\n<ul style='padding-left: 20px; margin: 0; font-size: 14px; list-style-type: disc;'>\n<li style='margin-bottom: 5px;'><strong>Fuente de alimentaci\u00f3n:<\/strong> Para 12V: 15-32 Vcc<br \/>Para 24: 30-57 Vcc<\/li>\n<li style='margin-bottom: 5px;'><strong>Puertos PoE (RJ45):<\/strong> Puerto: 1 > 802.3 af\/at\/bt 60W<br \/>Puertos: 2-3 > 802.3 af\/at 30W<br \/>Puertos: 4-5 > 24V pasivo 24 W\/ 48V 802.3 af\/at<\/li>\n<li style='margin-bottom: 5px;'><strong>Consumo de energ\u00eda:<\/strong> 120W m\u00e1x (Con PoE)<br \/>5W m\u00e1x (Sin PoE)<\/li>\n<\/ul><\/div>\n<\/p><\/div>\n<p> <!-- Especificaciones ambientales y otras --> <\/p>\n<div style='flex: 1 1 250px; border: 1px solid rgba(150&comma; 150&comma; 150&comma; 0.4); border-radius: 8px; overflow: hidden; display: flex; flex-direction: column;'>\n<div style='padding: 15px; border-bottom: 1px solid rgba(150&comma; 150&comma; 150&comma; 0.2); font-weight: bold; font-size: 16px; color: inherit;'>Especificaciones Ambientales y Otras<\/div>\n<div style='padding: 15px; color: inherit;'>\n<ul style='padding-left: 20px; margin: 0; font-size: 14px; list-style-type: disc;'>\n<li style='margin-bottom: 5px;'><strong>Entrada de bater\u00eda:<\/strong> 12V\/24V 15A m\u00e1x<\/li>\n<li style='margin-bottom: 5px;'><strong>Temperatura de operaci\u00f3n:<\/strong> -20 a 60\u00b0 C<\/li>\n<li style='margin-bottom: 5px;'><strong>Certificaciones:<\/strong> CE&comma; FCC&comma; RoHS<\/li>\n<li style='margin-bottom: 5px;'><strong>Prioridad de fuentes:<\/strong> 1. Solar<br \/>2. DC<br \/>3. Bater\u00eda<\/li>\n<li style='margin-bottom: 5px;'><strong>Entrada Controlador Solar:<\/strong> \u2264 32V (est\u00e1ndar 12V)<br \/>\u2264 45V (est\u00e1ndar 24V)<br \/>Panel m\u00e1x 300 W<\/li>\n<\/ul><\/div>\n<\/p><\/div>\n<p> <!-- Contenido del paquete --> <\/p>\n<div style='flex: 1 1 250px; border: 1px solid rgba(150&comma; 150&comma; 150&comma; 0.4); border-radius: 8px; overflow: hidden; display: flex; flex-direction: column;'>\n<div style='padding: 15px; border-bottom: 1px solid rgba(150&comma; 150&comma; 150&comma; 0.2); font-weight: bold; font-size: 16px; color: inherit;'>Contenido del Paquete<\/div>\n<div style='padding: 15px; color: inherit;'>\n<ul style='padding-left: 20px; margin: 0; font-size: 14px; list-style-type: disc;'>\n<li style='margin-bottom: 5px;'>Switch controlador PoE<\/li>\n<li style='margin-bottom: 5px;'>Accesorios de montaje<\/li>\n<li style='margin-bottom: 5px;'>Gu\u00eda de instalaci\u00f3n<\/li>\n<\/ul><\/div>\n<\/p><\/div>\n<\/p><\/div>\n<\/p><\/div>\n<\/p><\/div>\n","protected":false},"excerpt":{"rendered":"<p>Controlador Solar de 15A con Switch PoE \/  1 Puertos Gigabit PoE 802.3 bt \/ 2 Puertos PoE 802.3 af\/at \/ 2 Puertos PoE Pasivo 24\/48 Vcc \/ 1 Puerto SFP \/ No administrable<\/p>\n","protected":false},"featured_media":83441,"comment_status":"open","ping_status":"closed","template":"","meta":[],"product_brand":[],"product_cat":[1986],"product_tag":[664,1987,1262],"class_list":{"0":"post-83442","1":"product","2":"type-product","3":"status-publish","4":"has-post-thumbnail","6":"product_cat-switches-poe","7":"product_tag-networking","8":"product_tag-switches-poe","9":"product_tag-wi-tek","11":"first","12":"instock","13":"sale","14":"shipping-taxable","15":"purchasable","16":"product-type-simple"},"_links":{"self":[{"href":"https:\/\/soydeaqui.ddns.net\/pachuca\/index.php\/wp-json\/wp\/v2\/product\/83442","targetHints":{"allow":["GET"]}}],"collection":[{"href":"https:\/\/soydeaqui.ddns.net\/pachuca\/index.php\/wp-json\/wp\/v2\/product"}],"about":[{"href":"https:\/\/soydeaqui.ddns.net\/pachuca\/index.php\/wp-json\/wp\/v2\/types\/product"}],"replies":[{"embeddable":true,"href":"https:\/\/soydeaqui.ddns.net\/pachuca\/index.php\/wp-json\/wp\/v2\/comments?post=83442"}],"wp:featuredmedia":[{"embeddable":true,"href":"https:\/\/soydeaqui.ddns.net\/pachuca\/index.php\/wp-json\/wp\/v2\/media\/83441"}],"wp:attachment":[{"href":"https:\/\/soydeaqui.ddns.net\/pachuca\/index.php\/wp-json\/wp\/v2\/media?parent=83442"}],"wp:term":[{"taxonomy":"product_brand","embeddable":true,"href":"https:\/\/soydeaqui.ddns.net\/pachuca\/index.php\/wp-json\/wp\/v2\/product_brand?post=83442"},{"taxonomy":"product_cat","embeddable":true,"href":"https:\/\/soydeaqui.ddns.net\/pachuca\/index.php\/wp-json\/wp\/v2\/product_cat?post=83442"},{"taxonomy":"product_tag","embeddable":true,"href":"https:\/\/soydeaqui.ddns.net\/pachuca\/index.php\/wp-json\/wp\/v2\/product_tag?post=83442"}],"curies":[{"name":"wp","href":"https:\/\/api.w.org\/{rel}","templated":true}]}}