{"id":83375,"date":"2026-03-19T20:05:40","date_gmt":"2026-03-19T20:05:40","guid":{"rendered":"https:\/\/soydeaqui.ddns.net\/pachuca\/index.php\/producto\/punto-de-acceso-para-exterior-ax3000-wi-fi-6-mu-mimo-2x22-throughput-inalambrico-agregado-de-3-gbps-con-administracion-desde-la-nube-gratuita-o-stand-alone\/"},"modified":"2026-03-19T20:05:51","modified_gmt":"2026-03-19T20:05:51","slug":"punto-de-acceso-para-exterior-ax3000-wi-fi-6-mu-mimo-2x22-throughput-inalambrico-agregado-de-3-gbps-con-administracion-desde-la-nube-gratuita-o-stand-alone","status":"publish","type":"product","link":"https:\/\/soydeaqui.ddns.net\/pachuca\/index.php\/producto\/punto-de-acceso-para-exterior-ax3000-wi-fi-6-mu-mimo-2x22-throughput-inalambrico-agregado-de-3-gbps-con-administracion-desde-la-nube-gratuita-o-stand-alone\/","title":{"rendered":"Punto de acceso para exterior AX3000 Wi-Fi 6, MU-MIMO 2&#215;2:2, Throughput inal\u00e1mbrico agregado de 3 Gbps con administraci\u00f3n desde la nube gratuita o stand-alone."},"content":{"rendered":"<div style='width: 100%; max-width: 1200px; margin: 0 auto; font-family: sans-serif; line-height: 1.6; color: inherit; background-color: transparent;'>\n<div style='display: flex; flex-wrap: wrap; gap: 30px; margin-bottom: 30px;'>\n<div style='flex: 1 1 300px; min-width: 280px;'>\n<h3 style='font-size: 22px; border-bottom: 2px solid currentColor; padding-bottom: 5px; margin-top: 0; color: inherit; opacity: 0.8;'>Acerca del GWN7660ELR \/ Punto de acceso exterior AX3000 Wi-Fi 6<\/h3>\n<p style='font-size: 18px; text-align: justify; margin: 0 0 30px 0; color: inherit;'> El GWN7660ELR es un punto de acceso Wi-Fi 6 de largo alcance de nivel empresarial que permite a las empresas construir redes Wi-Fi de pr\u00f3xima generaci\u00f3n para entornos de alta densidad. Cuenta con una carcasa resistente a la intemperie y tecnolog\u00eda resistente al calor&comma; MU-MIMO 2\u00d72:2 de doble banda con tecnolog\u00eda XTRA Range y un dise\u00f1o de antena sofisticado para un rendimiento m\u00e1ximo de la red que permite 256 clientes y un rango de cobertura ampliado de 300 metros. Tambi\u00e9n&comma; proporciona resistencia a la intemperie y al polvo IP67&comma; as\u00ed como una temperatura de funcionamiento de -30 a 60 \u00b0C&comma; lo que garantiza que el punto de acceso Wi-Fi 6 pueda funcionar correctamente en condiciones clim\u00e1ticas dif\u00edciles. Para garantizar una f\u00e1cil instalaci\u00f3n y administraci\u00f3n&comma; el GWN7660ELR Incluye un controlador integrado dentro de la interfaz de usuario web del producto. Tambi\u00e9n es compatible con GWN.Cloud y GWN Manager&comma; la plataforma gratuita de administraci\u00f3n de Wi-Fi local y en la nube de Grandstream. El GWN7660ELR es el AP Wi-Fi ideal para la implementaci\u00f3n de voz sobre Wi-Fi y ofrece una conexi\u00f3n perfecta con los tel\u00e9fonos IP Wi-Fi de voz y video de Grandstream. Soporta QoS avanzado&comma; aplicaciones en tiempo real de baja latencia&comma; redes mesh&comma; portales cautivos&comma; Bluetooth\u00ae Low Energy (BLE) 5.2&comma; un puerto Gigabit Ethernet con PoE\/PoE+ y un puerto SFP de 2.5 Gigabit. El GWN7660ELR es un punto de acceso Wi-Fi exterior ideal para empresas&comma; oficinas de varios pisos&comma; almacenes&comma; hospitales&comma; escuelas y m\u00e1s. <\/p>\n<\/p><\/div>\n<\/p><\/div>\n<div style='display: flex; flex-wrap: wrap; gap: 20px; margin-bottom: 30px;'>\n<div style='flex: 1 1 250px; border: 1px solid rgba(150&comma; 150&comma; 150&comma; 0.4); border-radius: 8px; overflow: hidden; display: flex; flex-direction: column;'>\n<div style='padding: 15px; border-bottom: 1px solid rgba(150&comma; 150&comma; 150&comma; 0.2); font-weight: bold; font-size: 18px; color: inherit;'>Caracter\u00edsticas Competitivas<\/div>\n<div style='padding: 15px; color: inherit;'>\n<ul style='padding-left: 20px; margin: 0; font-size: 14px; list-style-type: disc;'>\n<li style='margin-bottom: 5px;'>Throughput inal\u00e1mbrico agregado de 3 Gbps&comma; 1Gbps y Puertos cableados SFP de 2&comma;5 Gbps<\/li>\n<li style='margin-bottom: 5px;'>MU-MIMO 2&#215;2:2 de doble banda con tecnolog\u00eda XTRA Range<\/li>\n<li style='margin-bottom: 5px;'>Flexibilidad de 5 antenas internas<\/li>\n<li style='margin-bottom: 5px;'>Alcance de cobertura de hasta 300 metros<\/li>\n<li style='margin-bottom: 5px;'>Admite 256 dispositivos cliente Wi-Fi simult\u00e1neos<\/li>\n<li style='margin-bottom: 5px;'>QoS avanzada para garantizar el rendimiento en tiempo real de las aplicaciones de baja latencia<\/li>\n<li style='margin-bottom: 5px;'>Arranque seguro anti-pirater\u00eda y bloqueo de control \/ datos cr\u00edticos a trav\u00e9s de firmas digitales&comma; certificado de seguridad \u00fanico \/ contrase\u00f1a predeterminada aleatoria por dispositivo<\/li>\n<li style='margin-bottom: 5px;'>Adaptaci\u00f3n de autoalimentaci\u00f3n tras la detecci\u00f3n autom\u00e1tica de PoE o PoE +<\/li>\n<li style='margin-bottom: 5px;'>El controlador integrado puede administrar hasta 50 AP locales de la serie GWN; GWN.Cloud ofrece administraci\u00f3n de AP ilimitada; GWN Manager ofrece un controlador de software basado en las instalaciones<\/li>\n<li style='margin-bottom: 5px;'><strong>.<\/strong><\/li>\n<\/ul><\/div>\n<\/p><\/div>\n<\/p><\/div>\n<div style='margin-bottom: 30px;'>\n<p><a style='color: #005cb9; text-decoration: none; font-size: 12px; font-weight: 600; font-family: 'Open Sans'&comma; Helvetica&comma; Arial&comma; sans-serif;' href='https:\/\/www.syscom.mx\/principal\/searchcont?route=G0720-480-050-GRANDSTREAM-207158&#038;autodetect=poe_gwn'>PoE recomendado: G0720-480-050<\/a><\/p>\n<p> <img style='width: 100%; height: auto; border: 1px solid rgba(150&comma;150&comma;150&comma;0.3); border-radius: 8px;' src='https:\/\/ftp3.syscom.mx\/usuarios\/fotos\/GWN7630LR\/183557-captura_de_pantalla_2021-08-05_a_la(s)_15.57.14.png' alt=''> <\/p>\n<\/p><\/div>\n<hr style='border: 0; border-top: 1px solid rgba(150&comma; 150&comma; 150&comma; 0.3); margin: 30px 0;'> <\/div>\n","protected":false},"excerpt":{"rendered":"<p>Punto de acceso para exterior AX3000 Wi-Fi 6, MU-MIMO 2&#215;2:2, Throughput inal\u00e1mbrico agregado de 3 Gbps con administraci\u00f3n desde la nube gratuita o stand-alone.<\/p>\n","protected":false},"featured_media":83374,"comment_status":"open","ping_status":"closed","template":"","meta":[],"product_brand":[],"product_cat":[1794],"product_tag":[909,1795,1479],"class_list":{"0":"post-83375","1":"product","2":"type-product","3":"status-publish","4":"has-post-thumbnail","6":"product_cat-puntos-de-acceso","7":"product_tag-grandstream","8":"product_tag-puntos-de-acceso","9":"product_tag-redes-wifi","11":"first","12":"instock","13":"sale","14":"shipping-taxable","15":"purchasable","16":"product-type-simple"},"_links":{"self":[{"href":"https:\/\/soydeaqui.ddns.net\/pachuca\/index.php\/wp-json\/wp\/v2\/product\/83375","targetHints":{"allow":["GET"]}}],"collection":[{"href":"https:\/\/soydeaqui.ddns.net\/pachuca\/index.php\/wp-json\/wp\/v2\/product"}],"about":[{"href":"https:\/\/soydeaqui.ddns.net\/pachuca\/index.php\/wp-json\/wp\/v2\/types\/product"}],"replies":[{"embeddable":true,"href":"https:\/\/soydeaqui.ddns.net\/pachuca\/index.php\/wp-json\/wp\/v2\/comments?post=83375"}],"wp:featuredmedia":[{"embeddable":true,"href":"https:\/\/soydeaqui.ddns.net\/pachuca\/index.php\/wp-json\/wp\/v2\/media\/83374"}],"wp:attachment":[{"href":"https:\/\/soydeaqui.ddns.net\/pachuca\/index.php\/wp-json\/wp\/v2\/media?parent=83375"}],"wp:term":[{"taxonomy":"product_brand","embeddable":true,"href":"https:\/\/soydeaqui.ddns.net\/pachuca\/index.php\/wp-json\/wp\/v2\/product_brand?post=83375"},{"taxonomy":"product_cat","embeddable":true,"href":"https:\/\/soydeaqui.ddns.net\/pachuca\/index.php\/wp-json\/wp\/v2\/product_cat?post=83375"},{"taxonomy":"product_tag","embeddable":true,"href":"https:\/\/soydeaqui.ddns.net\/pachuca\/index.php\/wp-json\/wp\/v2\/product_tag?post=83375"}],"curies":[{"name":"wp","href":"https:\/\/api.w.org\/{rel}","templated":true}]}}