{"id":83362,"date":"2026-03-19T20:05:08","date_gmt":"2026-03-19T20:05:08","guid":{"rendered":"https:\/\/soydeaqui.ddns.net\/pachuca\/index.php\/producto\/router-inalambrico-mesh-interior-para-hogar-doble-banda-wi-fi-6-ax3000-mbps-2-puertos-wan-lan-2-5ge-3-antenas-internas-mu-mimo-2x2-con-ofdma-administracion-mediante-la-app-deco-ios-android\/"},"modified":"2026-03-19T20:05:12","modified_gmt":"2026-03-19T20:05:12","slug":"router-inalambrico-mesh-interior-para-hogar-doble-banda-wi-fi-6-ax3000-mbps-2-puertos-wan-lan-2-5ge-3-antenas-internas-mu-mimo-2x2-con-ofdma-administracion-mediante-la-app-deco-ios-android","status":"publish","type":"product","link":"https:\/\/soydeaqui.ddns.net\/pachuca\/index.php\/producto\/router-inalambrico-mesh-interior-para-hogar-doble-banda-wi-fi-6-ax3000-mbps-2-puertos-wan-lan-2-5ge-3-antenas-internas-mu-mimo-2x2-con-ofdma-administracion-mediante-la-app-deco-ios-android\/","title":{"rendered":"Router Inal\u00e1mbrico MESH Interior para Hogar \/ Doble Banda Wi-Fi 6 AX3000 Mbps \/ 2 Puertos WAN\/LAN 2.5GE \/ 3 Antenas Internas \/ MU-MIMO 2X2 con OFDMA \/ Administraci\u00f3n Mediante la App Deco (iOS, Android) \/ Protecci\u00f3n HomeShield"},"content":{"rendered":"<div style='width: 100%; max-width: 1200px; margin: 0 auto; font-family: sans-serif; line-height: 1.6; color: inherit; background-color: transparent;'> <!-- Secci\u00f3n de Hero + Imagen --> <\/p>\n<div style='display: flex; flex-wrap: wrap; gap: 30px; align-items: center; border: 1px solid rgba(150&comma;150&comma;150&comma;0.3); border-radius: 12px; padding: 20px; margin-bottom: 30px;'> <!-- Imagen --> <\/p>\n<div style='flex: 1 1 320px; min-width: 280px;'> <img style='width: 100%; height: auto; border: 1px solid rgba(150&comma;150&comma;150&comma;0.3); border-radius: 8px;' src='http:\/\/ftp3.syscom.mx\/usuarios\/ftp\/2025\/10\/16\/1908\/1.jpg_froala_68f107b970027' alt='Router Mesh WiFi 6 AX3000'> <\/div>\n<p> <!-- Descripci\u00f3n --> <\/p>\n<div style='flex: 1 1 360px; min-width: 280px;'>\n<h2 style='font-size: 22px; margin-top: 0; margin-bottom: 10px; color: inherit;'>Router Mesh WiFi 6 AX3000<\/h2>\n<div style='margin-bottom: 15px; font-size: 14px; color: inherit; opacity: 0.8;'>Modelo: DECO X50 Pro<\/div>\n<p style='margin: 0; color: inherit;'>Imagina una conexi\u00f3n a Internet tan potente en tu jard\u00edn como en el sal\u00f3n. Tan fluida para una videollamada de trabajo en la habitaci\u00f3n como para transmitir una pel\u00edcula en 4K en el televisor principal&comma; es una experiencia de conexi\u00f3n perfecta en toda tu casa.<\/p>\n<\/p><\/div>\n<\/p><\/div>\n<p> <!-- Grid de tarjetas --> <\/p>\n<div style='display: flex; flex-wrap: wrap; gap: 20px; margin-bottom: 30px;'> <!-- Tarjeta: Caracter\u00edsticas principales --> <\/p>\n<div style='flex: 1 1 250px; border: 1px solid rgba(150&comma; 150&comma; 150&comma; 0.4); border-radius: 8px; overflow: hidden; display: flex; flex-direction: column;'>\n<div style='padding: 15px; border-bottom: 1px solid rgba(150&comma; 150&comma; 150&comma; 0.2); font-weight: bold; font-size: 18px; color: inherit;'>Caracter\u00edsticas principales<\/div>\n<div style='padding: 15px; color: inherit;'>\n<ul style='padding-left: 20px; margin: 0; font-size: 14px; list-style-type: disc;'>\n<li style='margin-bottom: 5px;'>(2) Puertos WAN\/LAN RJ45 2.5GE<\/li>\n<li style='margin-bottom: 5px;'>(3) Antenas internas<\/li>\n<li style='margin-bottom: 5px;'>TP-Link Mesh (se conecta con puros Decos cualquier modelo)<\/li>\n<li style='margin-bottom: 5px;'>Gesti\u00f3n App Deco<\/li>\n<li style='margin-bottom: 5px;'>Modo de operaci\u00f3n: Router \/ Punto de Acceso<\/li>\n<li style='margin-bottom: 5px;'>Certificaciones: CE&comma;FCC&comma;RoHS &comma; RCM<\/li>\n<li style='margin-bottom: 5px;'>Seguridad Inal\u00e1mbrica: WPA\/WPA2\/WPA3-PSK<\/li>\n<li style='margin-bottom: 5px;'>Frecuencia: 2.4 GHz \/ 5 GHz (no soporta DFS)<\/li>\n<li style='margin-bottom: 5px;'>Bot\u00f3n: Reset<\/li>\n<li style='margin-bottom: 5px;'><a href='https:\/\/www.tp-link.com\/mx\/mesh\/' target='_blank' rel='noopener noreferrer' style='color: inherit; text-decoration: underline;'>Aprende M\u00e1s Sobre TP-Link Mesh<\/a><\/li>\n<\/ul><\/div>\n<\/p><\/div>\n<p> <!-- Tarjeta: Caracter\u00edsticas f\u00edsicas y el\u00e9ctricas --> <\/p>\n<div style='flex: 1 1 250px; border: 1px solid rgba(150&comma; 150&comma; 150&comma; 0.4); border-radius: 8px; overflow: hidden; display: flex; flex-direction: column;'>\n<div style='padding: 15px; border-bottom: 1px solid rgba(150&comma; 150&comma; 150&comma; 0.2); font-weight: bold; font-size: 18px; color: inherit;'>Caracter\u00edsticas f\u00edsicas y el\u00e9ctricas<\/div>\n<div style='padding: 15px; color: inherit;'>\n<ul style='padding-left: 20px; margin: 0; font-size: 14px; list-style-type: disc;'>\n<li style='margin-bottom: 5px;'>Dimensiones: 260.2 x 135 x 49 mm<\/li>\n<li style='margin-bottom: 5px;'>Alimentaci\u00f3n: 12 Vcd \/ 1.5A<\/li>\n<li style='margin-bottom: 5px;'>Consumo m\u00e1ximo: 18W<\/li>\n<li style='margin-bottom: 5px;'>Temperatura de operaci\u00f3n: 0\u00ba a 40\u00ba<\/li>\n<li style='margin-bottom: 5px;'>Humedad de operaci\u00f3n: 10 a 90% sin condensaci\u00f3n<\/li>\n<li style='margin-bottom: 5px;'>Frecuencia: 2.4 GHz \/ 5 GHz<\/li>\n<li style='margin-bottom: 5px;'>Potencia de transmisi\u00f3n:<br \/>2.4 GHz: 20dBm(EIRP)&comma; 5 GHz: 23dBm(EIRP)<\/li>\n<\/ul><\/div>\n<\/p><\/div>\n<p> <!-- Tarjeta: Contenido del Paquete --> <\/p>\n<div style='flex: 1 1 250px; border: 1px solid rgba(150&comma; 150&comma; 150&comma; 0.4); border-radius: 8px; overflow: hidden; display: flex; flex-direction: column;'>\n<div style='padding: 15px; border-bottom: 1px solid rgba(150&comma; 150&comma; 150&comma; 0.2); font-weight: bold; font-size: 18px; color: inherit;'>Contenido del Paquete<\/div>\n<div style='padding: 15px; color: inherit;'>\n<ul style='padding-left: 20px; margin: 0; font-size: 14px; list-style-type: disc;'>\n<li style='margin-bottom: 5px;'>Router Mesh: Deco X50 Pro<\/li>\n<li style='margin-bottom: 5px;'>Cable Ethernet RJ45<\/li>\n<li style='margin-bottom: 5px;'>Adaptador de corriente<\/li>\n<li style='margin-bottom: 5px;'>Gu\u00eda de instalaci\u00f3n<\/li>\n<\/ul><\/div>\n<\/p><\/div>\n<p> <!-- Tarjeta: Funciones Avanzadas --> <\/p>\n<div style='flex: 1 1 250px; border: 1px solid rgba(150&comma; 150&comma; 150&comma; 0.4); border-radius: 8px; overflow: hidden; display: flex; flex-direction: column;'>\n<div style='padding: 15px; border-bottom: 1px solid rgba(150&comma; 150&comma; 150&comma; 0.2); font-weight: bold; font-size: 18px; color: inherit;'>Funciones Avanzadas<\/div>\n<div style='padding: 15px; color: inherit;'>\n<ul style='padding-left: 20px; margin: 0; font-size: 14px; list-style-type: disc;'>\n<li style='margin-bottom: 5px;'><strong>Controles Parentales de HomeShield:<\/strong><br \/>Perfiles personalizados<br \/>Filtro de contenido profesional Biblioteca<br \/>Hora de dormir<br \/>Clasificaci\u00f3n del tiempo en l\u00ednea en familia<br \/>Pausa Internet<br \/>Informes semanales y mensuales<\/li>\n<li style='margin-bottom: 5px;'><strong>Seguridad HomeShield:<\/strong><br \/>Protecci\u00f3n de IoT en tiempo real<br \/>Bloqueador de sitios maliciosos<br \/>Sistema de prevenci\u00f3n de intrusiones<br \/>Prevenci\u00f3n de ataques DDoS<br \/>Esc\u00e1ner de red dom\u00e9stica<\/li>\n<li style='margin-bottom: 5px;'><a href='https:\/\/www.tp-link.com\/mx\/homeshield\/' target='_blank' rel='noopener noreferrer' style='color: inherit; text-decoration: underline;'>Aprende m\u00e1s sobre HomeShield<\/a><\/li>\n<li style='margin-bottom: 5px;'><strong>Tipo de WAN:<\/strong><br \/>IP din\u00e1mica<br \/>IP est\u00e1tica<br \/>PPPoE<br \/>PPTP<br \/>L2TP<\/li>\n<li style='margin-bottom: 5px;'>QoS (Calidad de servicio) por dispositivo.<\/li>\n<li style='margin-bottom: 5px;'>Portal de invitados.<\/li>\n<\/ul><\/div>\n<\/p><\/div>\n<\/p><\/div>\n<p> <!-- Secci\u00f3n WiFi 6 --> <\/p>\n<div style='display: flex; flex-wrap: wrap; gap: 30px; align-items: center; margin-bottom: 30px;'> <!-- Imagen --> <\/p>\n<div style='flex: 1 1 320px; min-width: 280px;'> <img style='width: 100%; height: auto; border: 1px solid rgba(150&comma;150&comma;150&comma;0.3); border-radius: 8px;' src='http:\/\/ftp3.syscom.mx\/usuarios\/ftp\/2025\/10\/16\/1908\/t.png_froala_68f12e65736f8' alt='WiFi 6 Technology'> <\/div>\n<p> <!-- Descripci\u00f3n --> <\/p>\n<div style='flex: 1 1 360px; min-width: 280px;'>\n<h3 style='font-size: 22px; border-bottom: 2px solid currentColor; padding-bottom: 5px; margin-top: 0; margin-bottom: 15px; color: inherit; opacity: 0.8;'>Actualiza todo con WiFi 6<\/h3>\n<p style='color: inherit;'>Equipado con tecnolog\u00eda WiFi 6&comma; el WiFi en malla para toda la casa de Deco est\u00e1 dise\u00f1ado para ofrecer un gran impulso en cobertura&comma; velocidad y capacidad total. Con\u00e9ctese al WiFi en malla m\u00e1s reciente para disfrutar de la red del futuro que se carga m\u00e1s r\u00e1pido y conecta m\u00e1s.<\/p>\n<\/p><\/div>\n<\/p><\/div>\n<p> <!-- Secci\u00f3n Puerto 2.5G --> <\/p>\n<div style='display: flex; flex-wrap: wrap; gap: 30px; align-items: center; margin-bottom: 30px;'> <!-- Descripci\u00f3n --> <\/p>\n<div style='flex: 1 1 360px; min-width: 280px;'>\n<h3 style='font-size: 22px; border-bottom: 2px solid currentColor; padding-bottom: 5px; margin-top: 0; margin-bottom: 15px; color: inherit; opacity: 0.8;'>Conexi\u00f3n a Internet Multi-Gig Ultra-R\u00e1pida con Puerto de 2.5 Gbps<\/h3>\n<p style='color: inherit;'>Con dos puertos WAN\/LAN de 2.5G con autodetecci\u00f3n&comma; Deco X50 Pro coincide con el acceso a la red ISP de 2.5G. El segundo puerto puede usarse como backhaul por cable entre unidades Deco o como conexi\u00f3n LAN para dispositivos. De esta manera&comma; Deco X50 Pro ofrece conectividad ultrarr\u00e1pida de 2.5G y lleva tus dispositivos al m\u00e1ximo rendimiento.<\/p>\n<\/p><\/div>\n<p> <!-- Imagen --> <\/p>\n<div style='flex: 1 1 320px; min-width: 280px;'> <img style='width: 100%; height: auto; border: 1px solid rgba(150&comma;150&comma;150&comma;0.3); border-radius: 8px;' src='http:\/\/ftp3.syscom.mx\/usuarios\/ftp\/2025\/10\/16\/1908\/1.jpg_froala_68f1303de4503' alt='Puerto 2.5G'> <\/div>\n<\/p><\/div>\n<p> <!-- Secci\u00f3n Hogar Inteligente --> <\/p>\n<div style='display: flex; flex-wrap: wrap; gap: 30px; align-items: center; margin-bottom: 30px;'> <!-- Imagen --> <\/p>\n<div style='flex: 1 1 320px; min-width: 280px;'> <img style='width: 100%; height: auto; border: 1px solid rgba(150&comma;150&comma;150&comma;0.3); border-radius: 8px;' src='http:\/\/ftp3.syscom.mx\/usuarios\/ftp\/2025\/10\/16\/1908\/1.jpg_froala_68f1321cdf069' alt='Hogar Inteligente'> <\/div>\n<p> <!-- Descripci\u00f3n --> <\/p>\n<div style='flex: 1 1 360px; min-width: 280px;'>\n<h3 style='font-size: 22px; border-bottom: 2px solid currentColor; padding-bottom: 5px; margin-top: 0; margin-bottom: 15px; color: inherit; opacity: 0.8;'>Hogar m\u00e1s Inteligente<\/h3>\n<p style='color: inherit;'>Deco utiliza algoritmos personalizados para automatizar las conexiones en tu red&comma; garantizando las se\u00f1ales m\u00e1s fuertes en todo momento.<\/p>\n<p style='color: inherit;'>Como una mejora inteligente del roaming com\u00fan&comma; AI-Roaming supervisa de cerca la intensidad de la se\u00f1al de tus dispositivos. Tras aprender autom\u00e1ticamente las condiciones reales de la red que influyen en el rendimiento de tu Wi-Fi&comma; AI-Roaming ayuda a tus dispositivos a cambiar sin problemas a otra fuente cuando sea necesario para crear conexiones \u00f3ptimas de forma constante.<\/p>\n<p style='margin-top: 15px; color: inherit;'><a href='https:\/\/www.tp-link.com\/en\/mesh\/ai-driven-mesh\/' target='_blank' rel='noopener noreferrer' style='color: inherit; text-decoration: underline;'>Conoce m\u00e1s sobre AI-Driven Mesh<\/a><\/p>\n<\/p><\/div>\n<\/p><\/div>\n<p> <!-- Secci\u00f3n Configuraci\u00f3n Sencilla --> <\/p>\n<div style='display: flex; flex-wrap: wrap; gap: 30px; align-items: center;'> <!-- Descripci\u00f3n --> <\/p>\n<div style='flex: 1 1 360px; min-width: 280px;'>\n<h3 style='font-size: 22px; border-bottom: 2px solid currentColor; padding-bottom: 5px; margin-top: 0; margin-bottom: 15px; color: inherit; opacity: 0.8;'>Sencillo. F\u00e1cil. Pero Potente.<\/h3>\n<p style='color: inherit;'>Configura y gestiona tu red en cualquier momento y lugar con la amigable app TP-Link Deco. En solo tres pasos f\u00e1ciles&comma; todo tu hogar puede estar cubierto con un WiFi fuerte y confiable.<\/p>\n<ol style='padding-left: 20px; margin-top: 15px; color: inherit;'>\n<li style='margin-bottom: 5px;'>Conecta a un m\u00f3dem y enciende ambos.<\/li>\n<li style='margin-bottom: 5px;'>Descarga la App Deco<\/li>\n<li style='margin-bottom: 5px;'>Configura siguiendo las instrucciones<\/li>\n<\/ol><\/div>\n<p> <!-- Imagen --> <\/p>\n<div style='flex: 1 1 320px; min-width: 280px;'> <img style='width: 100%; height: auto; border: 1px solid rgba(150&comma;150&comma;150&comma;0.3); border-radius: 8px;' src='http:\/\/ftp3.syscom.mx\/usuarios\/ftp\/2025\/10\/16\/1908\/1.jpg_froala_68f13418424ee' alt='Configuraci\u00f3n Sencilla'> <\/div>\n<\/p><\/div>\n<\/p><\/div>\n","protected":false},"excerpt":{"rendered":"<p>Router Inal\u00e1mbrico MESH Interior para Hogar \/ Doble Banda Wi-Fi 6 AX3000 Mbps \/ 2 Puertos WAN\/LAN 2.5GE \/ 3 Antenas Internas \/ MU-MIMO 2X2 con OFDMA \/ Administraci\u00f3n Mediante la App Deco (iOS, Android) \/ Protecci\u00f3n HomeShield<\/p>\n","protected":false},"featured_media":83361,"comment_status":"open","ping_status":"closed","template":"","meta":[],"product_brand":[],"product_cat":[2036,2035,2034],"product_tag":[2039,2038,664,2037,71],"class_list":{"0":"post-83362","1":"product","2":"type-product","3":"status-publish","4":"has-post-thumbnail","6":"product_cat-balanceadores","7":"product_cat-firewalls","8":"product_cat-routers","9":"product_tag-balanceadores","10":"product_tag-firewalls","11":"product_tag-networking","12":"product_tag-routers","13":"product_tag-tp-link","15":"first","16":"instock","17":"sale","18":"shipping-taxable","19":"purchasable","20":"product-type-simple"},"_links":{"self":[{"href":"https:\/\/soydeaqui.ddns.net\/pachuca\/index.php\/wp-json\/wp\/v2\/product\/83362","targetHints":{"allow":["GET"]}}],"collection":[{"href":"https:\/\/soydeaqui.ddns.net\/pachuca\/index.php\/wp-json\/wp\/v2\/product"}],"about":[{"href":"https:\/\/soydeaqui.ddns.net\/pachuca\/index.php\/wp-json\/wp\/v2\/types\/product"}],"replies":[{"embeddable":true,"href":"https:\/\/soydeaqui.ddns.net\/pachuca\/index.php\/wp-json\/wp\/v2\/comments?post=83362"}],"wp:featuredmedia":[{"embeddable":true,"href":"https:\/\/soydeaqui.ddns.net\/pachuca\/index.php\/wp-json\/wp\/v2\/media\/83361"}],"wp:attachment":[{"href":"https:\/\/soydeaqui.ddns.net\/pachuca\/index.php\/wp-json\/wp\/v2\/media?parent=83362"}],"wp:term":[{"taxonomy":"product_brand","embeddable":true,"href":"https:\/\/soydeaqui.ddns.net\/pachuca\/index.php\/wp-json\/wp\/v2\/product_brand?post=83362"},{"taxonomy":"product_cat","embeddable":true,"href":"https:\/\/soydeaqui.ddns.net\/pachuca\/index.php\/wp-json\/wp\/v2\/product_cat?post=83362"},{"taxonomy":"product_tag","embeddable":true,"href":"https:\/\/soydeaqui.ddns.net\/pachuca\/index.php\/wp-json\/wp\/v2\/product_tag?post=83362"}],"curies":[{"name":"wp","href":"https:\/\/api.w.org\/{rel}","templated":true}]}}