{"id":83272,"date":"2026-03-19T20:01:21","date_gmt":"2026-03-19T20:01:21","guid":{"rendered":"https:\/\/soydeaqui.ddns.net\/pachuca\/index.php\/producto\/switch-gigabit-poe-industrial-administrable-4-puertos-gigabit-poe-90-w-4-puertos-gigabit-poe30-w-4-puertos-gigabit-sfp-300-w-total-48-a-57-vcd-ideal-para-proyectos-300-metros\/"},"modified":"2026-03-19T20:01:23","modified_gmt":"2026-03-19T20:01:23","slug":"switch-gigabit-poe-industrial-administrable-4-puertos-gigabit-poe-90-w-4-puertos-gigabit-poe30-w-4-puertos-gigabit-sfp-300-w-total-48-a-57-vcd-ideal-para-proyectos-300-metros","status":"publish","type":"product","link":"https:\/\/soydeaqui.ddns.net\/pachuca\/index.php\/producto\/switch-gigabit-poe-industrial-administrable-4-puertos-gigabit-poe-90-w-4-puertos-gigabit-poe30-w-4-puertos-gigabit-sfp-300-w-total-48-a-57-vcd-ideal-para-proyectos-300-metros\/","title":{"rendered":"Switch Gigabit PoE+ \/ Industrial \/ Administrable \/ 4 Puertos Gigabit PoE+ (90 W) + 4 Puertos Gigabit PoE+(30 W) \/ 4 Puertos Gigabit SFP \/ 300 W Total \/ 48 a 57 VCD \/ Ideal para Proyectos \/ 300 Metros de Distancia"},"content":{"rendered":"<div style='width: 100%; max-width: 1200px; margin: 0 auto; font-family: sans-serif; line-height: 1.6; color: inherit; background-color: transparent;'>\n<p style='text-align: center; margin: 0 0 20px 0;'><img style='width: 100%; max-width: 400px; height: auto; border: 1px solid rgba(150&comma;150&comma;150&comma;0.3); border-radius: 8px;' src='https:\/\/ftp3.syscom.mx\/usuarios\/jsosa\/HIKVISION\/imagenes\/logo\/hikvision%20see%20far.png' alt='Logo Hikvision' \/><\/p>\n<div style='position: relative; padding-bottom: 56.25%; height: 0; overflow: hidden; margin: 20px 0;'>   <\/div>\n<div style='display: flex; flex-wrap: wrap; gap: 20px; margin: 30px 0;'>\n<div style='flex: 1 1 300px; min-width: 280px;'>\n<h4 style='text-align: center; font-size: 18px; border-bottom: 2px solid currentColor; padding-bottom: 5px; margin: 0 0 15px 0; color: inherit; opacity: 0.8;'>\u00bfQu\u00e9 es Hik-Partner Pro?<\/h4>\n<div style='position: relative; padding-bottom: 56.25%; height: 0; overflow: hidden;'>   <\/div>\n<\/p><\/div>\n<div style='flex: 1 1 300px; min-width: 280px;'>\n<h4 style='text-align: center; font-size: 18px; border-bottom: 2px solid currentColor; padding-bottom: 5px; margin: 0 0 15px 0; color: inherit; opacity: 0.8;'>Activa tus Equipos en 3 Pasos<\/h4>\n<div style='position: relative; padding-bottom: 56.25%; height: 0; overflow: hidden;'>   <\/div>\n<\/p><\/div>\n<div style='flex: 1 1 300px; min-width: 280px;'>\n<h4 style='text-align: center; font-size: 18px; border-bottom: 2px solid currentColor; padding-bottom: 5px; margin: 0 0 15px 0; color: inherit; opacity: 0.8;'>\u00a1Vincula tus dispositivos!<\/h4>\n<div style='position: relative; padding-bottom: 56.25%; height: 0; overflow: hidden;'>   <\/div>\n<\/p><\/div>\n<\/p><\/div>\n<h1 style='text-align: center; font-size: 24px; margin: 30px 0 20px 0; color: inherit; opacity: 0.8;'><span style='font-family: sans-serif;'>Especif\u00edcaciones<\/span><\/h1>\n<div style='display: flex; flex-wrap: wrap; gap: 20px; margin: 30px 0;'>\n<div style='flex: 1 1 300px; border: 1px solid rgba(150&comma; 150&comma; 150&comma; 0.4); border-radius: 8px; overflow: hidden; display: flex; flex-direction: column;'>\n<div style='padding: 15px; border-bottom: 1px solid rgba(150&comma; 150&comma; 150&comma; 0.2); font-weight: bold; font-size: 16px; background: #df001e; color: #ffffff;'>Caracter\u00edsticas Principales:<\/div>\n<div style='padding: 15px; color: inherit;'>\n<ul style='padding-left: 20px; margin: 0; font-size: 14px; list-style-type: disc;'>\n<li style='margin-bottom: 5px;'><span style='font-family: sans-serif;'>Switch Industrial de 16 puertos 10 \/ 100 \/ 1000 Mbps PoE.<\/span><\/li>\n<li style='margin-bottom: 5px;'><span style='font-family: sans-serif;'>4 Puertos SFP.<\/span><\/li>\n<li style='margin-bottom: 5px;'><span style='font-family: sans-serif;'>Monitoreo y control de datos en puertos importantes.<\/span><\/li>\n<li style='margin-bottom: 5px;'><span style='font-family: sans-serif;'>Modo Extendido HASTA 300 Metros.<\/span><\/li>\n<li style='margin-bottom: 5px;'><span style='font-family: sans-serif;'>Optimizacion de bufer para garantizar la transmisi\u00f3n de video.<\/span><\/li>\n<li style='margin-bottom: 5px;'><strong><span style='font-family: sans-serif;'>Gestion WEB desde la IP (192.168.1.64).<\/span><\/strong><\/li>\n<li style='margin-bottom: 5px;'><span style='font-family: sans-serif;'>Administraci\u00f3n desde <strong>HikPartner Pro.<\/strong><\/span><\/li>\n<li style='margin-bottom: 5px;'><strong><span style='font-family: sans-serif;'>Tasa de reenvio de paquetes 41.66 MPPS.<\/span><\/strong><\/li>\n<\/ul><\/div>\n<\/p><\/div>\n<div style='flex: 1 1 300px; border: 1px solid rgba(150&comma; 150&comma; 150&comma; 0.4); border-radius: 8px; overflow: hidden; display: flex; flex-direction: column;'>\n<div style='padding: 15px; border-bottom: 1px solid rgba(150&comma; 150&comma; 150&comma; 0.2); font-weight: bold; font-size: 16px; background: #df001e; color: #ffffff;'>Caracter\u00edsticas F\u00edsicas y El\u00e9ctricas:<\/div>\n<div style='padding: 15px; color: inherit;'>\n<ul style='padding-left: 20px; margin: 0; font-size: 14px; list-style-type: disc;'>\n<li style='margin-bottom: 5px;'><span style='font-family: sans-serif;'>Capacidad m\u00e1xima de Watts: 300 W.<\/span><\/li>\n<li style='margin-bottom: 5px;'><span style='font-family: sans-serif;'>Temperatura Maxima de operacion: -40 \u00b0C a 75 \u00b0C.<\/span><\/li>\n<li style='margin-bottom: 5px;'><span style='font-family: sans-serif;'>1-4 puertos PoE 802.3af\/at\/bt (hasta 90 W).<\/span><\/li>\n<li style='margin-bottom: 5px;'><span style='font-family: sans-serif;'>5-8 puertos PoE 802.3af\/at (hasta 30 W).<\/span><\/li>\n<li style='margin-bottom: 5px;'><span style='font-family: sans-serif;'>Alimentaci\u00f3n: 48~57 V DC&comma; 7.5 A. (No Incluye fuente de alimentacion). Modelos recomendados: <\/span><a style='color: #1d4e8f; font-weight: bold; text-decoration: none;' href='https:\/\/www.syscom.mx\/producto\/NDR-120-48-MEANWELL-176136.html'>NDR-120-48<\/a>&comma; <a style='color: #1d4e8f; font-weight: bold; text-decoration: none;' href='https:\/\/www.syscom.mx\/producto\/NDR24048-MEANWELL-168706.html'>NDR24048<\/a>&comma; <a style='color: #1d4e8f; font-weight: bold; text-decoration: none;' href='https:\/\/www.syscom.mx\/producto\/NDR-480-48-MEANWELL-176138.html'>NDR-480-48<\/a><\/li>\n<li style='margin-bottom: 5px;'><span style='font-family: sans-serif;'>Dimensiones: 155.00 mm \u00d7 46.00 mm \u00d7 130.00 mm.<\/span><\/li>\n<li style='margin-bottom: 5px;'><span style='font-family: sans-serif;'>Peso: 1.16 Kg.<\/span><\/li>\n<\/ul><\/div>\n<\/p><\/div>\n<\/p><\/div>\n<div style='display: flex; flex-wrap: wrap; gap: 20px; margin: 30px 0;'>\n<div style='flex: 1 1 100%; border: 1px solid rgba(150&comma; 150&comma; 150&comma; 0.4); border-radius: 8px; overflow: hidden; display: flex; flex-direction: column;'>\n<div style='padding: 15px; border-bottom: 1px solid rgba(150&comma; 150&comma; 150&comma; 0.2); font-weight: bold; font-size: 16px; background: #df001e; color: #ffffff;'>Caracter\u00edsticas Avanzadas<\/div>\n<div style='padding: 15px; color: inherit;'>\n<ul style='padding-left: 20px; margin: 0; font-size: 14px; list-style-type: disc;'>\n<li style='margin-bottom: 5px;'><strong style='font-family: sans-serif;'>Aislado de puertos<\/strong><\/li>\n<li style='margin-bottom: 5px;'><strong style='font-family: sans-serif;'>PoE Watchdog<\/strong><\/li>\n<li style='margin-bottom: 5px;'><strong style='font-family: sans-serif;'>Link Aggregation<\/strong><\/li>\n<li style='margin-bottom: 5px;'><strong style='font-family: sans-serif;'>Prevencion de loop<\/strong><\/li>\n<li style='margin-bottom: 5px;'><strong style='font-family: sans-serif;'>QoS<\/strong><\/li>\n<li style='margin-bottom: 5px;'><strong style='font-family: sans-serif;'>VLAN&#8217;S<\/strong><\/li>\n<\/ul><\/div>\n<\/p><\/div>\n<\/p><\/div>\n<div style='display: flex; flex-wrap: wrap; gap: 20px; margin: 30px 0;'>\n<div style='flex: 1 1 100%; border: 1px solid rgba(150&comma; 150&comma; 150&comma; 0.4); border-radius: 8px; overflow: hidden; display: flex; flex-direction: column;'>\n<div style='padding: 15px; border-bottom: 1px solid rgba(150&comma; 150&comma; 150&comma; 0.2); font-weight: bold; font-size: 16px; background: #df001e; color: #ffffff;'>Consideraciones<\/div>\n<div style='padding: 15px; color: inherit;'>\n<ul style='padding-left: 20px; margin: 0; font-size: 14px; list-style-type: disc;'>\n<li style='margin-bottom: 5px;'><strong style='font-family: sans-serif;'>Nota:<\/strong> <span style='font-family: sans-serif;'>Las distancias del modo extendido pueden variar seg\u00fan las condiciones de instalaci\u00f3n y los dispositivos utilizados&comma; es necesario usar cable UTP CAT 6 100% COBRE.<\/span><\/li>\n<li style='margin-bottom: 5px;'><span style='font-family: sans-serif;'>Modelos de Fuentes Recomendadas: <\/span><a style='color: #1d4e8f; font-weight: bold; text-decoration: none;' href='https:\/\/www.syscom.mx\/producto\/NDR-120-48-MEANWELL-176136.html'>NDR-120-48<\/a>&comma; <a style='color: #1d4e8f; font-weight: bold; text-decoration: none;' href='https:\/\/www.syscom.mx\/producto\/NDR24048-MEANWELL-168706.html'>NDR24048<\/a>&comma; <a style='color: #1d4e8f; font-weight: bold; text-decoration: none;' href='https:\/\/www.syscom.mx\/producto\/NDR-480-48-MEANWELL-176138.html'>NDR-480-48<\/a><\/li>\n<li style='margin-bottom: 5px;'><span style='font-family: sans-serif;'>El switch suministra PoE Estandarizado (PoE Activo) no puede alimentar equipos que manejen PoE Pasivo.<\/span><\/li>\n<li style='margin-bottom: 5px;'><strong style='color: #e74c3c; font-family: sans-serif;'>NO Montable en rack<\/strong><\/li>\n<\/ul><\/div>\n<\/p><\/div>\n<\/p><\/div>\n<h3 style='text-align: center; font-size: 20px; margin: 30px 0 15px 0; color: inherit; opacity: 0.8;'>Distancias Modo Extendido<\/h3>\n<p style='text-align: center; margin: 20px 0;'><img style='width: 100%; max-width: 1200px; height: auto; border: 1px solid rgba(150&comma;150&comma;150&comma;0.3); border-radius: 8px;' src='https:\/\/ftp3.syscom.mx\/usuarios\/jsosa\/HIKVISION\/redes\/poeextended.PNG' alt='Distancias Modo Extendido' \/><\/p>\n<h3 style='text-align: center; font-size: 20px; margin: 30px 0 15px 0; color: inherit; opacity: 0.8;'>Funcionamiento PoE Extended<\/h3>\n<p style='text-align: center; margin: 20px 0;'><span style='font-family: sans-serif;'>Los Switches PoE de Hikvision permiten al momento de utilizar un extensor PoE Hikvision modelo <a style='color: #1d4e8f; font-weight: bold; text-decoration: none;' href='https:\/\/www.syscom.mx\/producto\/DS-3E0103DP-E-R-HIKVISION-230170.html'>DS-3E0103DP-E\/R<\/a> o <a style='color: #1d4e8f; font-weight: bold; text-decoration: none;' href='https:\/\/www.syscom.mx\/producto\/DS-3E0503DP-E-R-HIKVISION-230171.html'>DS-3E0503DP-E\/R<\/a> alcanzar distancias de hasta <strong style='font-family: sans-serif;'>200 metros<\/strong><\/span><\/p>\n<p style='text-align: center; margin: 20px 0;'><img style='width: 100%; max-width: 983px; height: auto; border: 1px solid rgba(150&comma;150&comma;150&comma;0.3); border-radius: 8px;' src='https:\/\/ftp3.syscom.mx\/usuarios\/alexh\/Hikvision\/imagen\/Distancias.PNG' alt='Distancias' \/><\/p>\n<\/p><\/div>\n","protected":false},"excerpt":{"rendered":"<p>Switch Gigabit PoE+ \/ Industrial \/ Administrable \/ 4 Puertos Gigabit PoE+ (90 W) + 4 Puertos Gigabit PoE+(30 W) \/ 4 Puertos Gigabit SFP \/ 300 W Total \/ 48 a 57 VCD \/ Ideal para Proyectos \/ 300 Metros de Distancia<\/p>\n","protected":false},"featured_media":83271,"comment_status":"open","ping_status":"closed","template":"","meta":[],"product_brand":[],"product_cat":[1986],"product_tag":[54,664,1987],"class_list":{"0":"post-83272","1":"product","2":"type-product","3":"status-publish","4":"has-post-thumbnail","6":"product_cat-switches-poe","7":"product_tag-hikvision","8":"product_tag-networking","9":"product_tag-switches-poe","11":"first","12":"outofstock","13":"sale","14":"shipping-taxable","15":"purchasable","16":"product-type-simple"},"_links":{"self":[{"href":"https:\/\/soydeaqui.ddns.net\/pachuca\/index.php\/wp-json\/wp\/v2\/product\/83272","targetHints":{"allow":["GET"]}}],"collection":[{"href":"https:\/\/soydeaqui.ddns.net\/pachuca\/index.php\/wp-json\/wp\/v2\/product"}],"about":[{"href":"https:\/\/soydeaqui.ddns.net\/pachuca\/index.php\/wp-json\/wp\/v2\/types\/product"}],"replies":[{"embeddable":true,"href":"https:\/\/soydeaqui.ddns.net\/pachuca\/index.php\/wp-json\/wp\/v2\/comments?post=83272"}],"wp:featuredmedia":[{"embeddable":true,"href":"https:\/\/soydeaqui.ddns.net\/pachuca\/index.php\/wp-json\/wp\/v2\/media\/83271"}],"wp:attachment":[{"href":"https:\/\/soydeaqui.ddns.net\/pachuca\/index.php\/wp-json\/wp\/v2\/media?parent=83272"}],"wp:term":[{"taxonomy":"product_brand","embeddable":true,"href":"https:\/\/soydeaqui.ddns.net\/pachuca\/index.php\/wp-json\/wp\/v2\/product_brand?post=83272"},{"taxonomy":"product_cat","embeddable":true,"href":"https:\/\/soydeaqui.ddns.net\/pachuca\/index.php\/wp-json\/wp\/v2\/product_cat?post=83272"},{"taxonomy":"product_tag","embeddable":true,"href":"https:\/\/soydeaqui.ddns.net\/pachuca\/index.php\/wp-json\/wp\/v2\/product_tag?post=83272"}],"curies":[{"name":"wp","href":"https:\/\/api.w.org\/{rel}","templated":true}]}}