{"id":83268,"date":"2026-03-19T20:01:13","date_gmt":"2026-03-19T20:01:13","guid":{"rendered":"https:\/\/soydeaqui.ddns.net\/pachuca\/index.php\/producto\/router-industrial-5g-3-3gbps-doble-sim-doble-banda-802-3ac-wave2\/"},"modified":"2026-03-19T20:01:19","modified_gmt":"2026-03-19T20:01:19","slug":"router-industrial-5g-3-3gbps-doble-sim-doble-banda-802-3ac-wave2","status":"publish","type":"product","link":"https:\/\/soydeaqui.ddns.net\/pachuca\/index.php\/producto\/router-industrial-5g-3-3gbps-doble-sim-doble-banda-802-3ac-wave2\/","title":{"rendered":"Router Industrial 5G 3.3Gbps, Doble SIM , Doble banda 802.3ac Wave2"},"content":{"rendered":"<div style='width: 100%; max-width: 1200px; margin: 0 auto; font-family: sans-serif; line-height: 1.6; color: inherit; background-color: transparent;'>\n<div style='display: flex; flex-wrap: wrap; gap: 30px; margin-bottom: 30px;'>\n<div style='flex: 1 1 300px; min-width: 280px;'>\n<h3 style='font-size: 22px; border-bottom: 2px solid currentColor; padding-bottom: 5px; margin-top: 0; color: inherit; opacity: 0.8;'>Caracter\u00edsticas Principales<\/h3>\n<ul style='padding-left: 20px; font-size: 15px; color: inherit;'>\n<li style='margin-bottom: 5px;'>Router industrial con comunicaci\u00f3n 5G dual SIM para aplicaciones de alta velocidad y gran cantidad de datos<\/li>\n<li style='margin-bottom: 5px;'>Comunicaci\u00f3n m\u00f3vil 5G combinada con 5 puertos Gigabit Ethernet y Wi-Fi de doble banda<\/li>\n<li style='margin-bottom: 5px;'>Transferencia de datos ultra-baja latencia con auto-failover y conmutaci\u00f3n de WAN<\/li>\n<li style='margin-bottom: 5px;'>Compatible con arquitecturas 5G SA\/NSA y versiones anteriores (4G LTE CAT 20 y 3G)<\/li>\n<li style='margin-bottom: 5px;'>Sistema operativo RutOS con funciones avanzadas de seguridad y protocolos industriales especializados<\/li>\n<li style='margin-bottom: 5px;'>Compatible con sistema de gesti\u00f3n remota RMS para gesti\u00f3n y monitoreo de flotas de dispositivos<\/li>\n<\/ul><\/div>\n<div style='flex: 1 1 300px; min-width: 280px;'>\n<h3 style='font-size: 22px; border-bottom: 2px solid currentColor; padding-bottom: 5px; margin-top: 0; color: inherit; opacity: 0.8;'>Especificaciones de Comunicaci\u00f3n<\/h3>\n<ul style='padding-left: 20px; font-size: 15px; color: inherit;'>\n<li style='margin-bottom: 5px;'><strong>5G:<\/strong> Hasta 3.3 Gbps DL (4&#215;4 MIMO)&comma; 900\/600 Mbps UL (2&#215;2)<\/li>\n<li style='margin-bottom: 5px;'><strong>4G LTE:<\/strong> Hasta 2.0 Gbps DL&comma; 200 Mbps UL<\/li>\n<li style='margin-bottom: 5px;'><strong>3G:<\/strong> Hasta 42 Mbps DL&comma; 5.76 Mbps UL<\/li>\n<li style='margin-bottom: 5px;'><strong>Wi-Fi:<\/strong> 802.11b\/g\/n\/ac Wave 2 (WiFi 5) hasta 867 Mbps<\/li>\n<li style='margin-bottom: 5px;'><strong>GNSS:<\/strong> GPS&comma; GLONASS&comma; BeiDou&comma; Galileo&comma; QZSS<\/li>\n<\/ul><\/div>\n<\/p><\/div>\n<div style='display: flex; flex-wrap: wrap; gap: 30px; margin-bottom: 30px;'>\n<div style='flex: 1 1 300px; min-width: 280px;'>\n<h3 style='font-size: 22px; border-bottom: 2px solid currentColor; padding-bottom: 5px; margin-top: 0; color: inherit; opacity: 0.8;'>Especificaciones de Hardware<\/h3>\n<ul style='padding-left: 20px; font-size: 15px; color: inherit;'>\n<li style='margin-bottom: 5px;'><strong>CPU:<\/strong> Quad-core ARM Cortex A7&comma; 717 MHz<\/li>\n<li style='margin-bottom: 5px;'><strong>Memoria:<\/strong> 256 MB Flash y 256 MB RAM<\/li>\n<li style='margin-bottom: 5px;'><strong>Conectividad:<\/strong> 5 puertos Gigabit Ethernet (1 WAN configurable como LAN&comma; 4 LAN)<\/li>\n<li style='margin-bottom: 5px;'><strong>Antenas:<\/strong> 4 conectores SMA para m\u00f3vil&comma; 2 RP-SMA para Wi-Fi&comma; 1 SMA para GNSS<\/li>\n<li style='margin-bottom: 5px;'><strong>Alimentaci\u00f3n:<\/strong> 9-50 VDC a trav\u00e9s de conector de 4 pines<\/li>\n<li style='margin-bottom: 5px;'><strong>Temperatura de operaci\u00f3n:<\/strong> -40 \u00b0C a 75 \u00b0C<\/li>\n<li style='margin-bottom: 5px;'><strong>Caracter\u00edsticas f\u00edsicas:<\/strong> Carcasa de aluminio&comma; montaje en carril DIN<\/li>\n<li style='margin-bottom: 5px;'><strong>Dimensiones:<\/strong> 132 x 44.2 x 95.1 mm<\/li>\n<li style='margin-bottom: 5px;'><strong>Peso:<\/strong> 533 g<\/li>\n<\/ul><\/div>\n<div style='flex: 1 1 300px; min-width: 280px;'>\n<h3 style='font-size: 22px; border-bottom: 2px solid currentColor; padding-bottom: 5px; margin-top: 0; color: inherit; opacity: 0.8;'>Especificaciones de Software<\/h3>\n<ul style='padding-left: 20px; font-size: 15px; color: inherit;'>\n<li style='margin-bottom: 5px;'><strong>Sistema operativo:<\/strong> RutOS (basado en OpenWrt Linux)<\/li>\n<li style='margin-bottom: 5px;'><strong>Caracter\u00edsticas m\u00f3viles:<\/strong> M\u00faltiples PDN&comma; Auto APN&comma; Bloqueo de banda&comma; Cambio de SIM<\/li>\n<li style='margin-bottom: 5px;'><strong>Seguridad:<\/strong> OpenVPN&comma; IPsec&comma; GRE&comma; PPTP&comma; L2TP&comma; DMVPN&comma; SSTP&comma; WireGuard<\/li>\n<li style='margin-bottom: 5px;'><strong>Administraci\u00f3n:<\/strong> WEB UI&comma; CLI&comma; SSH&comma; CALL&comma; SMS&comma; TR-069&comma; SNMP&comma; JSON-RPC&comma; MQTT<\/li>\n<li style='margin-bottom: 5px;'><strong>Integraci\u00f3n en la nube:<\/strong> RMS&comma; FOTA&comma; Azure IoT Hub&comma; Cloud of Things&comma; Cumulocity<\/li>\n<li style='margin-bottom: 5px;'><strong>Wi-Fi:<\/strong> Soporte para punto de acceso (AP)&comma; estaci\u00f3n (STA)&comma; mesh (802.11s)<\/li>\n<li style='margin-bottom: 5px;'><strong>GNSS:<\/strong> Transmisi\u00f3n NMEA&comma; AVL&comma; Geocerca<\/li>\n<\/ul><\/div>\n<\/p><\/div>\n<div style='display: flex; flex-wrap: wrap; gap: 20px; margin-bottom: 30px;'>\n<div style='flex: 1 1 250px; border: 1px solid rgba(150&comma; 150&comma; 150&comma; 0.4); border-radius: 8px; overflow: hidden; display: flex; flex-direction: column;'>\n<div style='padding: 15px; border-bottom: 1px solid rgba(150&comma; 150&comma; 150&comma; 0.2); font-weight: bold; font-size: 18px; color: inherit;'>Conectividad M\u00f3vil<\/div>\n<div style='padding: 15px; color: inherit;'>\n<ul style='padding-left: 20px; margin: 0; font-size: 14px; list-style-type: disc;'>\n<li style='margin-bottom: 5px;'>Doble SIM (Mini SIM \u2013 2FF)&comma; 1.8 V\/3 V<\/li>\n<li style='margin-bottom: 5px;'>Conmutaci\u00f3n autom\u00e1tica entre SIM 1 y SIM 2<\/li>\n<li style='margin-bottom: 5px;'>Soporte para auto-failover y escenarios de conmutaci\u00f3n de WAN<\/li>\n<li style='margin-bottom: 5px;'>Lista negra\/blanca de operadores<\/li>\n<li style='margin-bottom: 5px;'>L\u00edmites de datos\/SMS configurables<\/li>\n<\/ul><\/div>\n<\/p><\/div>\n<div style='flex: 1 1 250px; border: 1px solid rgba(150&comma; 150&comma; 150&comma; 0.4); border-radius: 8px; overflow: hidden; display: flex; flex-direction: column;'>\n<div style='padding: 15px; border-bottom: 1px solid rgba(150&comma; 150&comma; 150&comma; 0.2); font-weight: bold; font-size: 18px; color: inherit;'>Caracter\u00edsticas de Red<\/div>\n<div style='padding: 15px; color: inherit;'>\n<ul style='padding-left: 20px; margin: 0; font-size: 14px; list-style-type: disc;'>\n<li style='margin-bottom: 5px;'>Ruteo&comma; Failover&comma; Balanceo de carga<\/li>\n<li style='margin-bottom: 5px;'>Firewall&comma; DHCP&comma; DDNS&comma; VoIP passthrough<\/li>\n<li style='margin-bottom: 5px;'>Monitoreo de conexi\u00f3n<\/li>\n<li style='margin-bottom: 5px;'>Soporte para 802.11r fast transition<\/li>\n<li style='margin-bottom: 5px;'>WPA2\/WPA3&comma; autenticaci\u00f3n Radius&comma; filtrado MAC<\/li>\n<\/ul><\/div>\n<\/p><\/div>\n<div style='flex: 1 1 250px; border: 1px solid rgba(150&comma; 150&comma; 150&comma; 0.4); border-radius: 8px; overflow: hidden; display: flex; flex-direction: column;'>\n<div style='padding: 15px; border-bottom: 1px solid rgba(150&comma; 150&comma; 150&comma; 0.2); font-weight: bold; font-size: 18px; color: inherit;'>Interfaz F\u00edsica<\/div>\n<div style='padding: 15px; color: inherit;'>\n<ul style='padding-left: 20px; margin: 0; font-size: 14px; list-style-type: disc;'>\n<li style='margin-bottom: 5px;'>5 puertos Gigabit Ethernet (1 WAN configurable como LAN&comma; 4 LAN)<\/li>\n<li style='margin-bottom: 5px;'>1 x Puerto USB host<\/li>\n<li style='margin-bottom: 5px;'>4 pines de entrada\/salida (1 entrada digital&comma; 1 salida colector abierto)<\/li>\n<li style='margin-bottom: 5px;'>1 tornillo de puesta a tierra<\/li>\n<li style='margin-bottom: 5px;'>LEDs de estado: 3 de conexi\u00f3n&comma; 3 de se\u00f1al&comma; 10 de puertos Ethernet&comma; 4 de WAN&comma; 1 de alimentaci\u00f3n&comma; 2 de Wi-Fi<\/li>\n<\/ul><\/div>\n<\/p><\/div>\n<\/p><\/div>\n<hr style='border: 0; border-top: 1px solid rgba(150&comma; 150&comma; 150&comma; 0.3); margin: 30px 0;'>\n<div style='display: flex; flex-wrap: wrap; gap: 30px; margin-bottom: 30px;'>\n<div style='flex: 1 1 300px; min-width: 280px;'>\n<h3 style='font-size: 22px; border-bottom: 2px solid currentColor; padding-bottom: 5px; margin-top: 0; color: inherit; opacity: 0.8;'>Aplicaciones Comunes<\/h3>\n<ul style='padding-left: 20px; font-size: 15px; color: inherit;'>\n<li style='margin-bottom: 5px;'>Conectividad de alta velocidad para redes industriales<\/li>\n<li style='margin-bottom: 5px;'>Soluciones de transporte y log\u00edstica con conectividad 5G<\/li>\n<li style='margin-bottom: 5px;'>Sistemas de videovigilancia con transmisi\u00f3n de datos masiva<\/li>\n<li style='margin-bottom: 5px;'>Automatizaci\u00f3n industrial con requisitos de baja latencia<\/li>\n<li style='margin-bottom: 5px;'>Implementaciones de IoT en entornos industriales exigentes<\/li>\n<\/ul><\/div>\n<div style='flex: 1 1 300px; min-width: 280px;'>\n<h3 style='font-size: 22px; border-bottom: 2px solid currentColor; padding-bottom: 5px; margin-top: 0; color: inherit; opacity: 0.8;'>Caracter\u00edsticas de Gesti\u00f3n<\/h3>\n<ul style='padding-left: 20px; font-size: 15px; color: inherit;'>\n<li style='margin-bottom: 5px;'>Gesti\u00f3n remota a trav\u00e9s de RMS (Remote Management System)<\/li>\n<li style='margin-bottom: 5px;'>Actualizaciones de firmware OTA (FOTA)<\/li>\n<li style='margin-bottom: 5px;'>Monitoreo y alertas en tiempo real<\/li>\n<li style='margin-bottom: 5px;'>Configuraci\u00f3n a trav\u00e9s de interfaz web&comma; CLI o SSH<\/li>\n<li style='margin-bottom: 5px;'>Soporte para protocolos de gesti\u00f3n SNMP&comma; JSON-RPC&comma; MQTT&comma; MODBUS<\/li>\n<\/ul><\/div>\n<\/p><\/div>\n<hr style='border: 0; border-top: 1px solid rgba(150&comma; 150&comma; 150&comma; 0.3); margin: 30px 0;'>\n<div style='display: flex; flex-wrap: wrap; gap: 30px; margin-bottom: 30px;'>\n<div style='flex: 1 1 300px; min-width: 280px;'>\n<h3 style='font-size: 22px; border-bottom: 2px solid currentColor; padding-bottom: 5px; margin-top: 0; color: inherit; opacity: 0.8;'>Caracter\u00edsticas Adicionales<\/h3>\n<ul style='padding-left: 20px; font-size: 15px; color: inherit;'>\n<li style='margin-bottom: 5px;'>Soporte para conexiones redundantes con auto-failover<\/li>\n<li style='margin-bottom: 5px;'>Tecnolog\u00eda MIMO 4&#215;4 para mayor rendimiento inal\u00e1mbrico<\/li>\n<li style='margin-bottom: 5px;'>Dise\u00f1o industrial para entornos exigentes<\/li>\n<li style='margin-bottom: 5px;'>Soporte para m\u00faltiples protocolos industriales especializados<\/li>\n<li style='margin-bottom: 5px;'>Funcionalidades avanzadas de seguridad para protecci\u00f3n de redes<\/li>\n<\/ul><\/div>\n<div style='flex: 1 1 300px; min-width: 280px;'>\n<h3 style='font-size: 22px; border-bottom: 2px solid currentColor; padding-bottom: 5px; margin-top: 0; color: inherit; opacity: 0.8;'>Capacidades de Red Inal\u00e1mbrica<\/h3>\n<ul style='padding-left: 20px; font-size: 15px; color: inherit;'>\n<li style='margin-bottom: 5px;'>Wi-Fi 5 (802.11ac Wave 2) con MU-MIMO<\/li>\n<li style='margin-bottom: 5px;'>Soporte para redes mesh (802.11s)<\/li>\n<li style='margin-bottom: 5px;'>Rojamiento r\u00e1pido (802.11r)<\/li>\n<li style='margin-bottom: 5px;'>Soporte para punto de acceso (AP) y modo estaci\u00f3n (STA)<\/li>\n<li style='margin-bottom: 5px;'>Autenticaci\u00f3n de usuarios con servidor Radius externo<\/li>\n<\/ul><\/div>\n<\/p><\/div>\n<\/p><\/div>\n","protected":false},"excerpt":{"rendered":"<p>Router Industrial 5G 3.3Gbps, Doble SIM , Doble banda 802.3ac Wave2<\/p>\n","protected":false},"featured_media":83267,"comment_status":"open","ping_status":"closed","template":"","meta":[],"product_brand":[],"product_cat":[1478],"product_tag":[1479,1480,1430],"class_list":{"0":"post-83268","1":"product","2":"type-product","3":"status-publish","4":"has-post-thumbnail","6":"product_cat-routers-4g-lte-3g","7":"product_tag-redes-wifi","8":"product_tag-routers-4g-lte-3g","9":"product_tag-teltonika","11":"first","12":"outofstock","13":"sale","14":"shipping-taxable","15":"purchasable","16":"product-type-simple"},"_links":{"self":[{"href":"https:\/\/soydeaqui.ddns.net\/pachuca\/index.php\/wp-json\/wp\/v2\/product\/83268","targetHints":{"allow":["GET"]}}],"collection":[{"href":"https:\/\/soydeaqui.ddns.net\/pachuca\/index.php\/wp-json\/wp\/v2\/product"}],"about":[{"href":"https:\/\/soydeaqui.ddns.net\/pachuca\/index.php\/wp-json\/wp\/v2\/types\/product"}],"replies":[{"embeddable":true,"href":"https:\/\/soydeaqui.ddns.net\/pachuca\/index.php\/wp-json\/wp\/v2\/comments?post=83268"}],"wp:featuredmedia":[{"embeddable":true,"href":"https:\/\/soydeaqui.ddns.net\/pachuca\/index.php\/wp-json\/wp\/v2\/media\/83267"}],"wp:attachment":[{"href":"https:\/\/soydeaqui.ddns.net\/pachuca\/index.php\/wp-json\/wp\/v2\/media?parent=83268"}],"wp:term":[{"taxonomy":"product_brand","embeddable":true,"href":"https:\/\/soydeaqui.ddns.net\/pachuca\/index.php\/wp-json\/wp\/v2\/product_brand?post=83268"},{"taxonomy":"product_cat","embeddable":true,"href":"https:\/\/soydeaqui.ddns.net\/pachuca\/index.php\/wp-json\/wp\/v2\/product_cat?post=83268"},{"taxonomy":"product_tag","embeddable":true,"href":"https:\/\/soydeaqui.ddns.net\/pachuca\/index.php\/wp-json\/wp\/v2\/product_tag?post=83268"}],"curies":[{"name":"wp","href":"https:\/\/api.w.org\/{rel}","templated":true}]}}