{"id":83248,"date":"2026-03-19T20:00:25","date_gmt":"2026-03-19T20:00:25","guid":{"rendered":"https:\/\/soydeaqui.ddns.net\/pachuca\/index.php\/producto\/convertidor-de-medios-industrial-de-2-puertos-sfp-100-1000x-a-2-puertos-rj45-10-100-1000t-802-3bt-poe\/"},"modified":"2026-03-19T20:00:31","modified_gmt":"2026-03-19T20:00:31","slug":"convertidor-de-medios-industrial-de-2-puertos-sfp-100-1000x-a-2-puertos-rj45-10-100-1000t-802-3bt-poe","status":"publish","type":"product","link":"https:\/\/soydeaqui.ddns.net\/pachuca\/index.php\/producto\/convertidor-de-medios-industrial-de-2-puertos-sfp-100-1000x-a-2-puertos-rj45-10-100-1000t-802-3bt-poe\/","title":{"rendered":"Convertidor de Medios Industrial de 2 Puertos SFP 100\/1000X a 2 Puertos RJ45 10\/100\/1000T 802.3bt PoE++"},"content":{"rendered":"<div style='width: 100%; max-width: 1200px; margin: 0 auto; font-family: sans-serif; line-height: 1.6; color: inherit; background-color: transparent;'>\n<div style='display: flex; flex-wrap: wrap; justify-content: center; gap: 15px; margin-bottom: 30px;'> <img style='width: 80px; height: auto; border: 1px solid rgba(150&comma;150&comma;150&comma;0.3); border-radius: 8px;' src='https:\/\/planet.com.tw\/storage\/icons\/8icon_-40-degree-~75-degree.png' alt='75\u00b0C~-40\u00b0C'> <img style='width: 80px; height: auto; border: 1px solid rgba(150&comma;150&comma;150&comma;0.3); border-radius: 8px;' src='https:\/\/planet.com.tw\/storage\/icons\/629\/8icon_802.3bt_802.3at_End-span_Mid-span.png' alt='802.3bt 802.3at End-span Mid-span'> <img style='width: 80px; height: auto; border: 1px solid rgba(150&comma;150&comma;150&comma;0.3); border-radius: 8px;' src='https:\/\/planet.com.tw\/storage\/icons\/7icon_10M_100M_1000M.png' alt='10M\/100M\/1000M'> <img style='width: 80px; height: auto; border: 1px solid rgba(150&comma;150&comma;150&comma;0.3); border-radius: 8px;' src='https:\/\/planet.com.tw\/storage\/icons\/0icon_SFP.png' alt='SFP'> <img style='width: 80px; height: auto; border: 1px solid rgba(150&comma;150&comma;150&comma;0.3); border-radius: 8px;' src='https:\/\/planet.com.tw\/storage\/icons\/3icon_Redundant_Power.png' alt='Redundant Power'> <img style='width: 80px; height: auto; border: 1px solid rgba(150&comma;150&comma;150&comma;0.3); border-radius: 8px;' src='https:\/\/planet.com.tw\/storage\/icons\/2icon_IP-Code_30.png' alt='IP 30'> <\/div>\n<div style='margin-bottom: 30px;'>\n<p style='font-size: 15px; color: inherit; margin: 0 0 15px;'>El convertidor de medios Gigabit industrial PLANET IGUP-2205AT (de 100\/1000BASE-X a 10\/100\/1000BASE-T) con la funci\u00f3n de inyector <strong style='color: inherit;'>Power over Ethernet Plus Plus (PoE++) 802.3bt<\/strong> para ofrecer a ambos puertos hasta 190 Watts de potencia de salida y alta velocidad de transmisi\u00f3n de datos a PD (dispositivos alimentados) instalados en un \u00e1rea remota donde se requiere una entrada de energ\u00eda suficiente y confiable. Su puerto de enlace ascendente de fibra \u00f3ptica 100\/1000BASE-X proporciona transmisi\u00f3n de datos estable&comma; de alta velocidad y a larga distancia a una red central remota. El sistema de energ\u00eda especial y conveniente del IGUP-2205AT admite entradas de energ\u00eda duales de <strong style='color: inherit;'>12~56 V <\/strong><strong style='color: inherit;'>CC<\/strong> para redundancia de energ\u00eda y flexibilidad operativa.<\/p>\n<p style='font-size: 15px; color: inherit; margin: 0 0 15px;'>Al poder operar en un rango de temperaturas de <strong style='color: inherit;'>-40 a 75 grados C<\/strong> y con una carcasa resistente <strong style='color: inherit;'>IP30<\/strong>&comma; el IGUP-2205AT se puede colocar en casi cualquier entorno dif\u00edcil.<\/p>\n<\/p><\/div>\n<div style='display: flex; flex-wrap: wrap; justify-content: center; gap: 30px; margin-bottom: 30px;'> <img style='width: 100%; max-width: 600px; height: auto; border: 1px solid rgba(150&comma;150&comma;150&comma;0.3); border-radius: 8px;' src='https:\/\/planet.com.tw\/storage\/products\/49258\/edm_IGUP-1205AT_IGUP-2205AT.jpg' alt=''> <img style='width: 100%; max-width: 600px; height: auto; border: 1px solid rgba(150&comma;150&comma;150&comma;0.3); border-radius: 8px;' src='https:\/\/planet.com.tw\/storage\/products\/49258\/IGUP-2205AT-1.png' alt=''> <\/div>\n<div style='display: flex; flex-wrap: wrap; gap: 20px; margin-bottom: 30px;'>\n<div style='flex: 1 1 250px; border: 1px solid rgba(150&comma; 150&comma; 150&comma; 0.4); border-radius: 8px; overflow: hidden; display: flex; flex-direction: column;'>\n<div style='padding: 15px; border-bottom: 1px solid rgba(150&comma; 150&comma; 150&comma; 0.2); font-weight: bold; font-size: 18px; color: inherit;'>Caracter\u00edsticas Principales:<\/div>\n<div style='padding: 15px; color: inherit;'>\n<ul style='padding-left: 20px; margin: 0; font-size: 14px; list-style-type: disc;'>\n<li style='margin-bottom: 5px;'>Alimentaci\u00f3n remota hasta 100 m.<\/li>\n<li style='margin-bottom: 5px;'>Dispositivos divisores IEEE 802.3af\/at\/bt compatibles.<\/li>\n<li style='margin-bottom: 5px;'>Alimentaci\u00f3n redundante de 12 ~ 56 Vcc con protecci\u00f3n contra polaridad inversa.<\/li>\n<li style='margin-bottom: 5px;'>Admite alimentaci\u00f3n PoE de hasta 95 Watts para cada puerto PoE.<\/li>\n<li style='margin-bottom: 5px;'>Dise\u00f1ado para montaje en pared o riel DIN.<\/li>\n<\/ul><\/div>\n<\/p><\/div>\n<div style='flex: 1 1 250px; border: 1px solid rgba(150&comma; 150&comma; 150&comma; 0.4); border-radius: 8px; overflow: hidden; display: flex; flex-direction: column;'>\n<div style='padding: 15px; border-bottom: 1px solid rgba(150&comma; 150&comma; 150&comma; 0.2); font-weight: bold; font-size: 18px; color: inherit;'>Caracter\u00edsticas F\u00edsicas y El\u00e9ctricas:<\/div>\n<div style='padding: 15px; color: inherit;'>\n<ul style='padding-left: 20px; margin: 0; font-size: 14px; list-style-type: disc;'>\n<li style='margin-bottom: 5px;'>2 Puertos RJ45 10\/100\/1000BASE-T con funci\u00f3n de inyector PoE IEEE 802.3bt.<\/li>\n<li style='margin-bottom: 5px;'>2 ranuras SFP que admiten transceptores de modo dual 1000BASE-X y 100BASE-FX.<\/li>\n<li style='margin-bottom: 5px;'>Alimentaci\u00f3n de 12 a 56 VDC <strong style='color: inherit;'>(No incluye Fuente de alimentaci\u00f3n).<\/strong><\/li>\n<li style='margin-bottom: 5px;'>Caja met\u00e1lica IP30.<\/li>\n<li style='margin-bottom: 5px;'>Dimensiones (5.6&#215;8.78&#215;13.5 cm).<\/li>\n<li style='margin-bottom: 5px;'>Peso: 0.665kg.<\/li>\n<li style='margin-bottom: 5px;'>Temperatura de operaci\u00f3n (-40~75\u00b0 C).<\/li>\n<\/ul><\/div>\n<\/p><\/div>\n<div style='flex: 1 1 250px; border: 1px solid rgba(150&comma; 150&comma; 150&comma; 0.4); border-radius: 8px; overflow: hidden; display: flex; flex-direction: column;'>\n<div style='padding: 15px; border-bottom: 1px solid rgba(150&comma; 150&comma; 150&comma; 0.2); font-weight: bold; font-size: 18px; color: inherit;'>El Paquete Incluye:<\/div>\n<div style='padding: 15px; color: inherit;'>\n<ul style='padding-left: 20px; margin: 0; font-size: 14px; list-style-type: disc;'>\n<li style='margin-bottom: 5px;'>1 Convertidor de medios IGUP-2205AT.<\/li>\n<li style='margin-bottom: 5px;'>1 QR code Sheet.<\/li>\n<li style='margin-bottom: 5px;'>1 Kit de montaje en pared.<\/li>\n<li style='margin-bottom: 5px;'>1 kit de montaje en riel DIN.<\/li>\n<li style='margin-bottom: 5px;'>2 Tapas para puertos RJ45.<\/li>\n<li style='margin-bottom: 5px;'>2 Tapas para puertos SFP.<\/li>\n<\/ul><\/div>\n<\/p><\/div>\n<\/p><\/div>\n<hr style='border: 0; border-top: 1px solid rgba(150&comma; 150&comma; 150&comma; 0.3); margin: 30px 0;'> <\/div>\n","protected":false},"excerpt":{"rendered":"<p>Convertidor de Medios Industrial de 2 Puertos SFP 100\/1000X a 2 Puertos RJ45 10\/100\/1000T 802.3bt PoE++<\/p>\n","protected":false},"featured_media":83247,"comment_status":"open","ping_status":"closed","template":"","meta":[],"product_brand":[],"product_cat":[2000],"product_tag":[2001,664,2033],"class_list":{"0":"post-83248","1":"product","2":"type-product","3":"status-publish","4":"has-post-thumbnail","6":"product_cat-convertidores-de-medios","7":"product_tag-convertidores-de-medios","8":"product_tag-networking","9":"product_tag-planet","11":"first","12":"instock","13":"sale","14":"shipping-taxable","15":"purchasable","16":"product-type-simple"},"_links":{"self":[{"href":"https:\/\/soydeaqui.ddns.net\/pachuca\/index.php\/wp-json\/wp\/v2\/product\/83248","targetHints":{"allow":["GET"]}}],"collection":[{"href":"https:\/\/soydeaqui.ddns.net\/pachuca\/index.php\/wp-json\/wp\/v2\/product"}],"about":[{"href":"https:\/\/soydeaqui.ddns.net\/pachuca\/index.php\/wp-json\/wp\/v2\/types\/product"}],"replies":[{"embeddable":true,"href":"https:\/\/soydeaqui.ddns.net\/pachuca\/index.php\/wp-json\/wp\/v2\/comments?post=83248"}],"wp:featuredmedia":[{"embeddable":true,"href":"https:\/\/soydeaqui.ddns.net\/pachuca\/index.php\/wp-json\/wp\/v2\/media\/83247"}],"wp:attachment":[{"href":"https:\/\/soydeaqui.ddns.net\/pachuca\/index.php\/wp-json\/wp\/v2\/media?parent=83248"}],"wp:term":[{"taxonomy":"product_brand","embeddable":true,"href":"https:\/\/soydeaqui.ddns.net\/pachuca\/index.php\/wp-json\/wp\/v2\/product_brand?post=83248"},{"taxonomy":"product_cat","embeddable":true,"href":"https:\/\/soydeaqui.ddns.net\/pachuca\/index.php\/wp-json\/wp\/v2\/product_cat?post=83248"},{"taxonomy":"product_tag","embeddable":true,"href":"https:\/\/soydeaqui.ddns.net\/pachuca\/index.php\/wp-json\/wp\/v2\/product_tag?post=83248"}],"curies":[{"name":"wp","href":"https:\/\/api.w.org\/{rel}","templated":true}]}}