{"id":83212,"date":"2026-03-19T19:58:51","date_gmt":"2026-03-19T19:58:51","guid":{"rendered":"https:\/\/soydeaqui.ddns.net\/pachuca\/index.php\/producto\/chateau-router-wi-fi-6-mimo-4x4-2-5g-y-antenas-externas-para-hogar-y-pequenas-oficinas\/"},"modified":"2026-03-19T19:58:57","modified_gmt":"2026-03-19T19:58:57","slug":"chateau-router-wi-fi-6-mimo-4x4-2-5g-y-antenas-externas-para-hogar-y-pequenas-oficinas","status":"publish","type":"product","link":"https:\/\/soydeaqui.ddns.net\/pachuca\/index.php\/producto\/chateau-router-wi-fi-6-mimo-4x4-2-5g-y-antenas-externas-para-hogar-y-pequenas-oficinas\/","title":{"rendered":"Chateau &#8211; Router Wi-Fi 6 MIMO 4&#215;4, 2.5G y antenas externas para hogar y peque\u00f1as oficinas"},"content":{"rendered":"<div style='width: 100%; max-width: 1200px; margin: 0 auto; font-family: sans-serif; line-height: 1.6; color: inherit; background-color: transparent;'> <!-- Logo --> <\/p>\n<div style='text-align: center; margin: 30px 0;'> <img style='width: 100px; height: auto; border: 1px solid rgba(150&comma;150&comma;150&comma;0.3); border-radius: 8px;' src='https:\/\/help.mikrotik.com\/docs\/download\/attachments\/63406151\/MT_logo_arrow_v2-02.png?version=1&#038;modificationDate=1742817849639&#038;api=v2' alt='Logo MikroTik'> <\/div>\n<p> <!-- Descripci\u00f3n principal --> <\/p>\n<div style='margin-bottom: 30px;'>\n<p style='font-size: 15px; color: inherit; margin-bottom: 15px;'>Dise\u00f1ado pensando en los usuarios profesionales&comma; el punto de acceso dom\u00e9stico Chateau PRO ax Wi-Fi 6 est\u00e1 dise\u00f1ado para exprimir el m\u00e1ximo rendimiento&comma; manejando m\u00e1s tr\u00e1fico que nunca. Con su imparable CPU ARM de cuatro n\u00facleos que funciona a 2&comma;2 GHz y nuestro \u00faltimo chip inal\u00e1mbrico de vanguardia&comma; Chateau PRO ax aprovecha 4 flujos espaciales para lograr el doble de la velocidad de datos de los dispositivos habituales de doble cadena&comma; asegurando que su red sea siempre r\u00e1pida&comma; confiable y lista para soportar incluso las tareas m\u00e1s exigentes. Recuerde: necesitar\u00e1 un dispositivo que admita 4 flujos espaciales en el otro lado de la conexi\u00f3n para utilizar completamente el haz Chateau PRO.<\/p>\n<p style='font-size: 15px; color: inherit; margin-bottom: 15px;'>Con 5 puertos Gigabit Ethernet y un puerto USB 3.0&comma; puede transformar este Chateau en un servidor multimedia dom\u00e9stico conectando un almacenamiento SSD adicional. \u00a1O podr\u00edas usar el USB para a\u00f1adir un m\u00f3dem LTE para la copia de seguridad!<\/p>\n<p style='font-size: 15px; color: inherit; margin-bottom: 15px;'>Configuraciones avanzadas de contenedores&comma; uni\u00f3n o configuraciones inal\u00e1mbricas MIMO 4&#215;4 de alta velocidad: \u00a1ah\u00ed es donde el hacha Chateau PRO realmente puede brillar! Adem\u00e1s&comma; su mayor n\u00famero de transceptores de radio proporciona una cobertura inal\u00e1mbrica significativamente mejorada y el rendimiento de formaci\u00f3n de haces.<\/p>\n<\/p><\/div>\n<p> <!-- Secci\u00f3n de especificaciones --> <\/p>\n<div style='display: flex; flex-wrap: wrap; gap: 20px; margin-bottom: 30px;'>\n<div style='flex: 1 1 300px; border: 1px solid rgba(150&comma; 150&comma; 150&comma; 0.4); border-radius: 8px; overflow: hidden; display: flex; flex-direction: column;'>\n<div style='padding: 15px; border-bottom: 1px solid rgba(150&comma; 150&comma; 150&comma; 0.2); font-weight: bold; font-size: 18px; color: inherit;'>Especificaciones<\/div>\n<div style='padding: 15px; color: inherit;'>\n<ul style='padding-left: 20px; margin: 0; font-size: 14px; list-style-type: disc;'>\n<li style='margin-bottom: 5px;'><strong>C\u00f3digo del producto:<\/strong> H53UiG-5HaxQ2HaxQ<\/li>\n<li style='margin-bottom: 5px;'><strong>Arquitectura:<\/strong> ARM 64bit<\/li>\n<li style='margin-bottom: 5px;'><strong>CPU:<\/strong> IPQ-8072A<\/li>\n<li style='margin-bottom: 5px;'><strong>N\u00facleos de CPU:<\/strong> 4<\/li>\n<li style='margin-bottom: 5px;'><strong>Frecuencia CPU:<\/strong> 2208 MHz<\/li>\n<li style='margin-bottom: 5px;'><strong>Modelo de chip:<\/strong> IPQ-8072<\/li>\n<li style='margin-bottom: 5px;'><strong>Licencia RouterOS:<\/strong> 6<\/li>\n<li style='margin-bottom: 5px;'><strong>Sistema operativo:<\/strong> <a style='color: #4984ae; text-decoration: none; transition: 200ms ease-in-out;' href='https:\/\/help.mikrotik.com\/docs\/display\/ROS\/RouterOS' target='_blank' rel='noopener'>RouterOS v7<\/a><\/li>\n<li style='margin-bottom: 5px;'><strong>Memoria RAM:<\/strong> 1 GB<\/li>\n<li style='margin-bottom: 5px;'><strong>Almacenamiento:<\/strong> 128 MB NAND<\/li>\n<li style='margin-bottom: 5px;'><strong>MTBF:<\/strong> Aproximadamente 200&#8217;000 horas a 25\u00b0C<\/li>\n<li style='margin-bottom: 5px;'><strong>Temperatura operativa:<\/strong> -40 \u00b0C a 70 \u00b0C<\/li>\n<\/ul><\/div>\n<\/p><\/div>\n<div style='flex: 1 1 300px; border: 1px solid rgba(150&comma; 150&comma; 150&comma; 0.4); border-radius: 8px; overflow: hidden; display: flex; flex-direction: column;'>\n<div style='padding: 15px; border-bottom: 1px solid rgba(150&comma; 150&comma; 150&comma; 0.2); font-weight: bold; font-size: 18px; color: inherit;'>Capacidades inal\u00e1mbricas<\/div>\n<div style='padding: 15px; color: inherit;'>\n<ul style='padding-left: 20px; margin: 0; font-size: 14px; list-style-type: disc;'>\n<li style='margin-bottom: 5px;'><strong>Wi-Fi 2.4GHz:<\/strong> 1148 Mbit\/s (802.11b\/g\/n\/ax) 4 cadenas<\/li>\n<li style='margin-bottom: 5px;'><strong>Ganancia antena 2.4GHz:<\/strong> 5 dBi<\/li>\n<li style='margin-bottom: 15px;'><strong>Chip Wi-Fi 2.4GHz:<\/strong> QCN-5024<\/li>\n<li style='margin-bottom: 5px;'><strong>Wi-Fi 5GHz:<\/strong> 2400 Mbit\/s (802.11a\/n\/ac\/ax) 4 cadenas<\/li>\n<li style='margin-bottom: 5px;'><strong>Ganancia antena 5GHz:<\/strong> 6 dBi<\/li>\n<li style='margin-bottom: 5px;'><strong>Chip Wi-Fi 5GHz:<\/strong> QCN-5054<\/li>\n<li style='margin-bottom: 5px;'><strong>Velocidad Wi-Fi:<\/strong> AX 3600<\/li>\n<\/ul><\/div>\n<\/p><\/div>\n<div style='flex: 1 1 300px; border: 1px solid rgba(150&comma; 150&comma; 150&comma; 0.4); border-radius: 8px; overflow: hidden; display: flex; flex-direction: column;'>\n<div style='padding: 15px; border-bottom: 1px solid rgba(150&comma; 150&comma; 150&comma; 0.2); font-weight: bold; font-size: 18px; color: inherit;'>Puertos<\/div>\n<div style='padding: 15px; color: inherit;'>\n<ul style='padding-left: 20px; margin: 0; font-size: 14px; list-style-type: disc;'>\n<li style='margin-bottom: 5px;'><strong>Ethernet:<\/strong> 5 puertos 10\/100\/1000<\/li>\n<li style='margin-bottom: 5px;'><strong>PoE-out:<\/strong> 1 puerto con salida PoE<\/li>\n<li style='margin-bottom: 5px;'><strong>USB:<\/strong> 1 puerto 3.0 tipo A (hasta 1.5A)<\/li>\n<\/ul><\/div>\n<\/p><\/div>\n<div style='flex: 1 1 300px; border: 1px solid rgba(150&comma; 150&comma; 150&comma; 0.4); border-radius: 8px; overflow: hidden; display: flex; flex-direction: column;'>\n<div style='padding: 15px; border-bottom: 1px solid rgba(150&comma; 150&comma; 150&comma; 0.2); font-weight: bold; font-size: 18px; color: inherit;'>Alimentaci\u00f3n<\/div>\n<div style='padding: 15px; color: inherit;'>\n<ul style='padding-left: 20px; margin: 0; font-size: 14px; list-style-type: disc;'>\n<li style='margin-bottom: 5px;'><strong>Voltaje:<\/strong> 18-57 VDC<\/li>\n<li style='margin-bottom: 5px;'><strong>Consumo:<\/strong> 55W (m\u00e1x) \/ 18W (sin accesorios)<\/li>\n<li style='margin-bottom: 5px;'><strong>Enfriamiento:<\/strong> Pasivo<\/li>\n<\/ul><\/div>\n<\/p><\/div>\n<div style='flex: 1 1 300px; border: 1px solid rgba(150&comma; 150&comma; 150&comma; 0.4); border-radius: 8px; overflow: hidden; display: flex; flex-direction: column;'>\n<div style='padding: 15px; border-bottom: 1px solid rgba(150&comma; 150&comma; 150&comma; 0.2); font-weight: bold; font-size: 18px; color: inherit;'>PoE-out<\/div>\n<div style='padding: 15px; color: inherit;'>\n<ul style='padding-left: 20px; margin: 0; font-size: 14px; list-style-type: disc;'>\n<li style='margin-bottom: 5px;'><strong>Puertos:<\/strong> \u00c9ter 5<\/li>\n<li style='margin-bottom: 5px;'><strong>Salida:<\/strong> PoE pasivo hasta 57V<\/li>\n<li style='margin-bottom: 5px;'><strong>Salida por puerto:<\/strong> 600 mA (18-30V) \/ 500 mA (30-57V)<\/li>\n<li style='margin-bottom: 5px;'><strong>Corriente total:<\/strong> 0.600 A<\/li>\n<li style='margin-bottom: 5px;'><strong>Potencia total:<\/strong> 22.8 W<\/li>\n<\/ul><\/div>\n<\/p><\/div>\n<div style='flex: 1 1 300px; border: 1px solid rgba(150&comma; 150&comma; 150&comma; 0.4); border-radius: 8px; overflow: hidden; display: flex; flex-direction: column;'>\n<div style='padding: 15px; border-bottom: 1px solid rgba(150&comma; 150&comma; 150&comma; 0.2); font-weight: bold; font-size: 18px; color: inherit;'>Certificaciones<\/div>\n<div style='padding: 15px; color: inherit;'>\n<ul style='padding-left: 20px; margin: 0; font-size: 14px; list-style-type: disc;'>\n<li style='margin-bottom: 5px;'><strong>Certificaciones:<\/strong> CE&comma; FCC&comma; IC&comma; EAC&comma; ROHS<\/li>\n<li style='margin-bottom: 5px;'><strong>Protecci\u00f3n:<\/strong> IP20<\/li>\n<\/ul><\/div>\n<\/p><\/div>\n<div style='flex: 1 1 300px; border: 1px solid rgba(150&comma; 150&comma; 150&comma; 0.4); border-radius: 8px; overflow: hidden; display: flex; flex-direction: column;'>\n<div style='padding: 15px; border-bottom: 1px solid rgba(150&comma; 150&comma; 150&comma; 0.2); font-weight: bold; font-size: 18px; color: inherit;'>Caracter\u00edsticas<\/div>\n<div style='padding: 15px; color: inherit;'>\n<ul style='padding-left: 20px; margin: 0; font-size: 14px; list-style-type: disc;'>\n<li style='margin-bottom: 5px;'>Monitor de temperatura CPU<\/li>\n<li style='margin-bottom: 5px;'>Monitor de temperatura PCB<\/li>\n<li style='margin-bottom: 5px;'>Monitor de voltaje<\/li>\n<li style='margin-bottom: 5px;'>Bot\u00f3n de modo<\/li>\n<\/ul><\/div>\n<\/p><\/div>\n<div style='flex: 1 1 300px; border: 1px solid rgba(150&comma; 150&comma; 150&comma; 0.4); border-radius: 8px; overflow: hidden; display: flex; flex-direction: column;'>\n<div style='padding: 15px; border-bottom: 1px solid rgba(150&comma; 150&comma; 150&comma; 0.2); font-weight: bold; font-size: 18px; color: inherit;'>Contenido del paquete<\/div>\n<div style='padding: 15px; color: inherit;'>\n<ul style='padding-left: 20px; margin: 0; font-size: 14px; list-style-type: disc;'>\n<li style='margin-bottom: 5px;'>Adaptador de corriente de 48 V 1&comma;35 A<\/li>\n<\/ul>\n<div style='text-align: center; margin-top: 15px;'> <a style='display: inline-block; text-decoration: none; border: 1px solid rgba(150&comma;150&comma;150&comma;0.3); padding: 8px 12px; border-radius: 6px; color: inherit; transition: all 200ms ease-in-out;' href='https:\/\/cdn.mikrotik.com\/web-assets\/rb_images\/part1691729767713m.jpg'> <img style='width: 100%; height: auto; border: 1px solid rgba(150&comma;150&comma;150&comma;0.3); border-radius: 8px;' src='https:\/\/cdn.mikrotik.com\/web-assets\/rb_images\/part1691729767713s.jpg' alt='Adaptador de corriente'> <\/a> <\/div>\n<\/p><\/div>\n<\/p><\/div>\n<\/p><\/div>\n<p> <!-- Informaci\u00f3n de licencia --> <\/p>\n<div style='margin-top: 30px; padding: 20px; border: 1px solid rgba(150&comma;150&comma;150&comma;0.3); border-radius: 8px; background-color: rgba(150&comma;150&comma;150&comma;0.05);'>\n<p style='font-size: 14px; color: inherit; margin: 0;'><em>El dispositivo tiene un sistema operativo preinstalado y con licencia. No es necesaria ninguna compra por separado y el producto est\u00e1 listo para usar. El dispositivo incluye actualizaciones de software gratuitas para la vida \u00fatil del producto o un m\u00ednimo de 5 a\u00f1os a partir de la fecha de compra.<\/em><\/p>\n<\/p><\/div>\n<p> <!-- Separador --> <\/p>\n<hr style='border: 0; border-top: 1px solid rgba(150&comma; 150&comma; 150&comma; 0.3); margin: 30px 0;'> <\/div>\n","protected":false},"excerpt":{"rendered":"<p>Chateau &#8211; Router Wi-Fi 6 MIMO 4&#215;4, 2.5G y antenas externas para hogar y peque\u00f1as oficinas<\/p>\n","protected":false},"featured_media":83211,"comment_status":"open","ping_status":"closed","template":"","meta":[],"product_brand":[],"product_cat":[2024],"product_tag":[643,1479,2025],"class_list":{"0":"post-83212","1":"product","2":"type-product","3":"status-publish","4":"has-post-thumbnail","6":"product_cat-routers-inalambricos","7":"product_tag-mikrotik","8":"product_tag-redes-wifi","9":"product_tag-routers-inalambricos","11":"first","12":"instock","13":"sale","14":"shipping-taxable","15":"purchasable","16":"product-type-simple"},"_links":{"self":[{"href":"https:\/\/soydeaqui.ddns.net\/pachuca\/index.php\/wp-json\/wp\/v2\/product\/83212","targetHints":{"allow":["GET"]}}],"collection":[{"href":"https:\/\/soydeaqui.ddns.net\/pachuca\/index.php\/wp-json\/wp\/v2\/product"}],"about":[{"href":"https:\/\/soydeaqui.ddns.net\/pachuca\/index.php\/wp-json\/wp\/v2\/types\/product"}],"replies":[{"embeddable":true,"href":"https:\/\/soydeaqui.ddns.net\/pachuca\/index.php\/wp-json\/wp\/v2\/comments?post=83212"}],"wp:featuredmedia":[{"embeddable":true,"href":"https:\/\/soydeaqui.ddns.net\/pachuca\/index.php\/wp-json\/wp\/v2\/media\/83211"}],"wp:attachment":[{"href":"https:\/\/soydeaqui.ddns.net\/pachuca\/index.php\/wp-json\/wp\/v2\/media?parent=83212"}],"wp:term":[{"taxonomy":"product_brand","embeddable":true,"href":"https:\/\/soydeaqui.ddns.net\/pachuca\/index.php\/wp-json\/wp\/v2\/product_brand?post=83212"},{"taxonomy":"product_cat","embeddable":true,"href":"https:\/\/soydeaqui.ddns.net\/pachuca\/index.php\/wp-json\/wp\/v2\/product_cat?post=83212"},{"taxonomy":"product_tag","embeddable":true,"href":"https:\/\/soydeaqui.ddns.net\/pachuca\/index.php\/wp-json\/wp\/v2\/product_tag?post=83212"}],"curies":[{"name":"wp","href":"https:\/\/api.w.org\/{rel}","templated":true}]}}