{"id":83104,"date":"2026-03-19T19:54:09","date_gmt":"2026-03-19T19:54:09","guid":{"rendered":"https:\/\/soydeaqui.ddns.net\/pachuca\/index.php\/producto\/firewall-administrado-en-la-nube-hasta-4000-usuarios-seguridad-basada-en-ai-capacidad-expansible-de-hasta-10-gbps-defensa-ddos-antivirus-y-gestion-por-politicas-inteligentes\/"},"modified":"2026-03-19T19:54:15","modified_gmt":"2026-03-19T19:54:15","slug":"firewall-administrado-en-la-nube-hasta-4000-usuarios-seguridad-basada-en-ai-capacidad-expansible-de-hasta-10-gbps-defensa-ddos-antivirus-y-gestion-por-politicas-inteligentes","status":"publish","type":"product","link":"https:\/\/soydeaqui.ddns.net\/pachuca\/index.php\/producto\/firewall-administrado-en-la-nube-hasta-4000-usuarios-seguridad-basada-en-ai-capacidad-expansible-de-hasta-10-gbps-defensa-ddos-antivirus-y-gestion-por-politicas-inteligentes\/","title":{"rendered":"Firewall Administrado en la Nube, hasta 4,000 Usuarios \/ Seguridad Basada en AI \/ Capacidad Expansible de Hasta 10 Gbps \/  Defensa DDoS, Antivirus y Gesti\u00f3n por Pol\u00edticas Inteligentes"},"content":{"rendered":"<div style='width: 100%; max-width: 1200px; margin: 0 auto; font-family: sans-serif; line-height: 1.6; color: inherit; background-color: transparent;'> <!-- T\u00edtulo de funciones --> <\/p>\n<div style='width: 100%; font-size: 36px; font-weight: bold; text-align: center; margin: 60px 0 38px; color: inherit;'> Funciones <\/div>\n<p> <!-- Secci\u00f3n de funciones con flex --> <\/p>\n<div style='display: flex; flex-wrap: wrap; gap: 30px; justify-content: center; margin-bottom: 60px;'> <!-- Funciones b\u00e1sicas --> <\/p>\n<div style='flex: 1 1 300px; min-width: 280px;'>\n<div style='display: flex; flex-direction: column; align-items: center; text-align: center;'> <img style='width: 60px; height: auto; margin: 8px 0;' src='https:\/\/image.ruijie.com.cn\/UIA\/v4.0\/product\/aq\/RG-WALL-1600-Z5100\/RJ-img\/function1.svg' alt=''> <\/p>\n<h3 style='font-size: 24px; margin: 12px 0 20px; color: inherit; opacity: 0.8;'>Funciones b\u00e1sicas<\/h3>\n<ul style='padding: 0; margin: 0; list-style: none; width: 100%; max-width: 320px;'>\n<li style='display: flex; justify-content: space-between; align-items: center; border-top: 1px solid rgba(150&comma;150&comma;150&comma;0.2); padding: 9px 0; font-size: 14px; color: inherit; opacity: 0.7;'> <span>PPPoE\/DHCP\/acceso a l\u00ednea privada<\/span> <span>Soportado<\/span> <\/li>\n<li style='display: flex; justify-content: space-between; align-items: center; border-top: 1px solid rgba(150&comma;150&comma;150&comma;0.2); padding: 9px 0; font-size: 14px; color: inherit; opacity: 0.7;'> <span>Escenarios de implementaci\u00f3n<\/span> <\/li>\n<li style='display: flex; justify-content: space-between; align-items: center; border-top: 1px solid rgba(150&comma;150&comma;150&comma;0.2); padding: 9px 0; font-size: 14px; color: inherit; opacity: 0.7;'>\n<ul style='margin: 0 0 0 55px; padding: 9px 0; list-style: none; width: 100%;'>\n<li style='padding: 9px 0; margin: 0;'>Modo de enrutamiento<\/li>\n<li style='padding: 9px 0; margin: 0;'>Modo transparente<\/li>\n<li style='padding: 9px 0; margin: 0;'>Modo fuera de ruta<\/li>\n<\/ul>\n<ul style='padding: 9px 0; list-style: none; width: 100%;'>\n<li style='padding: 9px 0; margin: 0;'>Soportado<\/li>\n<li style='padding: 9px 0; margin: 0;'>Soportado<\/li>\n<li style='padding: 9px 0; margin: 0;'>Soportado<\/li>\n<\/ul>\n<\/li>\n<li style='display: flex; justify-content: space-between; align-items: center; border-top: 1px solid rgba(150&comma;150&comma;150&comma;0.2); padding: 9px 0; font-size: 14px; color: inherit; opacity: 0.7;'> <span>Asistente de incorporaci\u00f3n r\u00e1pida<\/span> <span>Soportado<\/span> <\/li>\n<li style='display: flex; justify-content: space-between; align-items: center; border-top: 1px solid rgba(150&comma;150&comma;150&comma;0.2); padding: 9px 0; font-size: 14px; color: inherit; opacity: 0.7;'> <span>Asistente de configuraci\u00f3n de pol\u00edticas de seguridad<\/span> <span>Soportado<\/span> <\/li>\n<li style='display: flex; justify-content: space-between; align-items: center; border-top: 1px solid rgba(150&comma;150&comma;150&comma;0.2); padding: 9px 0; font-size: 14px; color: inherit; opacity: 0.7;'> <span>Escaneo de puertos<\/span> <span>Soportado<\/span> <\/li>\n<li style='display: flex; justify-content: space-between; align-items: center; border-top: 1px solid rgba(150&comma;150&comma;150&comma;0.2); padding: 9px 0; font-size: 14px; color: inherit; opacity: 0.7;'> <span>Aprendizaje de tr\u00e1fico<\/span> <span>Soportado<\/span> <\/li>\n<li style='display: flex; justify-content: space-between; align-items: center; border-top: 1px solid rgba(150&comma;150&comma;150&comma;0.2); border-bottom: 1px solid rgba(150&comma;150&comma;150&comma;0.2); padding: 9px 0; font-size: 14px; color: inherit; opacity: 0.7;'> <span>Centro de diagn\u00f3stico<\/span> <span>Soportado<\/span> <\/li>\n<\/ul><\/div>\n<\/p><\/div>\n<p> <!-- Funciones de seguridad --> <\/p>\n<div style='flex: 1 1 300px; min-width: 280px;'>\n<div style='display: flex; flex-direction: column; align-items: center; text-align: center;'> <img style='width: 60px; height: auto; margin: 0;' src='https:\/\/image.ruijie.com.cn\/UIA\/v4.0\/product\/aq\/RG-WALL-1600-Z5100\/RJ-img\/function2.svg' alt=''> <\/p>\n<h3 style='font-size: 24px; margin: 12px 0 20px; color: inherit; opacity: 0.8;'>Funciones de seguridad<\/h3>\n<ul style='padding: 0; margin: 0; list-style: none; width: 100%; max-width: 320px;'>\n<li style='display: flex; justify-content: space-between; align-items: center; border-top: 1px solid rgba(150&comma;150&comma;150&comma;0.2); padding: 9px 0; font-size: 14px; color: inherit; opacity: 0.7;'> <span>Simulaci\u00f3n de pol\u00edticas<\/span> <span>Soportado<\/span> <\/li>\n<li style='display: flex; justify-content: space-between; align-items: center; border-top: 1px solid rgba(150&comma;150&comma;150&comma;0.2); padding: 9px 0; font-size: 14px; color: inherit; opacity: 0.7;'> <span>Optimizaci\u00f3n de pol\u00edticas conflictivas<\/span> <span>Soportado<\/span> <\/li>\n<li style='display: flex; justify-content: space-between; align-items: center; border-top: 1px solid rgba(150&comma;150&comma;150&comma;0.2); padding: 9px 0; font-size: 14px; color: inherit; opacity: 0.7;'> <span>Optimizaci\u00f3n de pol\u00edticas redundantes<\/span> <span>Soportado<\/span> <\/li>\n<li style='display: flex; justify-content: space-between; align-items: center; border-top: 1px solid rgba(150&comma;150&comma;150&comma;0.2); padding: 9px 0; font-size: 14px; color: inherit; opacity: 0.7;'> <span>Optimizaci\u00f3n de pol\u00edticas caducadas<\/span> <span>Soportado<\/span> <\/li>\n<li style='display: flex; justify-content: space-between; align-items: center; border-top: 1px solid rgba(150&comma;150&comma;150&comma;0.2); padding: 9px 0; font-size: 14px; color: inherit; opacity: 0.7;'> <span>Gesti\u00f3n del ciclo de vida de las pol\u00edticas<\/span> <span>Soportado<\/span> <\/li>\n<li style='display: flex; justify-content: space-between; align-items: center; border-top: 1px solid rgba(150&comma;150&comma;150&comma;0.2); padding: 9px 0; font-size: 14px; color: inherit; opacity: 0.7;'> <span>Detecci\u00f3n y prevenci\u00f3n de intrusiones<\/span> <span>Soportado<\/span> <\/li>\n<li style='display: flex; justify-content: space-between; align-items: center; border-top: 1px solid rgba(150&comma;150&comma;150&comma;0.2); padding: 9px 0; font-size: 14px; color: inherit; opacity: 0.7;'> <span>Defensa contra ataques DDoS<\/span> <span>Soportado<\/span> <\/li>\n<li style='display: flex; justify-content: space-between; align-items: center; border-top: 1px solid rgba(150&comma;150&comma;150&comma;0.2); padding: 9px 0; font-size: 14px; color: inherit; opacity: 0.7;'> <span>Defensa contra ataques ARP<\/span> <span>Soportado<\/span> <\/li>\n<li style='display: flex; justify-content: space-between; align-items: center; border-top: 1px solid rgba(150&comma;150&comma;150&comma;0.2); padding: 9px 0; font-size: 14px; color: inherit; opacity: 0.7;'> <span>Plantillas de protecci\u00f3n antivirus<\/span> <span>Soportado<\/span> <\/li>\n<li style='display: flex; justify-content: space-between; align-items: center; border-top: 1px solid rgba(150&comma;150&comma;150&comma;0.2); border-bottom: 1px solid rgba(150&comma;150&comma;150&comma;0.2); padding: 9px 0; font-size: 14px; color: inherit; opacity: 0.7;'> <span>Inteligencia de amenazas<\/span> <span>Soportado<\/span> <\/li>\n<\/ul><\/div>\n<\/p><\/div>\n<p> <!-- Funciones administrativas --> <\/p>\n<div style='flex: 1 1 300px; min-width: 280px;'>\n<div style='display: flex; flex-direction: column; align-items: center; text-align: center;'> <img style='width: 60px; height: auto; margin: 0;' src='https:\/\/image.ruijie.com.cn\/UIA\/v4.0\/product\/aq\/RG-WALL-1600-Z5100\/RJ-img\/function3.svg' alt=''> <\/p>\n<h3 style='font-size: 24px; margin: 12px 0 20px; color: inherit; opacity: 0.8;'>Funciones administrativas<\/h3>\n<ul style='padding: 0; margin: 0; list-style: none; width: 100%; max-width: 320px;'>\n<li style='display: flex; justify-content: space-between; align-items: center; border-top: 1px solid rgba(150&comma;150&comma;150&comma;0.2); padding: 9px 0; font-size: 14px; color: inherit; opacity: 0.7;'> <span>Identificaci\u00f3n del servicio de juegos en l\u00ednea<\/span> <span>Soportado<\/span> <\/li>\n<li style='display: flex; justify-content: space-between; align-items: center; border-top: 1px solid rgba(150&comma;150&comma;150&comma;0.2); padding: 9px 0; font-size: 14px; color: inherit; opacity: 0.7;'> <span>Identificaci\u00f3n del servicio de compras en l\u00ednea<\/span> <span>Soportado<\/span> <\/li>\n<li style='display: flex; justify-content: space-between; align-items: center; border-top: 1px solid rgba(150&comma;150&comma;150&comma;0.2); padding: 9px 0; font-size: 14px; color: inherit; opacity: 0.7;'> <span>Identificaci\u00f3n de servicios financieros en Internet<\/span> <span>Soportado<\/span> <\/li>\n<li style='display: flex; justify-content: space-between; align-items: center; border-top: 1px solid rgba(150&comma;150&comma;150&comma;0.2); padding: 9px 0; font-size: 14px; color: inherit; opacity: 0.7;'> <span>Identificaci\u00f3n del servicio de mensajer\u00eda instant\u00e1nea<\/span> <span>Soportado<\/span> <\/li>\n<li style='display: flex; justify-content: space-between; align-items: center; border-top: 1px solid rgba(150&comma;150&comma;150&comma;0.2); padding: 9px 0; font-size: 14px; color: inherit; opacity: 0.7;'> <span>Seguridad del servicio visualizada<\/span> <span>Soportado<\/span> <\/li>\n<li style='display: flex; justify-content: space-between; align-items: center; border-top: 1px solid rgba(150&comma;150&comma;150&comma;0.2); padding: 9px 0; font-size: 14px; color: inherit; opacity: 0.7;'> <span>Visualizaci\u00f3n del estado del dispositivo en la nube<\/span> <span>Soportado<\/span> <\/li>\n<li style='display: flex; justify-content: space-between; align-items: center; border-top: 1px solid rgba(150&comma;150&comma;150&comma;0.2); padding: 9px 0; font-size: 14px; color: inherit; opacity: 0.7;'> <span>Entrega de pol\u00edticas en la nube<\/span> <span>Soportado<\/span> <\/li>\n<li style='display: flex; justify-content: space-between; align-items: center; border-top: 1px solid rgba(150&comma;150&comma;150&comma;0.2); padding: 9px 0; font-size: 14px; color: inherit; opacity: 0.7;'> <span>An\u00e1lisis de seguridad en la nube<\/span> <span>Soportado<\/span> <\/li>\n<li style='display: flex; justify-content: space-between; align-items: center; border-top: 1px solid rgba(150&comma;150&comma;150&comma;0.2); padding: 9px 0; font-size: 14px; color: inherit; opacity: 0.7;'> <span>parches calientes<\/span> <span>Soportado<\/span> <\/li>\n<li style='display: flex; justify-content: space-between; align-items: center; border-top: 1px solid rgba(150&comma;150&comma;150&comma;0.2); border-bottom: 1px solid rgba(150&comma;150&comma;150&comma;0.2); padding: 9px 0; font-size: 14px; color: inherit; opacity: 0.7;'> <span>SNMP<\/span> <span>Soportado<\/span> <\/li>\n<\/ul><\/div>\n<\/p><\/div>\n<\/p><\/div>\n<p> <!-- Secci\u00f3n de licenciamiento --> <\/p>\n<div style='margin: 60px 0;'>\n<h3 style='font-size: 24px; margin-bottom: 20px; color: inherit; opacity: 0.8;'>Licenciamiento para Funciones Avanzadas y aumento de an\u00e1lisis de Trafico (opcionales):<\/h3>\n<ul style='padding-left: 20px; font-size: 14px; color: inherit; opacity: 0.7;'>\n<li style='margin-bottom: 8px;'>RG-WALL1600-Z5100-S-1G-LIC<\/li>\n<li style='margin-bottom: 8px;'>RG-WALL1600-Z5100-S-LIS-E-1Y<\/li>\n<\/ul><\/div>\n<p> <!-- Im\u00e1genes --> <\/p>\n<div style='display: flex; flex-wrap: wrap; gap: 20px; margin: 40px 0;'>\n<div style='flex: 1 1 45%; min-width: 300px;'> <img style='width: 100%; height: auto; border: 1px solid rgba(150&comma;150&comma;150&comma;0.3); border-radius: 8px;' src='https:\/\/ftp3.syscom.mx\/usuarios\/fotos\/RGWALL1600Z5100S\/233418-2025-02-12_10_43_52-rg-wall_1600-z5100-s&comma;_next-generation_z_series_firewall.png' alt=''> <\/div>\n<div style='flex: 1 1 45%; min-width: 300px;'> <img style='width: 100%; height: auto; border: 1px solid rgba(150&comma;150&comma;150&comma;0.3); border-radius: 8px;' src='https:\/\/ftp3.syscom.mx\/usuarios\/fotos\/RGWALL1600Z5100S\/233418-3-1.png' alt=''> <\/div>\n<div style='flex: 1 1 45%; min-width: 300px;'> <img style='width: 100%; height: auto; border: 1px solid rgba(150&comma;150&comma;150&comma;0.3); border-radius: 8px;' src='https:\/\/ftp3.syscom.mx\/usuarios\/fotos\/RGWALL1600Z5100S\/233418-2025-02-12_10_41_03-rg-wall_1600-z5100-s&comma;_next-generation_z_series_firewall.png' alt=''> <\/div>\n<div style='flex: 1 1 45%; min-width: 300px;'> <img style='width: 100%; height: auto; border: 1px solid rgba(150&comma;150&comma;150&comma;0.3); border-radius: 8px;' src='https:\/\/ftp3.syscom.mx\/usuarios\/fotos\/RGWALL1600Z5100S\/233418-2025-02-12_10_41_14-rg-wall_1600-z5100-s&comma;_next-generation_z_series_firewall.png' alt=''> <\/div>\n<div style='flex: 1 1 45%; min-width: 300px;'> <img style='width: 100%; height: auto; border: 1px solid rgba(150&comma;150&comma;150&comma;0.3); border-radius: 8px;' src='https:\/\/ftp3.syscom.mx\/usuarios\/fotos\/RGWALL1600Z5100S\/233418-2025-02-12_10_41_28-rg-wall_1600-z5100-s&comma;_next-generation_z_series_firewall.png' alt=''> <\/div>\n<div style='flex: 1 1 45%; min-width: 300px;'> <img style='width: 100%; height: auto; border: 1px solid rgba(150&comma;150&comma;150&comma;0.3); border-radius: 8px;' src='https:\/\/ftp3.syscom.mx\/usuarios\/fotos\/RGWALL1600Z5100S\/233418-2025-02-12_10_41_44-rg-wall_1600-z5100-s&comma;_next-generation_z_series_firewall.png' alt=''> <\/div>\n<div style='flex: 1 1 45%; min-width: 300px;'> <img style='width: 100%; height: auto; border: 1px solid rgba(150&comma;150&comma;150&comma;0.3); border-radius: 8px;' src='https:\/\/ftp3.syscom.mx\/usuarios\/fotos\/RGWALL1600Z5100S\/233418-2025-02-12_10_41_57-rg-wall_1600-z5100-s&comma;_next-generation_z_series_firewall.png' alt=''> <\/div>\n<\/p><\/div>\n<\/p><\/div>\n","protected":false},"excerpt":{"rendered":"<p>Firewall Administrado en la Nube, hasta 4,000 Usuarios \/ Seguridad Basada en AI \/ Capacidad Expansible de Hasta 10 Gbps \/  Defensa DDoS, Antivirus y Gesti\u00f3n por Pol\u00edticas Inteligentes<\/p>\n","protected":false},"featured_media":83103,"comment_status":"open","ping_status":"closed","template":"","meta":[],"product_brand":[],"product_cat":[2122],"product_tag":[2038,664,2123],"class_list":{"0":"post-83104","1":"product","2":"type-product","3":"status-publish","4":"has-post-thumbnail","6":"product_cat-firewalls-networking","7":"product_tag-firewalls","8":"product_tag-networking","9":"product_tag-ruijie","11":"first","12":"instock","13":"sale","14":"shipping-taxable","15":"purchasable","16":"product-type-simple"},"_links":{"self":[{"href":"https:\/\/soydeaqui.ddns.net\/pachuca\/index.php\/wp-json\/wp\/v2\/product\/83104","targetHints":{"allow":["GET"]}}],"collection":[{"href":"https:\/\/soydeaqui.ddns.net\/pachuca\/index.php\/wp-json\/wp\/v2\/product"}],"about":[{"href":"https:\/\/soydeaqui.ddns.net\/pachuca\/index.php\/wp-json\/wp\/v2\/types\/product"}],"replies":[{"embeddable":true,"href":"https:\/\/soydeaqui.ddns.net\/pachuca\/index.php\/wp-json\/wp\/v2\/comments?post=83104"}],"wp:featuredmedia":[{"embeddable":true,"href":"https:\/\/soydeaqui.ddns.net\/pachuca\/index.php\/wp-json\/wp\/v2\/media\/83103"}],"wp:attachment":[{"href":"https:\/\/soydeaqui.ddns.net\/pachuca\/index.php\/wp-json\/wp\/v2\/media?parent=83104"}],"wp:term":[{"taxonomy":"product_brand","embeddable":true,"href":"https:\/\/soydeaqui.ddns.net\/pachuca\/index.php\/wp-json\/wp\/v2\/product_brand?post=83104"},{"taxonomy":"product_cat","embeddable":true,"href":"https:\/\/soydeaqui.ddns.net\/pachuca\/index.php\/wp-json\/wp\/v2\/product_cat?post=83104"},{"taxonomy":"product_tag","embeddable":true,"href":"https:\/\/soydeaqui.ddns.net\/pachuca\/index.php\/wp-json\/wp\/v2\/product_tag?post=83104"}],"curies":[{"name":"wp","href":"https:\/\/api.w.org\/{rel}","templated":true}]}}