{"id":83087,"date":"2026-03-19T19:53:32","date_gmt":"2026-03-19T19:53:32","guid":{"rendered":"https:\/\/soydeaqui.ddns.net\/pachuca\/index.php\/producto\/pantalla-interactiva-touch-de-65-android-13-resolucion-4k-bocinas-integradas-entradas-hdmi-incluye-2-lapices-para-escribir\/"},"modified":"2026-03-19T19:53:33","modified_gmt":"2026-03-19T19:53:33","slug":"pantalla-interactiva-touch-de-65-android-13-resolucion-4k-bocinas-integradas-entradas-hdmi-incluye-2-lapices-para-escribir","status":"publish","type":"product","link":"https:\/\/soydeaqui.ddns.net\/pachuca\/index.php\/producto\/pantalla-interactiva-touch-de-65-android-13-resolucion-4k-bocinas-integradas-entradas-hdmi-incluye-2-lapices-para-escribir\/","title":{"rendered":"Pantalla Interactiva Touch de 65&#8243; Android 13 \/ Resoluci\u00f3n 4K \/ Bocinas Integradas \/ Entradas HDMI \/ Incluye 2 L\u00e1pices para Escribir"},"content":{"rendered":"<div style='width: 100%; max-width: 1200px; margin: 0 auto; font-family: sans-serif; line-height: 1.6; color: inherit; background-color: transparent;'>\n<p style='text-align: center; margin: 0 0 20px;'><img style='width: 45%; height: auto; border: 1px solid rgba(150&comma;150&comma;150&comma;0.3); border-radius: 8px;' src='https:\/\/ftp3.syscom.mx\/usuarios\/nortega\/hikvision\/HPD.png' alt=''><\/p>\n<div style='display: flex; flex-wrap: wrap; gap: 30px; margin-bottom: 30px;'>\n<div style='flex: 1 1 500px; min-width: 280px;'>\n<div style='display: flex; flex-direction: column; height: 100%;'>\n<div style='padding: 15px; border-bottom: 1px solid rgba(150&comma;150&comma;150&comma;0.3); font-weight: bold; font-size: 18px; background-color: #a80000; color: white; opacity: 0.9;'>Caracter\u00edsticas Principales<\/div>\n<div style='padding: 15px; flex-grow: 1;'>\n<ul style='padding-left: 20px; margin: 0; font-size: 14px; color: inherit;'>\n<li style='margin-bottom: 5px;'>Tama\u00f1o: 65&#8242;<\/li>\n<li style='margin-bottom: 5px;'>Grosor de cristal: 3.2 mm<\/li>\n<li style='margin-bottom: 5px;'>M\u00e9todo de uni\u00f3n: Laminado Cero<\/li>\n<li style='margin-bottom: 5px;'>Resoluci\u00f3n: 3840 x 2160<\/li>\n<li style='margin-bottom: 5px;'>\u00c1rea activa: 1428.48 mm x 803.52 mm<\/li>\n<li style='margin-bottom: 5px;'>Backlight: DLED<\/li>\n<li style='margin-bottom: 5px;'>Angulo de visi\u00f3n: 178\u00b0 (H) \/ 178\u00b0 (V)<\/li>\n<li style='margin-bottom: 5px;'>Contraste: 5000:1<\/li>\n<li style='margin-bottom: 5px;'>Brillo: 400 cd\/m\u00b2<\/li>\n<li style='margin-bottom: 5px;'>Bit: 10 bit<\/li>\n<li style='margin-bottom: 5px;'>Gama de colores: 72% NTSC<\/li>\n<li style='margin-bottom: 5px;'>Tasa de refrescamiento: 60 Hz<\/li>\n<li style='margin-bottom: 5px;'>Capacidad de trabajo: 16\/7<\/li>\n<li style='margin-bottom: 5px;'>Sistema operativo: Android 13<\/li>\n<li style='margin-bottom: 5px;'>Procesador: Quad-core Cortex-A55 1.92 GHz<\/li>\n<li style='margin-bottom: 5px;'>Memoria RAM: 8GB<\/li>\n<li style='margin-bottom: 5px;'>Almacenamiento interno: 64 GB<\/li>\n<li style='margin-bottom: 5px;'>Versi\u00f3n HDCP: 2.3<\/li>\n<\/ul><\/div>\n<\/p><\/div>\n<\/p><\/div>\n<div style='flex: 1 1 500px; min-width: 280px;'>\n<div style='display: flex; flex-direction: column; height: 100%;'>\n<div style='padding: 15px; border-bottom: 1px solid rgba(150&comma;150&comma;150&comma;0.3); font-weight: bold; font-size: 18px; background-color: #a80000; color: white; opacity: 0.9;'>Funciones Internas<\/div>\n<div style='padding: 15px; flex-grow: 1;'>\n<ul style='padding-left: 20px; margin: 0; font-size: 14px; color: inherit;'>\n<li style='margin-bottom: 5px;'>Bocinas: 2 x 20W<\/li>\n<li style='margin-bottom: 5px;'>Frecuencia: 200-20 Khz<\/li>\n<li style='margin-bottom: 5px;'>Bluetooth: Interconstruido BLE&comma; soporta Bluetooth 5.2<\/li>\n<li style='margin-bottom: 5px;'>NFC: Compatible con NFC<\/li>\n<li style='margin-bottom: 5px;'>Sensor de iluminaci\u00f3n: Interconstruido<\/li>\n<\/ul><\/div>\n<\/p><\/div>\n<\/p><\/div>\n<\/p><\/div>\n<div style='display: flex; flex-wrap: wrap; gap: 30px; margin-bottom: 30px;'>\n<div style='flex: 1 1 500px; min-width: 280px;'>\n<div style='display: flex; flex-direction: column; height: 100%;'>\n<div style='padding: 15px; border-bottom: 1px solid rgba(150&comma;150&comma;150&comma;0.3); font-weight: bold; font-size: 18px; background-color: #a80000; color: white; opacity: 0.9;'>Caracter\u00edsticas F\u00edsicas y El\u00e9ctricas<\/div>\n<div style='padding: 15px; flex-grow: 1;'>\n<ul style='padding-left: 20px; margin: 0; font-size: 14px; color: inherit;'>\n<li style='margin-bottom: 5px;'>Temperatura de operaci\u00f3n: 0 \u00b0C a 40 \u00b0C<\/li>\n<li style='margin-bottom: 5px;'>Humedad de operaci\u00f3n: 10% a 90% RH<\/li>\n<li style='margin-bottom: 5px;'>Temperatura de almacenamiento: -20 \u00b0C a 60 \u00b0C<\/li>\n<li style='margin-bottom: 5px;'>Humedad de almacenamiento: 5% a 90% RH<\/li>\n<\/ul><\/div>\n<\/p><\/div>\n<\/p><\/div>\n<div style='flex: 1 1 500px; min-width: 280px;'>\n<div style='display: flex; flex-direction: column; height: 100%;'>\n<div style='padding: 15px; border-bottom: 1px solid rgba(150&comma;150&comma;150&comma;0.3); font-weight: bold; font-size: 18px; background-color: #a80000; color: white; opacity: 0.9;'>Accesorios Incluidos y Opcionales<\/div>\n<div style='padding: 15px; flex-grow: 1;'>\n<p style='margin-top: 0;'>Incluidos:<\/p>\n<ul style='padding-left: 20px; margin: 0; font-size: 14px; color: inherit;'>\n<li style='margin-bottom: 5px;'>1 x Cable de corriente<\/li>\n<li style='margin-bottom: 5px;'>1 x Control remoto<\/li>\n<li style='margin-bottom: 5px;'>1 x Montaje de pared<\/li>\n<li style='margin-bottom: 5px;'>4 x Tornillos de montaje<\/li>\n<li style='margin-bottom: 5px;'>1 x Juego de plumas tactiles<\/li>\n<\/ul>\n<p style='margin: 15px 0 5px 0;'>Opcionales:<\/p>\n<ul style='padding-left: 20px; margin: 0; font-size: 14px; color: inherit;'>\n<li style='margin-bottom: 5px;'>Base de piso (<a href='https:\/\/www.syscom.mx\/producto\/DS-D5ABKV1B-S-HIKVISION-205120.html' target='_blank' rel='noopener' style='color: #0066cc; text-decoration: underline;'>DS-D5ABKV1B-S<\/a> \/ <a href='https:\/\/www.syscom.mx\/producto\/86A-EPCOM-218216.html' target='_blank' rel='noopener' style='color: #0066cc; text-decoration: underline;'>86A<\/a>)<\/li>\n<li style='margin-bottom: 5px;'>Kit de plumas\/stylus (<a href='https:\/\/www.syscom.mx\/producto\/190-608-018-HIKVISION-219114.html' target='_blank' rel='noopener' style='color: #0066cc; text-decoration: underline;'>190-608-018<\/a>)<\/li>\n<\/ul><\/div>\n<\/p><\/div>\n<\/p><\/div>\n<\/p><\/div>\n<div style='display: flex; flex-wrap: wrap; gap: 30px; margin-bottom: 30px;'>\n<div style='flex: 1 1 500px; min-width: 280px;'>\n<div style='display: flex; flex-direction: column; height: 100%;'>\n<div style='padding: 15px; border-bottom: 1px solid rgba(150&comma;150&comma;150&comma;0.3); font-weight: bold; font-size: 18px; background-color: #a80000; color: white; opacity: 0.9;'>Panel Tactil<\/div>\n<div style='padding: 15px; flex-grow: 1;'>\n<ul style='padding-left: 20px; margin: 0; font-size: 14px; color: inherit;'>\n<li style='margin-bottom: 5px;'>Tipo de sensor: Infrarrojo<\/li>\n<li style='margin-bottom: 5px;'>Puntos tactiles: 45 multi-touch<\/li>\n<li style='margin-bottom: 5px;'>Tiempo de respuesta tactil: <8ms<\/li>\n<li style='margin-bottom: 5px;'>Precisi\u00f3n tactil: \u00b1 1 mm<\/li>\n<\/ul><\/div>\n<\/p><\/div>\n<\/p><\/div>\n<div style='flex: 1 1 500px; min-width: 280px;'>\n<div style='display: flex; flex-direction: column; height: 100%;'>\n<div style='padding: 15px; border-bottom: 1px solid rgba(150&comma;150&comma;150&comma;0.3); font-weight: bold; font-size: 18px; background-color: #a80000; color: white; opacity: 0.9;'>Interfaces de Conexi\u00f3n<\/div>\n<div style='padding: 15px; flex-grow: 1;'>\n<div style='display: flex; flex-wrap: wrap; gap: 20px;'>\n<div style='flex: 1 1 50%; min-width: 200px;'>\n<p style='margin-top: 0; font-weight: bold;'>Traseras:<\/p>\n<ul style='padding-left: 20px; margin: 0; font-size: 14px; color: inherit;'>\n<li style='margin-bottom: 5px;'>Line Out: Salida de audio 3.5mm<\/li>\n<li style='margin-bottom: 5px;'>Line In: Entrada de audio 3.5mm<\/li>\n<li style='margin-bottom: 5px;'>RS-232: Interfas serial RS232<\/li>\n<li style='margin-bottom: 5px;'>Touch USB: Interfas de conexi\u00f3n USB touch (cuando se conectar equipo por HDMI)<\/li>\n<li style='margin-bottom: 5px;'>LAN2: Interfas de red<\/li>\n<li style='margin-bottom: 5px;'>LAN1: Interfas de red<\/li>\n<li style='margin-bottom: 5px;'>HDMI 1: Entrada de video HDMI<\/li>\n<li style='margin-bottom: 5px;'>USB: Interfas USB<\/li>\n<li style='margin-bottom: 5px;'>Multi-USB: Interfas USB<\/li>\n<\/ul><\/div>\n<div style='flex: 1 1 50%; min-width: 200px;'>\n<p style='margin-top: 0; font-weight: bold;'>Frontales:<\/p>\n<ul style='padding-left: 20px; margin: 0; font-size: 14px; color: inherit;'>\n<li style='margin-bottom: 5px;'>HDMI<\/li>\n<li style='margin-bottom: 5px;'>USB<\/li>\n<li style='margin-bottom: 5px;'>USB<\/li>\n<li style='margin-bottom: 5px;'>USB<\/li>\n<li style='margin-bottom: 5px;'>USB-C<\/li>\n<li style='margin-bottom: 5px;'>Sensor de luz<\/li>\n<li style='margin-bottom: 5px;'>Unidad de control remoto<\/li>\n<li style='margin-bottom: 5px;'>Area NFC<\/li>\n<li style='margin-bottom: 5px;'>Encendido<\/li>\n<li style='margin-bottom: 5px;'>Vol &#8211;<\/li>\n<li style='margin-bottom: 5px;'>Vol +<\/li>\n<li style='margin-bottom: 5px;'>Home<\/li>\n<li style='margin-bottom: 5px;'>Regresar<\/li>\n<li style='margin-bottom: 5px;'>Men\u00fa<\/li>\n<li style='margin-bottom: 5px;'>Apagador PC<\/li>\n<\/ul><\/div>\n<\/p><\/div>\n<\/p><\/div>\n<\/p><\/div>\n<\/p><\/div>\n<\/p><\/div>\n<div style='display: flex; flex-wrap: wrap; gap: 30px; margin-bottom: 30px;'>\n<div style='flex: 1 1 100%;'>\n<div style='display: flex; flex-direction: column; height: 100%;'>\n<div style='padding: 15px; border-bottom: 1px solid rgba(150&comma;150&comma;150&comma;0.3); font-weight: bold; font-size: 18px; background-color: #a80000; color: white; opacity: 0.9;'>Aplicaciones<\/div>\n<div style='padding: 15px; flex-grow: 1;'>\n<div style='display: flex; flex-wrap: wrap; justify-content: center; gap: 30px;'>\n<div style='flex: 1 1 200px; min-width: 150px; text-align: center;'> <img style='width: 20%; height: auto; border: 1px solid rgba(150&comma;150&comma;150&comma;0.3); border-radius: 8px;' src='http:\/\/ftp3.syscom.mx\/usuarios\/nortega\/hikvision\/interactiva\/DSD5BXXRBB\/imagenes\/Hikvision-Interactive-Flat-Panels-04.jpg' alt=''> <\/p>\n<h4 style='margin-top: 10px; font-size: 16px; color: inherit;'>Trabajo en equipo inteligente<\/h4>\n<\/p><\/div>\n<div style='flex: 1 1 200px; min-width: 150px; text-align: center;'> <img style='width: 20%; height: auto; border: 1px solid rgba(150&comma;150&comma;150&comma;0.3); border-radius: 8px;' src='http:\/\/ftp3.syscom.mx\/usuarios\/nortega\/hikvision\/interactiva\/DSD5BXXRBB\/imagenes\/Hikvision-Interactive-Flat-Panels-05.jpg' alt=''> <\/p>\n<h4 style='margin-top: 10px; font-size: 16px; color: inherit;'>Lluvia de ideas<\/h4>\n<\/p><\/div>\n<div style='flex: 1 1 200px; min-width: 150px; text-align: center;'> <img style='width: 20%; height: auto; border: 1px solid rgba(150&comma;150&comma;150&comma;0.3); border-radius: 8px;' src='http:\/\/ftp3.syscom.mx\/usuarios\/nortega\/hikvision\/interactiva\/DSD5BXXRBB\/imagenes\/Hikvision-Interactive-Flat-Panels-06.jpg' alt=''> <\/p>\n<h4 style='margin-top: 10px; font-size: 16px; color: inherit;'>Compartir ideas<\/h4>\n<\/p><\/div>\n<div style='flex: 1 1 200px; min-width: 150px; text-align: center;'> <img style='width: 20%; height: auto; border: 1px solid rgba(150&comma;150&comma;150&comma;0.3); border-radius: 8px;' src='http:\/\/ftp3.syscom.mx\/usuarios\/nortega\/hikvision\/interactiva\/DSD5BXXRBB\/imagenes\/Hikvision-Interactive-Flat-Panels-07.jpg' alt=''> <\/p>\n<h4 style='margin-top: 10px; font-size: 16px; color: inherit;'>Protecci\u00f3n a la privacidad<\/h4>\n<\/p><\/div>\n<\/p><\/div>\n<\/p><\/div>\n<\/p><\/div>\n<\/p><\/div>\n<\/p><\/div>\n<hr style='border: 0; border-top: 1px solid rgba(150&comma;150&comma;150&comma;0.3); margin: 30px 0;'>\n<p style='text-align: center; margin: 30px 0 0 0;'><img style='width: 100%; max-width: 600px; height: auto; border: 1px solid rgba(150&comma;150&comma;150&comma;0.3); border-radius: 8px;' src='https:\/\/ftp3.syscom.mx\/usuarios\/nortega\/hikvision\/interactiva\/PANTALLAS-INTERACTIVAS.jpg' alt=''><\/p>\n<\/p><\/div>\n","protected":false},"excerpt":{"rendered":"<p>Pantalla Interactiva Touch de 65&#8243; Android 13 \/ Resoluci\u00f3n 4K \/ Bocinas Integradas \/ Entradas HDMI \/ Incluye 2 L\u00e1pices para Escribir<\/p>\n","protected":false},"featured_media":83086,"comment_status":"open","ping_status":"closed","template":"","meta":[],"product_brand":[],"product_cat":[2048],"product_tag":[2049,54,2004],"class_list":{"0":"post-83087","1":"product","2":"type-product","3":"status-publish","4":"has-post-thumbnail","6":"product_cat-audio-video-conferencia","7":"product_tag-audio-video-conferencia","8":"product_tag-hikvision","9":"product_tag-voip-telefonia-ip-videoconferencia","11":"first","12":"instock","13":"sale","14":"shipping-taxable","15":"purchasable","16":"product-type-simple"},"_links":{"self":[{"href":"https:\/\/soydeaqui.ddns.net\/pachuca\/index.php\/wp-json\/wp\/v2\/product\/83087","targetHints":{"allow":["GET"]}}],"collection":[{"href":"https:\/\/soydeaqui.ddns.net\/pachuca\/index.php\/wp-json\/wp\/v2\/product"}],"about":[{"href":"https:\/\/soydeaqui.ddns.net\/pachuca\/index.php\/wp-json\/wp\/v2\/types\/product"}],"replies":[{"embeddable":true,"href":"https:\/\/soydeaqui.ddns.net\/pachuca\/index.php\/wp-json\/wp\/v2\/comments?post=83087"}],"wp:featuredmedia":[{"embeddable":true,"href":"https:\/\/soydeaqui.ddns.net\/pachuca\/index.php\/wp-json\/wp\/v2\/media\/83086"}],"wp:attachment":[{"href":"https:\/\/soydeaqui.ddns.net\/pachuca\/index.php\/wp-json\/wp\/v2\/media?parent=83087"}],"wp:term":[{"taxonomy":"product_brand","embeddable":true,"href":"https:\/\/soydeaqui.ddns.net\/pachuca\/index.php\/wp-json\/wp\/v2\/product_brand?post=83087"},{"taxonomy":"product_cat","embeddable":true,"href":"https:\/\/soydeaqui.ddns.net\/pachuca\/index.php\/wp-json\/wp\/v2\/product_cat?post=83087"},{"taxonomy":"product_tag","embeddable":true,"href":"https:\/\/soydeaqui.ddns.net\/pachuca\/index.php\/wp-json\/wp\/v2\/product_tag?post=83087"}],"curies":[{"name":"wp","href":"https:\/\/api.w.org\/{rel}","templated":true}]}}