{"id":82961,"date":"2026-03-19T19:48:15","date_gmt":"2026-03-19T19:48:15","guid":{"rendered":"https:\/\/soydeaqui.ddns.net\/pachuca\/index.php\/producto\/estacion-base-epmp-4500-con-antena-integrada-con-17-dbi-y-90o-de-apertura-mu-mimo-ofdma-8x8-con-capacidad-de-hasta-4-gbps-agregados-4910-6135-mhz-wi-fi-6-sincronizacion-gps-hasta-120\/"},"modified":"2026-03-19T19:48:17","modified_gmt":"2026-03-19T19:48:17","slug":"estacion-base-epmp-4500-con-antena-integrada-con-17-dbi-y-90o-de-apertura-mu-mimo-ofdma-8x8-con-capacidad-de-hasta-4-gbps-agregados-4910-6135-mhz-wi-fi-6-sincronizacion-gps-hasta-120","status":"publish","type":"product","link":"https:\/\/soydeaqui.ddns.net\/pachuca\/index.php\/producto\/estacion-base-epmp-4500-con-antena-integrada-con-17-dbi-y-90o-de-apertura-mu-mimo-ofdma-8x8-con-capacidad-de-hasta-4-gbps-agregados-4910-6135-mhz-wi-fi-6-sincronizacion-gps-hasta-120\/","title":{"rendered":"Estaci\u00f3n Base ePMP 4500 con Antena Integrada con 17 dBi y 90\u00ba de apertura \/ MU-MIMO\/OFDMA 8&#215;8 con Capacidad de Hasta 4 Gbps Agregados \/ 4910\u20136135 MHz (Wi-Fi 6) \/ Sincronizaci\u00f3n GPS \/ Hasta 120 Suscriptores \/ Protecci\u00f3n IP67"},"content":{"rendered":"<div style='width: 100%; max-width: 1200px; margin: 0 auto; font-family: sans-serif; line-height: 1.6; color: inherit; background-color: transparent;'> <!-- Imagen principal --> <\/p>\n<div style='width: 100%; margin-bottom: 30px;'> <img style='width: 100%; height: auto; border: 1px solid rgba(150&comma;150&comma;150&comma;0.3); border-radius: 8px;' src='https:\/\/ftp3.syscom.mx\/usuarios\/fotos\/C050940A121A\/222879-epmp_4500_(8).png' alt=''> <\/div>\n<p> <!-- Descripci\u00f3n principal --> <\/p>\n<div style='margin-bottom: 30px;'>\n<p style='font-size: 15px; color: inherit; margin-bottom: 15px;'>Cambium Networks presenta la soluci\u00f3n ePMP 4500 que ofrece un rendimiento revolucionario basado en los \u00faltimos est\u00e1ndares 802.11ax.<\/p>\n<p style='font-size: 15px; color: inherit; margin-bottom: 15px;'>La l\u00ednea de productos ePMP de Cambium Networks ha marcado la pauta en el est\u00e1ndar de alto rendimiento&comma; escalabilidad y confiabilidad en entornos de interferencia hostiles&comma; todo a un precio atractivo.<\/p>\n<p style='font-size: 15px; color: inherit; margin-bottom: 15px;'>Los puntos de acceso (AP) ePMP 4500 interoperan con los suscriptores Force 400 y Force 300&comma; gracias a la retrocompatibilidad.<\/p>\n<p style='font-size: 15px; color: inherit; margin-bottom: 15px;'>Una programaci\u00f3n sofisticada y el Calidad en el Servicio combinado con la sincronizaci\u00f3n TDD permite AP ePMP 4500 para brindar un servicio consistentemente de alta calidad para un gran n\u00famero de usuarios finales.<\/p>\n<p style='font-size: 15px; color: inherit; margin-bottom: 15px;'>Todas las series de puntos de acceso ePMP 4500 se gestionan con cnMaestro\u2122 y las redes se pueden planificar con LINKPlanner. Ambos est\u00e1n disponibles en Cambium Networks sin costo alguno.<\/p>\n<\/p><\/div>\n<p> <!-- Caracter\u00edsticas principales --> <\/p>\n<div style='display: flex; flex-wrap: wrap; gap: 30px; margin-bottom: 30px;'>\n<div style='flex: 1 1 300px; min-width: 280px;'>\n<h3 style='font-size: 22px; border-bottom: 2px solid currentColor; padding-bottom: 5px; margin-top: 0; color: inherit; opacity: 0.8;'>Caracter\u00edsticas Generales<\/h3>\n<ul style='padding-left: 20px; font-size: 15px; color: inherit;'>\n<li style='margin-bottom: 5px;'><strong>Anchos de canal:<\/strong> 20 | 40 | 80 MHz<\/li>\n<li style='margin-bottom: 5px;'><strong>Capa f\u00edsica:<\/strong> 802.11ax&comma; 8&#215;8 MU-MIMO \/ OFDMA<\/li>\n<li style='margin-bottom: 5px;'><strong>Rango de frecuencia:<\/strong> 4.910\u20136.135 GHz (Configurable en incrementos de 5 MHz)<\/li>\n<\/ul><\/div>\n<div style='flex: 1 1 300px; min-width: 280px;'>\n<h3 style='font-size: 22px; border-bottom: 2px solid currentColor; padding-bottom: 5px; margin-top: 0; color: inherit; opacity: 0.8;'>Desempe\u00f1o<\/h3>\n<ul style='padding-left: 20px; font-size: 15px; color: inherit;'>\n<li style='margin-bottom: 5px;'><strong>ARQ:<\/strong> S\u00ed (Protocolos para control de errores en transmisi\u00f3n de datos)<\/li>\n<li style='margin-bottom: 5px;'><strong>Capacidad M\u00e1xima:<\/strong> 4 Gbps agregado<\/li>\n<li style='margin-bottom: 5px;'><strong>Latencia:<\/strong> ms<\/li>\n<li style='margin-bottom: 5px;'><strong>Potencia:<\/strong> 0 a +34 dBm (combinado&comma; hasta el l\u00edmite regional EIRP) (intervalo de 1 dB)<\/li>\n<\/ul><\/div>\n<div style='flex: 1 1 300px; min-width: 280px;'>\n<h3 style='font-size: 22px; border-bottom: 2px solid currentColor; padding-bottom: 5px; margin-top: 0; color: inherit; opacity: 0.8;'>Caracter\u00edsticas F\u00edsicas y El\u00e9ctricas<\/h3>\n<ul style='padding-left: 20px; font-size: 15px; color: inherit;'>\n<li style='margin-bottom: 5px;'><strong>Puertos:<\/strong> 2 x RJ-45 base 1000 Mbps + 1 x SFP+ 10 Gbps<\/li>\n<li style='margin-bottom: 5px;'><strong>Grado de protecci\u00f3n:<\/strong> IP67 (Para climas hostiles)<\/li>\n<li style='margin-bottom: 5px;'><strong>Voltaje de entrada:<\/strong> 44V a 59V<\/li>\n<li style='margin-bottom: 5px;'><strong>Consumo m\u00e1ximo:<\/strong> 32 W<\/li>\n<\/ul><\/div>\n<\/p><\/div>\n<p> <!-- Imagen cnMaestro --> <\/p>\n<div style='width: 100%; margin-bottom: 30px;'> <img style='width: 100%; height: auto; border: 1px solid rgba(150&comma;150&comma;150&comma;0.3); border-radius: 8px;' src='https:\/\/cdn.cambiumnetworks.com\/wp-content\/uploads\/2020\/09\/cnMaestro-solutions-web.jpg' alt=''> <\/div>\n<p> <!-- Especificaciones adicionales --> <\/p>\n<div style='display: flex; flex-wrap: wrap; gap: 20px; margin-bottom: 30px;'>\n<div style='flex: 1 1 250px; border: 1px solid rgba(150&comma; 150&comma; 150&comma; 0.4); border-radius: 8px; overflow: hidden; display: flex; flex-direction: column;'>\n<div style='padding: 15px; border-bottom: 1px solid rgba(150&comma; 150&comma; 150&comma; 0.2); font-weight: bold; font-size: 18px; color: inherit;'>ePMP 4500<\/div>\n<div style='padding: 15px; color: inherit;'>\n<ul style='padding-left: 20px; margin: 0; font-size: 14px; list-style-type: disc;'>\n<li style='margin-bottom: 5px;'><strong>Capacidad:<\/strong> Hasta 4 Gbps agregados<\/li>\n<li style='margin-bottom: 5px;'><strong>Suscriptores:<\/strong> Hasta 120<\/li>\n<li style='margin-bottom: 5px;'><strong>Tecnolog\u00eda:<\/strong> MU-MIMO 8&#215;8<\/li>\n<li style='margin-bottom: 5px;'><strong>Antena:<\/strong> Integrada de 90\u00ba de apertura horizontal<\/li>\n<li style='margin-bottom: 5px;'><strong>Ganancia:<\/strong> 17 dBi<\/li>\n<li style='margin-bottom: 5px;'><strong>Sincronizaci\u00f3n:<\/strong> GPS<\/li>\n<\/ul><\/div>\n<\/p><\/div>\n<\/p><\/div>\n<p> <!-- Separador --> <\/p>\n<hr style='border: 0; border-top: 1px solid rgba(150&comma; 150&comma; 150&comma; 0.3); margin: 30px 0;'> <\/div>\n","protected":false},"excerpt":{"rendered":"<p>Estaci\u00f3n Base ePMP 4500 con Antena Integrada con 17 dBi y 90\u00ba de apertura \/ MU-MIMO\/OFDMA 8&#215;8 con Capacidad de Hasta 4 Gbps Agregados \/ 4910\u20136135 MHz (Wi-Fi 6) \/ Sincronizaci\u00f3n GPS \/ Hasta 120 Suscriptores \/ Protecci\u00f3n IP67<\/p>\n","protected":false},"featured_media":32,"comment_status":"open","ping_status":"closed","template":"","meta":[],"product_brand":[],"product_cat":[1998],"product_tag":[1999,1316,1980],"class_list":{"0":"post-82961","1":"product","2":"type-product","3":"status-publish","4":"has-post-thumbnail","6":"product_cat-5-y-6-ghz","7":"product_tag-5-y-6-ghz","8":"product_tag-cambium-networks","9":"product_tag-enlaces-ptp-y-ptmp","11":"first","12":"outofstock","13":"sale","14":"shipping-taxable","15":"purchasable","16":"product-type-simple"},"_links":{"self":[{"href":"https:\/\/soydeaqui.ddns.net\/pachuca\/index.php\/wp-json\/wp\/v2\/product\/82961","targetHints":{"allow":["GET"]}}],"collection":[{"href":"https:\/\/soydeaqui.ddns.net\/pachuca\/index.php\/wp-json\/wp\/v2\/product"}],"about":[{"href":"https:\/\/soydeaqui.ddns.net\/pachuca\/index.php\/wp-json\/wp\/v2\/types\/product"}],"replies":[{"embeddable":true,"href":"https:\/\/soydeaqui.ddns.net\/pachuca\/index.php\/wp-json\/wp\/v2\/comments?post=82961"}],"wp:featuredmedia":[{"embeddable":true,"href":"https:\/\/soydeaqui.ddns.net\/pachuca\/index.php\/wp-json\/wp\/v2\/media\/32"}],"wp:attachment":[{"href":"https:\/\/soydeaqui.ddns.net\/pachuca\/index.php\/wp-json\/wp\/v2\/media?parent=82961"}],"wp:term":[{"taxonomy":"product_brand","embeddable":true,"href":"https:\/\/soydeaqui.ddns.net\/pachuca\/index.php\/wp-json\/wp\/v2\/product_brand?post=82961"},{"taxonomy":"product_cat","embeddable":true,"href":"https:\/\/soydeaqui.ddns.net\/pachuca\/index.php\/wp-json\/wp\/v2\/product_cat?post=82961"},{"taxonomy":"product_tag","embeddable":true,"href":"https:\/\/soydeaqui.ddns.net\/pachuca\/index.php\/wp-json\/wp\/v2\/product_tag?post=82961"}],"curies":[{"name":"wp","href":"https:\/\/api.w.org\/{rel}","templated":true}]}}