{"id":82951,"date":"2026-03-19T19:47:46","date_gmt":"2026-03-19T19:47:46","guid":{"rendered":"https:\/\/soydeaqui.ddns.net\/pachuca\/index.php\/producto\/router-vpn-4-puertos-10-100-1000-2500-gbps-2-puertos-poe-af-at-2-puertos-sfp-10gbps-filtrado-avanzado-dpi-bloqueo-de-contenido-administracion-nube-gratuita-soporta-upnp\/"},"modified":"2026-03-19T19:47:58","modified_gmt":"2026-03-19T19:47:58","slug":"router-vpn-4-puertos-10-100-1000-2500-gbps-2-puertos-poe-af-at-2-puertos-sfp-10gbps-filtrado-avanzado-dpi-bloqueo-de-contenido-administracion-nube-gratuita-soporta-upnp","status":"publish","type":"product","link":"https:\/\/soydeaqui.ddns.net\/pachuca\/index.php\/producto\/router-vpn-4-puertos-10-100-1000-2500-gbps-2-puertos-poe-af-at-2-puertos-sfp-10gbps-filtrado-avanzado-dpi-bloqueo-de-contenido-administracion-nube-gratuita-soporta-upnp\/","title":{"rendered":"Router VPN \/ 4 puertos 10\/100\/1000\/2500 Gbps (2 puertos PoE af\/at) \/ 2 puertos SFP+ 10Gbps \/ Filtrado Avanzado DPI: Bloqueo de Contenido \/ Administraci\u00f3n nube gratuita \/ Soporta UPnP"},"content":{"rendered":"<div style='width: 100%; max-width: 1200px; margin: 0 auto; font-family: sans-serif; line-height: 1.6; color: inherit; background-color: transparent;'> <!-- Secci\u00f3n de introducci\u00f3n --> <\/p>\n<div style='display: flex; flex-wrap: wrap; gap: 30px; margin-bottom: 30px;'>\n<div style='flex: 1 1 300px; min-width: 280px;'> <img style='width: 100%; height: auto; border: 1px solid rgba(150&comma;150&comma;150&comma;0.3); border-radius: 8px;' src='https:\/\/ftp3.syscom.mx\/usuarios\/fotos\/ROUTE10\/232311-route10.jpg' alt='Alta Labs Route10'> <\/div>\n<div style='flex: 1 1 300px; min-width: 280px;'>\n<h2 style='font-size: 24px; margin-top: 0; color: inherit; opacity: 0.9;'>Route10<\/h2>\n<p style='font-size: 15px; color: inherit; text-align: justify;'>Alta Labs crea una tecnolog\u00eda de red revolucionaria impulsada por dise\u00f1os de software y hardware propietarios. El Router de Alta Labs est\u00e1 dise\u00f1ado para aplicaciones cotidianas&comma; llegando a alcanzar alto rendimiento en la administraci\u00f3n de la red.<\/p>\n<p style='font-size: 15px; color: inherit; text-align: justify;'>La administraci\u00f3n es sencilla&comma; mediante la plataforma en la nube&comma; una nube gratuita sin restricciones.<\/p>\n<\/p><\/div>\n<\/p><\/div>\n<p> <!-- Secci\u00f3n PoE --> <\/p>\n<div style='display: flex; flex-wrap: wrap; gap: 30px; margin-bottom: 30px;'>\n<div style='flex: 1 1 300px; min-width: 280px;'>\n<h3 style='font-size: 22px; border-bottom: 2px solid currentColor; padding-bottom: 5px; margin-top: 0; color: inherit; opacity: 0.8;'>Power Over Ethernet<\/h3>\n<p style='font-size: 15px; color: inherit; text-align: justify;'>El Route10 cuenta con conectividad PoE+ 802.3 af\/at en 2 puertos&comma; pudiendo energizar equipos Alta Labs y otros dispositivos que admitan el mismo est\u00e1ndar tanto PoE af como PoE at<\/p>\n<\/p><\/div>\n<div style='flex: 1 1 300px; min-width: 280px;'> <img style='width: 100%; height: auto; border: 1px solid rgba(150&comma;150&comma;150&comma;0.3); border-radius: 8px;' src='https:\/\/ftp3.syscom.mx\/usuarios\/fotos\/ROUTE10\/232311-poe.png' alt='PoE Connectivity'> <\/div>\n<\/p><\/div>\n<p> <!-- Secci\u00f3n de conectividad --> <\/p>\n<div style='display: flex; flex-wrap: wrap; gap: 30px; margin-bottom: 30px;'>\n<div style='flex: 1 1 300px; min-width: 280px;'> <img style='width: 100%; height: auto; border: 1px solid rgba(150&comma;150&comma;150&comma;0.3); border-radius: 8px;' src='https:\/\/ftp3.syscom.mx\/usuarios\/fotos\/ROUTE10\/232311-2.5.png' alt='High Performance Connectivity'> <\/div>\n<div style='flex: 1 1 300px; min-width: 280px;'>\n<h3 style='font-size: 22px; border-bottom: 2px solid currentColor; padding-bottom: 5px; margin-top: 0; color: inherit; opacity: 0.8;'>Conectividad de Alto Rendimiento<\/h3>\n<p style='font-size: 15px; color: inherit; text-align: justify;'>Dise\u00f1ado para un m\u00e1ximo rendimiento&comma; Route10 incluye cuatro puertos Ethernet con detecci\u00f3n autom\u00e1tica que admiten conexiones Ethernet de hasta 2&comma;5 Gbps (10\/100\/1000\/2500 Mbps).<\/p>\n<p style='font-size: 15px; color: inherit; text-align: justify;'>Route10 tambi\u00e9n ofrece dos puertos SFP+ para conexiones de fibra o cobre de alta capacidad de 1 Gbps&comma; 2&comma;5 Gbps&comma; 5 Gbps o 10 Gbps.<\/p>\n<\/p><\/div>\n<\/p><\/div>\n<p> <!-- Secci\u00f3n VLAN --> <\/p>\n<div style='display: flex; flex-wrap: wrap; gap: 30px; margin-bottom: 30px;'>\n<div style='flex: 1 1 300px; min-width: 280px;'>\n<h3 style='font-size: 22px; border-bottom: 2px solid currentColor; padding-bottom: 5px; margin-top: 0; color: inherit; opacity: 0.8;'>Admite Configuraciones Espec\u00edficas<\/h3>\n<p style='font-size: 15px; color: inherit; text-align: justify;'>Se puede separar la red mediante la configuraci\u00f3n de VLANs&comma; implementar control de tr\u00e1fico para un mejor rendimiento de la red&comma; VPN&comma; balanceo de cargas&comma; failover y todo lo que un router robusto necesita.<\/p>\n<\/p><\/div>\n<div style='flex: 1 1 300px; min-width: 280px;'> <img style='width: 100%; height: auto; border: 1px solid rgba(150&comma;150&comma;150&comma;0.3); border-radius: 8px;' src='https:\/\/ftp3.syscom.mx\/usuarios\/fotos\/ROUTE10\/232311-vlan.png' alt='VLAN Configuration'> <\/div>\n<\/p><\/div>\n<p> <!-- Secci\u00f3n DPI --> <\/p>\n<div style='display: flex; flex-wrap: wrap; gap: 30px; margin-bottom: 30px;'>\n<div style='flex: 1 1 300px; min-width: 280px;'> <img style='width: 100%; height: auto; border: 1px solid rgba(150&comma;150&comma;150&comma;0.3); border-radius: 8px;' src='https:\/\/ftp3.syscom.mx\/usuarios\/fotos\/ROUTE10\/232311-filtrado.png' alt='DPI Filtering'> <\/div>\n<div style='flex: 1 1 300px; min-width: 280px;'>\n<h3 style='font-size: 22px; border-bottom: 2px solid currentColor; padding-bottom: 5px; margin-top: 0; color: inherit; opacity: 0.8;'>Filtrado Avanzado: motor DPI<\/h3>\n<p style='font-size: 15px; color: inherit; text-align: justify;'>Route10 tiene un potente motor de inspecci\u00f3n profunda de paquetes (DPI) integrado. Restrinja el acceso a sitios web&comma; aplicaciones o tipos de aplicaciones.<\/p>\n<p style='font-size: 15px; color: inherit; text-align: justify;'>Las configuraciones de filtro se aplican f\u00e1cilmente en la interfaz de administraci\u00f3n de Alta Labs Control\u2122.<\/p>\n<p style='font-size: 15px; color: inherit; text-align: justify;'>Seleccione aplicaciones o tipos de aplicaciones en el men\u00fa desplegable Bloquear aplicaciones. Bloquee sitios web ingresando sus nombres de dominio en el campo Bloquear dominios.<\/p>\n<\/p><\/div>\n<\/p><\/div>\n<p> <!-- Secci\u00f3n de especificaciones --> <\/p>\n<div style='display: flex; flex-wrap: wrap; gap: 20px; margin-bottom: 30px;'>\n<div style='flex: 1 1 250px; border: 1px solid rgba(150&comma; 150&comma; 150&comma; 0.4); border-radius: 8px; overflow: hidden; display: flex; flex-direction: column;'>\n<div style='padding: 15px; border-bottom: 1px solid rgba(150&comma; 150&comma; 150&comma; 0.2); font-weight: bold; font-size: 18px; color: inherit;'>Caracter\u00edsticas<\/div>\n<div style='padding: 15px; color: inherit;'>\n<ul style='padding-left: 20px; margin: 0; font-size: 14px; list-style-type: disc;'>\n<li style='margin-bottom: 5px;'><strong>Throughput:<\/strong> 25 Gbps Entre Carga y Descarga<\/li>\n<li style='margin-bottom: 5px;'><strong>Detecci\u00f3n y Prevenci\u00f3n de Intrusiones:<\/strong> Hasta 10 Gbps<\/li>\n<li style='margin-bottom: 5px;'><strong>Tabla MAC:<\/strong> 4k<\/li>\n<li style='margin-bottom: 5px;'><strong>Temperatura de operaci\u00f3n:<\/strong> -5 &#8211; 40\u00b0 C<\/li>\n<li style='margin-bottom: 5px;'><strong>Certificaciones:<\/strong> CE&comma; FCC&comma; RoHS<\/li>\n<\/ul><\/div>\n<\/p><\/div>\n<div style='flex: 1 1 250px; border: 1px solid rgba(150&comma; 150&comma; 150&comma; 0.4); border-radius: 8px; overflow: hidden; display: flex; flex-direction: column;'>\n<div style='padding: 15px; border-bottom: 1px solid rgba(150&comma; 150&comma; 150&comma; 0.2); font-weight: bold; font-size: 18px; color: inherit;'>Puertos<\/div>\n<div style='padding: 15px; color: inherit;'>\n<ul style='padding-left: 20px; margin: 0; font-size: 14px; list-style-type: disc;'>\n<li style='margin-bottom: 5px;'><strong>Puertos:<\/strong> (4) Puertos WAN\/LAN Hasta 2.5Gbps (2 de los Puertos Son PoE af\/at)<\/li>\n<li style='margin-bottom: 5px;'><strong>Puertos SFP+:<\/strong> (2) Puertos WAN\/LAN SFP+ Hasta 10Gbps<\/li>\n<\/ul><\/div>\n<\/p><\/div>\n<div style='flex: 1 1 250px; border: 1px solid rgba(150&comma; 150&comma; 150&comma; 0.4); border-radius: 8px; overflow: hidden; display: flex; flex-direction: column;'>\n<div style='padding: 15px; border-bottom: 1px solid rgba(150&comma; 150&comma; 150&comma; 0.2); font-weight: bold; font-size: 18px; color: inherit;'>Alimentaci\u00f3n<\/div>\n<div style='padding: 15px; color: inherit;'>\n<ul style='padding-left: 20px; margin: 0; font-size: 14px; list-style-type: disc;'>\n<li style='margin-bottom: 5px;'><strong>Consumo m\u00e1x:<\/strong> 70W Entregando PoE con los 2 puertos<\/li>\n<li style='margin-bottom: 5px;'><strong>Alimentaci\u00f3n:<\/strong> 54 Vcc&comma; 0.6 A m\u00e1x<\/li>\n<li style='margin-bottom: 5px;'><strong>Presupuesto PoE:<\/strong> 40W<\/li>\n<\/ul><\/div>\n<\/p><\/div>\n<div style='flex: 1 1 250px; border: 1px solid rgba(150&comma; 150&comma; 150&comma; 0.4); border-radius: 8px; overflow: hidden; display: flex; flex-direction: column;'>\n<div style='padding: 15px; border-bottom: 1px solid rgba(150&comma; 150&comma; 150&comma; 0.2); font-weight: bold; font-size: 18px; color: inherit;'>Conexiones<\/div>\n<div style='padding: 15px; color: inherit;'>\n<ul style='padding-left: 20px; margin: 0; font-size: 14px; list-style-type: disc;'>\n<li style='margin-bottom: 5px;'><strong>Tipos de conexi\u00f3n WAN:<\/strong> IP est\u00e1tica\/din\u00e1mica&comma; Banda ancha m\u00f3vil<\/li>\n<li style='margin-bottom: 5px;'><strong>IPV6\/IPV4:<\/strong> S\u00ed<\/li>\n<li style='margin-bottom: 5px;'><strong>IPTV:<\/strong> IGMP v2\/v3 proxy<\/li>\n<\/ul><\/div>\n<\/p><\/div>\n<div style='flex: 1 1 250px; border: 1px solid rgba(150&comma; 150&comma; 150&comma; 0.4); border-radius: 8px; overflow: hidden; display: flex; flex-direction: column;'>\n<div style='padding: 15px; border-bottom: 1px solid rgba(150&comma; 150&comma; 150&comma; 0.2); font-weight: bold; font-size: 18px; color: inherit;'>Seguridad<\/div>\n<div style='padding: 15px; color: inherit;'>\n<ul style='padding-left: 20px; margin: 0; font-size: 14px; list-style-type: disc;'>\n<li style='margin-bottom: 5px;'><strong>Protecci\u00f3n Contra Descargas:<\/strong> En los RJ45&comma; 12kV para ESD<\/li>\n<li style='margin-bottom: 5px;'><strong>Filtrado:<\/strong> Filtrado de grupos Web&comma; Filtrado URL&comma; Seguridad Web<\/li>\n<li style='margin-bottom: 5px;'><strong>VPN:<\/strong> OpenVPN&comma; IPSec&comma; PPTP&comma; L2TP<\/li>\n<\/ul><\/div>\n<\/p><\/div>\n<div style='flex: 1 1 250px; border: 1px solid rgba(150&comma; 150&comma; 150&comma; 0.4); border-radius: 8px; overflow: hidden; display: flex; flex-direction: column;'>\n<div style='padding: 15px; border-bottom: 1px solid rgba(150&comma; 150&comma; 150&comma; 0.2); font-weight: bold; font-size: 18px; color: inherit;'>Gesti\u00f3n<\/div>\n<div style='padding: 15px; color: inherit;'>\n<ul style='padding-left: 20px; margin: 0; font-size: 14px; list-style-type: disc;'>\n<li style='margin-bottom: 5px;'><strong>Gesti\u00f3n web:<\/strong> Mediante la nube es GRATUITA<\/li>\n<li style='margin-bottom: 5px;'><strong>Gesti\u00f3n centralizada:<\/strong> Mediante la Nube: <a href='https:\/\/manage.alta.inc' style='color: inherit; text-decoration: underline;' target='_blank'>P\u00e1gina Alta Labs<\/a><\/li>\n<li style='margin-bottom: 5px;'><strong>Bot\u00f3n Reset:<\/strong> S\u00ed<\/li>\n<\/ul><\/div>\n<\/p><\/div>\n<div style='flex: 1 1 250px; border: 1px solid rgba(150&comma; 150&comma; 150&comma; 0.4); border-radius: 8px; overflow: hidden; display: flex; flex-direction: column;'>\n<div style='padding: 15px; border-bottom: 1px solid rgba(150&comma; 150&comma; 150&comma; 0.2); font-weight: bold; font-size: 18px; color: inherit;'>F\u00edsico<\/div>\n<div style='padding: 15px; color: inherit;'>\n<ul style='padding-left: 20px; margin: 0; font-size: 14px; list-style-type: disc;'>\n<li style='margin-bottom: 5px;'><strong>Dimensiones:<\/strong> 180 x 110 x 29.8 mm<\/li>\n<\/ul><\/div>\n<\/p><\/div>\n<div style='flex: 1 1 250px; border: 1px solid rgba(150&comma; 150&comma; 150&comma; 0.4); border-radius: 8px; overflow: hidden; display: flex; flex-direction: column;'>\n<div style='padding: 15px; border-bottom: 1px solid rgba(150&comma; 150&comma; 150&comma; 0.2); font-weight: bold; font-size: 18px; color: inherit;'>Garant\u00eda y Contenido<\/div>\n<div style='padding: 15px; color: inherit;'>\n<ul style='padding-left: 20px; margin: 0; font-size: 14px; list-style-type: disc;'>\n<li style='margin-bottom: 5px;'><strong>Garant\u00eda:<\/strong> 3 a\u00f1os<\/li>\n<li style='margin-bottom: 5px;'><strong>Contenido del Paquete:<\/strong> Route10&comma; Adaptador de corriente&comma; Cable Ethernet&comma; Gu\u00eda de instalaci\u00f3n<\/li>\n<\/ul><\/div>\n<\/p><\/div>\n<\/p><\/div>\n<p> <!-- Separador --> <\/p>\n<hr style='border: 0; border-top: 1px solid rgba(150&comma; 150&comma; 150&comma; 0.3); margin: 30px 0;'> <\/div>\n","protected":false},"excerpt":{"rendered":"<p>Router VPN \/ 4 puertos 10\/100\/1000\/2500 Gbps (2 puertos PoE af\/at) \/ 2 puertos SFP+ 10Gbps \/ Filtrado Avanzado DPI: Bloqueo de Contenido \/ Administraci\u00f3n nube gratuita \/ Soporta UPnP<\/p>\n","protected":false},"featured_media":82950,"comment_status":"open","ping_status":"closed","template":"","meta":[],"product_brand":[],"product_cat":[1986],"product_tag":[2148,664,1987],"class_list":{"0":"post-82951","1":"product","2":"type-product","3":"status-publish","4":"has-post-thumbnail","6":"product_cat-switches-poe","7":"product_tag-alta-labs","8":"product_tag-networking","9":"product_tag-switches-poe","11":"first","12":"instock","13":"sale","14":"shipping-taxable","15":"purchasable","16":"product-type-simple"},"_links":{"self":[{"href":"https:\/\/soydeaqui.ddns.net\/pachuca\/index.php\/wp-json\/wp\/v2\/product\/82951","targetHints":{"allow":["GET"]}}],"collection":[{"href":"https:\/\/soydeaqui.ddns.net\/pachuca\/index.php\/wp-json\/wp\/v2\/product"}],"about":[{"href":"https:\/\/soydeaqui.ddns.net\/pachuca\/index.php\/wp-json\/wp\/v2\/types\/product"}],"replies":[{"embeddable":true,"href":"https:\/\/soydeaqui.ddns.net\/pachuca\/index.php\/wp-json\/wp\/v2\/comments?post=82951"}],"wp:featuredmedia":[{"embeddable":true,"href":"https:\/\/soydeaqui.ddns.net\/pachuca\/index.php\/wp-json\/wp\/v2\/media\/82950"}],"wp:attachment":[{"href":"https:\/\/soydeaqui.ddns.net\/pachuca\/index.php\/wp-json\/wp\/v2\/media?parent=82951"}],"wp:term":[{"taxonomy":"product_brand","embeddable":true,"href":"https:\/\/soydeaqui.ddns.net\/pachuca\/index.php\/wp-json\/wp\/v2\/product_brand?post=82951"},{"taxonomy":"product_cat","embeddable":true,"href":"https:\/\/soydeaqui.ddns.net\/pachuca\/index.php\/wp-json\/wp\/v2\/product_cat?post=82951"},{"taxonomy":"product_tag","embeddable":true,"href":"https:\/\/soydeaqui.ddns.net\/pachuca\/index.php\/wp-json\/wp\/v2\/product_tag?post=82951"}],"curies":[{"name":"wp","href":"https:\/\/api.w.org\/{rel}","templated":true}]}}