{"id":82806,"date":"2026-03-19T19:41:31","date_gmt":"2026-03-19T19:41:31","guid":{"rendered":"https:\/\/soydeaqui.ddns.net\/pachuca\/index.php\/producto\/intercomunicador-ip-altavoz-10w-2-relevadores-con-boton-para-llamada-anti-vandalico-ip66-e-ik10-poe\/"},"modified":"2026-03-19T19:41:37","modified_gmt":"2026-03-19T19:41:37","slug":"intercomunicador-ip-altavoz-10w-2-relevadores-con-boton-para-llamada-anti-vandalico-ip66-e-ik10-poe","status":"publish","type":"product","link":"https:\/\/soydeaqui.ddns.net\/pachuca\/index.php\/producto\/intercomunicador-ip-altavoz-10w-2-relevadores-con-boton-para-llamada-anti-vandalico-ip66-e-ik10-poe\/","title":{"rendered":"Intercomunicador IP, Altavoz 10W, 2 relevadores con bot\u00f3n para llamada, anti-vand\u00e1lico, IP66 e IK10, PoE"},"content":{"rendered":"<div style='width: 100%; max-width: 1200px; margin: 0 auto; font-family: sans-serif; line-height: 1.6; color: inherit; background-color: transparent;'> <!-- Encabezado del producto --> <\/p>\n<div style='background-color: #cb3234; color: white; text-align: center; padding: 30px 15px;'>\n<h1 style='margin: 0; font-size: 32px; font-family: inherit; color: inherit;'>Fanvil A12 \u2013 Intercomunicador IP de Alta Resistencia<\/h1>\n<p style='margin: 0; font-size: 18px; font-family: inherit; color: inherit;'>Audio Potente 10W | Protecci\u00f3n IP66 &#038; IK10 | Alarma Antimanipulaci\u00f3n<\/p>\n<\/p><\/div>\n<p> <!-- Descripci\u00f3n general --> <\/p>\n<div style='max-width: 1100px; margin: 20px auto; padding: 20px; font-family: inherit; color: inherit;'>\n<h2 style='color: #cb3234; font-size: 24px; margin-top: 0;'>Descripci\u00f3n General<\/h2>\n<p style='font-size: 16px; line-height: 1.6; text-align: justify; color: inherit;'> El <strong style='color: inherit;'>intercomunicador de audio Fanvil A12<\/strong> es un dispositivo robusto y moderno&comma; equipado con un altavoz de <strong style='color: inherit;'>10W<\/strong> y una c\u00e1mara de sonido turbo que proporciona un audio claro y potente. Su tecnolog\u00eda de <strong style='color: inherit;'>reducci\u00f3n de ruido con doble micr\u00f3fono<\/strong> garantiza una comunicaci\u00f3n n\u00edtida incluso en entornos ruidosos. Su dise\u00f1o con <strong style='color: inherit;'>estructura de aleaci\u00f3n de aluminio<\/strong> y panel de acero inoxidable asegura una alta resistencia contra agua&comma; polvo y vandalismo. <\/p>\n<p> <!-- Video embebido --> <\/p>\n<div style='position: relative; padding-bottom: 56.25%; height: 0; overflow: hidden; margin: 30px 0;'>   <\/div>\n<p> <!-- Caracter\u00edsticas t\u00e9cnicas --> <\/p>\n<div style='display: flex; flex-wrap: wrap; gap: 30px; margin-bottom: 30px;'> <!-- Principales --> <\/p>\n<div style='flex: 1 1 300px; min-width: 280px; background-color: #f9f9f9; border: 1px solid rgba(150&comma; 150&comma; 150&comma; 0.4); border-radius: 8px; overflow: hidden; display: flex; flex-direction: column;'>\n<div style='padding: 15px; border-bottom: 1px solid rgba(150&comma; 150&comma; 150&comma; 0.2); font-weight: bold; font-size: 18px; color: #cb3234;'>Caracter\u00edsticas Principales<\/div>\n<div style='padding: 15px; color: inherit;'>\n<ul style='padding-left: 20px; margin: 0; font-size: 14px; list-style-type: disc;'>\n<li style='margin-bottom: 5px;'>2 l\u00edneas SIP<\/li>\n<li style='margin-bottom: 5px;'>Bocina integrada de 10 W<\/li>\n<li style='margin-bottom: 5px;'>Cancelaci\u00f3n de eco (AEC)<\/li>\n<li style='margin-bottom: 5px;'>Resistencia IP66 e IK10<\/li>\n<li style='margin-bottom: 5px;'>Alarma contra manipulaci\u00f3n de carcasa<\/li>\n<li style='margin-bottom: 5px;'>Temperatura de operaci\u00f3n: -40\u00b0C a 70\u00b0C<\/li>\n<li style='margin-bottom: 5px;'>Compatible con Asterisk&comma; 3CX&comma; Broadsoft&comma; Avaya&comma; etc.<\/li>\n<li style='margin-bottom: 5px;'><strong style='color: inherit;'>Garant\u00eda: 3 a\u00f1os<\/strong><\/li>\n<\/ul><\/div>\n<\/p><\/div>\n<p> <!-- F\u00edsicas y el\u00e9ctricas --> <\/p>\n<div style='flex: 1 1 300px; min-width: 280px; background-color: #f9f9f9; border: 1px solid rgba(150&comma; 150&comma; 150&comma; 0.4); border-radius: 8px; overflow: hidden; display: flex; flex-direction: column;'>\n<div style='padding: 15px; border-bottom: 1px solid rgba(150&comma; 150&comma; 150&comma; 0.2); font-weight: bold; font-size: 18px; color: #cb3234;'>F\u00edsicas y El\u00e9ctricas<\/div>\n<div style='padding: 15px; color: inherit;'>\n<ul style='padding-left: 20px; margin: 0; font-size: 14px; list-style-type: disc;'>\n<li style='margin-bottom: 5px;'>Alimentaci\u00f3n PoE 802.3af o 12V DC (1A)<\/li>\n<li style='margin-bottom: 5px;'>Montaje en pared<\/li>\n<li style='margin-bottom: 5px;'>Material: Aleaci\u00f3n de aluminio<\/li>\n<li style='margin-bottom: 5px;'>Protecci\u00f3n IP66 contra agua y polvo<\/li>\n<li style='margin-bottom: 5px;'>Resistencia IK10 a impactos<\/li>\n<li style='margin-bottom: 5px;'>Dimensiones: 205 x 120 x 47 mm<\/li>\n<li style='margin-bottom: 5px;'>Peso: 1.134 Kg<\/li>\n<li style='margin-bottom: 5px;'>Puerto RJ45 x1<\/li>\n<\/ul><\/div>\n<\/p><\/div>\n<p> <!-- Red --> <\/p>\n<div style='flex: 1 1 300px; min-width: 280px; background-color: #f9f9f9; border: 1px solid rgba(150&comma; 150&comma; 150&comma; 0.4); border-radius: 8px; overflow: hidden; display: flex; flex-direction: column;'>\n<div style='padding: 15px; border-bottom: 1px solid rgba(150&comma; 150&comma; 150&comma; 0.2); font-weight: bold; font-size: 18px; color: #cb3234;'>Conectividad de Red<\/div>\n<div style='padding: 15px; color: inherit;'>\n<ul style='padding-left: 20px; margin: 0; font-size: 14px; list-style-type: disc;'>\n<li style='margin-bottom: 5px;'>Puerto Ethernet 10\/100 Mbps<\/li>\n<li style='margin-bottom: 5px;'>VPN: L2TP \/ OpenVPN<\/li>\n<li style='margin-bottom: 5px;'>Soporte VLAN<\/li>\n<li style='margin-bottom: 5px;'>Calidad de Servicio (QoS)<\/li>\n<\/ul><\/div>\n<\/p><\/div>\n<\/p><\/div>\n<p> <!-- Galer\u00eda de im\u00e1genes --> <\/p>\n<h2 style='color: #cb3234; font-size: 24px; margin-top: 40px; margin-bottom: 20px;'>Galer\u00eda de Im\u00e1genes<\/h2>\n<div style='display: flex; flex-direction: column; align-items: center; gap: 30px; margin-bottom: 30px;'> <img style='width: 100%; max-width: 1000px; height: auto; border: 1px solid rgba(150&comma;150&comma;150&comma;0.3); border-radius: 8px;' src='https:\/\/ftp3.syscom.mx\/usuarios\/fotos\/A12F\/234008-a121_(1).jpg' alt='Fanvil A12 imagen 1'> <img style='width: 100%; max-width: 1000px; height: auto; border: 1px solid rgba(150&comma;150&comma;150&comma;0.3); border-radius: 8px;' src='https:\/\/ftp3.syscom.mx\/usuarios\/fotos\/A12F\/234008-a122_(1).jpg' alt='Fanvil A12 imagen 2'> <img style='width: 100%; max-width: 1000px; height: auto; border: 1px solid rgba(150&comma;150&comma;150&comma;0.3); border-radius: 8px;' src='https:\/\/ftp3.syscom.mx\/usuarios\/fotos\/A12F\/234008-a123_(1).jpg' alt='Fanvil A12 imagen 3'> <img style='width: 100%; max-width: 1000px; height: auto; border: 1px solid rgba(150&comma;150&comma;150&comma;0.3); border-radius: 8px;' src='https:\/\/ftp3.syscom.mx\/usuarios\/fotos\/A12F\/234008-a124_(1).jpg' alt='Fanvil A12 imagen 4'> <\/div>\n<\/p><\/div>\n<\/p><\/div>\n","protected":false},"excerpt":{"rendered":"<p>Intercomunicador IP, Altavoz 10W, 2 relevadores con bot\u00f3n para llamada, anti-vand\u00e1lico, IP66 e IK10, PoE<\/p>\n","protected":false},"featured_media":82805,"comment_status":"open","ping_status":"closed","template":"","meta":[],"product_brand":[],"product_cat":[2113],"product_tag":[2114,859,2004],"class_list":{"0":"post-82806","1":"product","2":"type-product","3":"status-publish","4":"has-post-thumbnail","6":"product_cat-audio-video-porteros-ip","7":"product_tag-audio-video-porteros-ip","8":"product_tag-fanvil","9":"product_tag-voip-telefonia-ip-videoconferencia","11":"first","12":"outofstock","13":"sale","14":"shipping-taxable","15":"purchasable","16":"product-type-simple"},"_links":{"self":[{"href":"https:\/\/soydeaqui.ddns.net\/pachuca\/index.php\/wp-json\/wp\/v2\/product\/82806","targetHints":{"allow":["GET"]}}],"collection":[{"href":"https:\/\/soydeaqui.ddns.net\/pachuca\/index.php\/wp-json\/wp\/v2\/product"}],"about":[{"href":"https:\/\/soydeaqui.ddns.net\/pachuca\/index.php\/wp-json\/wp\/v2\/types\/product"}],"replies":[{"embeddable":true,"href":"https:\/\/soydeaqui.ddns.net\/pachuca\/index.php\/wp-json\/wp\/v2\/comments?post=82806"}],"wp:featuredmedia":[{"embeddable":true,"href":"https:\/\/soydeaqui.ddns.net\/pachuca\/index.php\/wp-json\/wp\/v2\/media\/82805"}],"wp:attachment":[{"href":"https:\/\/soydeaqui.ddns.net\/pachuca\/index.php\/wp-json\/wp\/v2\/media?parent=82806"}],"wp:term":[{"taxonomy":"product_brand","embeddable":true,"href":"https:\/\/soydeaqui.ddns.net\/pachuca\/index.php\/wp-json\/wp\/v2\/product_brand?post=82806"},{"taxonomy":"product_cat","embeddable":true,"href":"https:\/\/soydeaqui.ddns.net\/pachuca\/index.php\/wp-json\/wp\/v2\/product_cat?post=82806"},{"taxonomy":"product_tag","embeddable":true,"href":"https:\/\/soydeaqui.ddns.net\/pachuca\/index.php\/wp-json\/wp\/v2\/product_tag?post=82806"}],"curies":[{"name":"wp","href":"https:\/\/api.w.org\/{rel}","templated":true}]}}