{"id":82797,"date":"2026-03-19T19:41:07","date_gmt":"2026-03-19T19:41:07","guid":{"rendered":"https:\/\/soydeaqui.ddns.net\/pachuca\/index.php\/producto\/cloud-router-switch-4-puertos-10gbps-montaje-en-pared-o-riel-din\/"},"modified":"2026-03-19T19:41:16","modified_gmt":"2026-03-19T19:41:16","slug":"cloud-router-switch-4-puertos-10gbps-montaje-en-pared-o-riel-din","status":"publish","type":"product","link":"https:\/\/soydeaqui.ddns.net\/pachuca\/index.php\/producto\/cloud-router-switch-4-puertos-10gbps-montaje-en-pared-o-riel-din\/","title":{"rendered":"Cloud Router Switch \/ 4 puertos 10Gbps \/ Montaje en pared o Riel Din"},"content":{"rendered":"<div style='width: 100%; max-width: 1200px; margin: 0 auto; font-family: sans-serif; line-height: 1.6; color: inherit; background-color: transparent;'>\n<div style='display: flex; flex-wrap: wrap; gap: 30px; margin-bottom: 30px;'>\n<div style='flex: 1 1 300px; min-width: 280px;'> <img style='width: 100%; height: auto; border: 1px solid rgba(150&comma;150&comma;150&comma;0.3); border-radius: 8px;' src='http:\/\/ftp3.syscom.mx\/usuarios\/ftp\/2025\/06\/04\/2676\/1749058116267.png_froala_6840824508d9a' alt=''> <\/div>\n<\/p><\/div>\n<div style='display: flex; flex-wrap: wrap; gap: 30px; margin-bottom: 30px;'>\n<div style='flex: 1 1 300px; min-width: 280px;'>\n<h3 style='font-size: 22px; border-bottom: 2px solid currentColor; padding-bottom: 5px; margin-top: 0; color: inherit; opacity: 0.8;'>Descripci\u00f3n<\/h3>\n<p style='font-size: 15px; color: inherit;'>Presentamos el CRS304-4XG-IN: un switch Ethernet de 10 Gigabit compacto pero de alta capacidad&comma; dise\u00f1ado para simplificar la configuraci\u00f3n de su red. A diferencia de los productos 10 Gigabit t\u00edpicos&comma; el nuevo CRS304 est\u00e1 equipado con cuatro puertos Ethernet de 10 Gigabit listos para usar. As\u00ed es: no necesita m\u00f3dulos SFP adicionales&comma; \u00a1solo plug and play! Adem\u00e1s&comma; incluye un puerto Ethernet Gigabit adicional para fines de gesti\u00f3n.<\/p>\n<p style='font-size: 15px; color: inherit;'><strong style='font-weight: bold; font-size: larger;'>Dise\u00f1o innovador y funcionamiento silencioso<\/strong><\/p>\n<p style='font-size: 15px; color: inherit;'>El CRS304 cuenta con una carcasa que tambi\u00e9n funciona como un disipador de calor robusto y ligero&comma; eliminando la necesidad de refrigeraci\u00f3n activa. Este dise\u00f1o sin ventilador garantiza un funcionamiento silencioso&comma; lo que lo hace ideal para cualquier entorno donde el ruido sea un problema: oficinas&comma; bibliotecas o incluso el laboratorio de tu dormitorio. Su robusto dise\u00f1o proporciona una sensaci\u00f3n premium&comma; equilibrando peso c\u00f3modo y durabilidad&comma; todo a un precio accesible.<\/p>\n<p style='font-size: 15px; color: inherit;'><strong style='font-weight: bold; font-size: larger;'>Opciones de montaje vers\u00e1tiles<\/strong><\/p>\n<p style='font-size: 15px; color: inherit;'>Este interruptor incluye un pr\u00e1ctico soporte de riel DIN lateral y puntos de fijaci\u00f3n con tornillos est\u00e1ndar en la parte posterior&comma; lo que permite una integraci\u00f3n perfecta pr\u00e1cticamente en cualquier lugar. Adem\u00e1s&comma; el soporte de riel DIN lateral se puede mover a la parte posterior del interruptor.<\/p>\n<p style='font-size: 15px; color: inherit;'><strong style='font-weight: bold; font-size: larger;'>M\u00faltiples opciones de alimentaci\u00f3n para m\u00e1xima confiabilidad<\/strong><\/p>\n<p style='font-size: 15px; color: inherit;'>La redundancia de alimentaci\u00f3n es una caracter\u00edstica clave del CRS304. Ofrece cuatro opciones de entrada de alimentaci\u00f3n: dos conectores de CC&comma; un terminal de 2 pines y una entrada PoE. El conmutador selecciona autom\u00e1ticamente la fuente de alimentaci\u00f3n con el voltaje m\u00e1s alto&comma; lo que garantiza un funcionamiento ininterrumpido.<\/p>\n<p style='font-size: 15px; color: inherit;'><strong style='font-weight: bold; font-size: larger;'>Marco peque\u00f1o&comma; caza mayor<\/strong><\/p>\n<p style='font-size: 15px; color: inherit;'>Equipado con una CPU ARM de doble n\u00facleo y el potente chip de conmutaci\u00f3n Marvell Prestera&comma; el CRS304 ofrece un rendimiento excepcional para su peque\u00f1o tama\u00f1o. Reenv\u00edo puerto a puerto&comma; control de tormentas de difusi\u00f3n&comma; filtrado MAC&comma; VLAN&comma; duplicaci\u00f3n de tr\u00e1fico&comma; limitaciones de ancho de banda e incluso descarga de hardware de capa 3: \u00a1el CRS304-4XG-IN no tiene ning\u00fan problema!<\/p>\n<p style='font-size: 15px; color: inherit;'><strong style='font-weight: bold; font-size: larger;'>Su sala de servidores de mochila<\/strong><\/p>\n<p style='font-size: 15px; color: inherit;'>El compacto formato del CRS304 y su mayor durabilidad lo convierten en la opci\u00f3n ideal tanto para aplicaciones fijas como m\u00f3viles. Col\u00f3quelo en su escritorio o ll\u00e9velo en su mochila para conectar redes en cualquier lugar: este es un switch imprescindible para cualquier administrador de red.<\/p>\n<\/p><\/div>\n<\/p><\/div>\n<div style='position: relative; padding-bottom: 56.25%; height: 0; overflow: hidden; margin-bottom: 30px;'>   <\/div>\n<hr style='border: 0; border-top: 1px solid rgba(150&comma; 150&comma; 150&comma; 0.3); margin: 30px 0;'>\n<div style='display: flex; flex-wrap: wrap; gap: 20px; margin-bottom: 30px;'>\n<div style='flex: 1 1 250px; border: 1px solid rgba(150&comma; 150&comma; 150&comma; 0.4); border-radius: 8px; overflow: hidden; display: flex; flex-direction: column;'>\n<div style='padding: 15px; border-bottom: 1px solid rgba(150&comma; 150&comma; 150&comma; 0.2); font-weight: bold; font-size: 18px; color: inherit;'>Presupuesto<\/div>\n<div style='padding: 15px; color: inherit;'>\n<ul style='padding-left: 20px; margin: 0; font-size: 14px; list-style-type: disc;'>\n<li style='margin-bottom: 5px;'><strong>C\u00f3digo de producto:<\/strong> CRS304-4XG-IN<\/li>\n<li style='margin-bottom: 5px;'><strong>Arquitectura:<\/strong> ARM de 64 bits<\/li>\n<li style='margin-bottom: 5px;'><strong>UPC:<\/strong> 98DX2528<\/li>\n<li style='margin-bottom: 5px;'><strong>N\u00famero de n\u00facleos de CPU:<\/strong> 2<\/li>\n<li style='margin-bottom: 5px;'><strong>Frecuencia nominal de la CPU:<\/strong> 1200 MHz<\/li>\n<li style='margin-bottom: 5px;'><strong>Modelo de chip de conmutaci\u00f3n:<\/strong> 98DX2528<\/li>\n<li style='margin-bottom: 5px;'><strong>Licencia de RouterOS:<\/strong> 5<\/li>\n<li style='margin-bottom: 5px;'><strong>Sistema operativo:<\/strong> <a style='color: inherit; text-decoration: underline;' href='https:\/\/help.mikrotik.com\/docs\/display\/ROS\/RouterOS' target='_blank' rel='noopener'>RouterOS v7<\/a><\/li>\n<li style='margin-bottom: 5px;'><strong>Tama\u00f1o de RAM:<\/strong> 512 MB<\/li>\n<li style='margin-bottom: 5px;'><strong>Tama\u00f1o de almacenamiento:<\/strong> 32 MB<\/li>\n<li style='margin-bottom: 5px;'><strong>Tipo de almacenamiento:<\/strong> DESTELLO<\/li>\n<li style='margin-bottom: 5px;'><strong>Tiempo medio entre fallos:<\/strong> Aproximadamente 200.000 horas a 25 \u00b0C<\/li>\n<li style='margin-bottom: 5px;'><strong>Temperatura ambiente probada:<\/strong> -40\u00b0C a 70\u00b0C<\/li>\n<\/ul><\/div>\n<\/p><\/div>\n<div style='flex: 1 1 250px; border: 1px solid rgba(150&comma; 150&comma; 150&comma; 0.4); border-radius: 8px; overflow: hidden; display: flex; flex-direction: column;'>\n<div style='padding: 15px; border-bottom: 1px solid rgba(150&comma; 150&comma; 150&comma; 0.2); font-weight: bold; font-size: 18px; color: inherit;'>Alimentando<\/div>\n<div style='padding: 15px; color: inherit;'>\n<ul style='padding-left: 20px; margin: 0; font-size: 14px; list-style-type: disc;'>\n<li style='margin-bottom: 5px;'><strong>N\u00famero de entradas de CC:<\/strong> 4 (conector de CC&comma; PoE-IN&comma; terminal de 2 pines)<\/li>\n<li style='margin-bottom: 5px;'><strong>Voltaje de entrada del conector de CC:<\/strong> 12-57 V \/ 12-57 V<\/li>\n<li style='margin-bottom: 5px;'><strong>Voltaje de entrada del terminal de 2 pines:<\/strong> 12-57 V<\/li>\n<li style='margin-bottom: 5px;'><strong>Consumo m\u00e1ximo de energ\u00eda:<\/strong> 21 Oeste<\/li>\n<li style='margin-bottom: 5px;'><strong>Consumo m\u00e1ximo de energ\u00eda sin accesorios:<\/strong> 15 W<\/li>\n<li style='margin-bottom: 5px;'><strong>Tipo de enfriamiento:<\/strong> Pasivo<\/li>\n<li style='margin-bottom: 5px;'><strong>PoE en:<\/strong> 802.3af\/at<\/li>\n<li style='margin-bottom: 5px;'><strong>PoE en voltaje de entrada:<\/strong> 36-57 V<\/li>\n<\/ul><\/div>\n<\/p><\/div>\n<div style='flex: 1 1 250px; border: 1px solid rgba(150&comma; 150&comma; 150&comma; 0.4); border-radius: 8px; overflow: hidden; display: flex; flex-direction: column;'>\n<div style='padding: 15px; border-bottom: 1px solid rgba(150&comma; 150&comma; 150&comma; 0.2); font-weight: bold; font-size: 18px; color: inherit;'>Ethernet<\/div>\n<div style='padding: 15px; color: inherit;'>\n<ul style='padding-left: 20px; margin: 0; font-size: 14px; list-style-type: disc;'>\n<li style='margin-bottom: 5px;'><strong>Puertos Ethernet 10\/100\/1000:<\/strong> 1<\/li>\n<li style='margin-bottom: 5px;'><strong>N\u00famero de puertos Ethernet 1G\/2&comma;5G\/5G\/10G:<\/strong> 4<\/li>\n<\/ul><\/div>\n<\/p><\/div>\n<\/p><\/div>\n<\/p><\/div>\n","protected":false},"excerpt":{"rendered":"<p>Cloud Router Switch \/ 4 puertos 10Gbps \/ Montaje en pared o Riel Din<\/p>\n","protected":false},"featured_media":82796,"comment_status":"open","ping_status":"closed","template":"","meta":[],"product_brand":[],"product_cat":[1970],"product_tag":[643,664,1971],"class_list":{"0":"post-82797","1":"product","2":"type-product","3":"status-publish","4":"has-post-thumbnail","6":"product_cat-switches","7":"product_tag-mikrotik","8":"product_tag-networking","9":"product_tag-switches","11":"first","12":"outofstock","13":"sale","14":"shipping-taxable","15":"purchasable","16":"product-type-simple"},"_links":{"self":[{"href":"https:\/\/soydeaqui.ddns.net\/pachuca\/index.php\/wp-json\/wp\/v2\/product\/82797","targetHints":{"allow":["GET"]}}],"collection":[{"href":"https:\/\/soydeaqui.ddns.net\/pachuca\/index.php\/wp-json\/wp\/v2\/product"}],"about":[{"href":"https:\/\/soydeaqui.ddns.net\/pachuca\/index.php\/wp-json\/wp\/v2\/types\/product"}],"replies":[{"embeddable":true,"href":"https:\/\/soydeaqui.ddns.net\/pachuca\/index.php\/wp-json\/wp\/v2\/comments?post=82797"}],"wp:featuredmedia":[{"embeddable":true,"href":"https:\/\/soydeaqui.ddns.net\/pachuca\/index.php\/wp-json\/wp\/v2\/media\/82796"}],"wp:attachment":[{"href":"https:\/\/soydeaqui.ddns.net\/pachuca\/index.php\/wp-json\/wp\/v2\/media?parent=82797"}],"wp:term":[{"taxonomy":"product_brand","embeddable":true,"href":"https:\/\/soydeaqui.ddns.net\/pachuca\/index.php\/wp-json\/wp\/v2\/product_brand?post=82797"},{"taxonomy":"product_cat","embeddable":true,"href":"https:\/\/soydeaqui.ddns.net\/pachuca\/index.php\/wp-json\/wp\/v2\/product_cat?post=82797"},{"taxonomy":"product_tag","embeddable":true,"href":"https:\/\/soydeaqui.ddns.net\/pachuca\/index.php\/wp-json\/wp\/v2\/product_tag?post=82797"}],"curies":[{"name":"wp","href":"https:\/\/api.w.org\/{rel}","templated":true}]}}