{"id":82786,"date":"2026-03-19T19:40:39","date_gmt":"2026-03-19T19:40:39","guid":{"rendered":"https:\/\/soydeaqui.ddns.net\/pachuca\/index.php\/producto\/fusionadora-de-fibra-ptica-multimodo-y-monomodo-6-motores-alineacin-por-ncleo-opm-vfl-cleaver-elctrico-de-un-solo-paso-capacitacin-remota-gratuita\/"},"modified":"2026-03-19T19:40:51","modified_gmt":"2026-03-19T19:40:51","slug":"fusionadora-de-fibra-ptica-multimodo-y-monomodo-6-motores-alineacin-por-ncleo-opm-vfl-cleaver-elctrico-de-un-solo-paso-capacitacin-remota-gratuita","status":"publish","type":"product","link":"https:\/\/soydeaqui.ddns.net\/pachuca\/index.php\/producto\/fusionadora-de-fibra-ptica-multimodo-y-monomodo-6-motores-alineacin-por-ncleo-opm-vfl-cleaver-elctrico-de-un-solo-paso-capacitacin-remota-gratuita\/","title":{"rendered":"Fusionadora de Fibra ?ptica Multimodo y Monomodo \/ 6 Motores \/ Alineaci?n por N?cleo \/ OPM + VFL \/ Cleaver El?ctrico de un Solo Paso \/ Capacitaci?n Remota Gratuita"},"content":{"rendered":"<div style='width: 100%; max-width: 1200px; margin: 0 auto; font-family: sans-serif; line-height: 1.6; color: inherit; background-color: transparent;'> <!-- Secci\u00f3n de caracter\u00edsticas --> <\/p>\n<div style='display: flex; flex-wrap: wrap; gap: 30px; margin-bottom: 30px;'>\n<div style='flex: 1 1 300px; min-width: 280px;'>\n<h3 style='font-size: 22px; border-bottom: 2px solid currentColor; padding-bottom: 5px; margin-top: 0; color: inherit; opacity: 0.8;'>Caracter\u00edsticas principales<\/h3>\n<ul style='padding-left: 20px; font-size: 15px; color: inherit;'>\n<li style='margin-bottom: 5px;'><strong>Dimensiones:<\/strong> 225 \u00d7 165 \u00d7 185 mm (largo \u00d7 ancho \u00d7 alto) Solo la fusionadora sin caja.<\/li>\n<li style='margin-bottom: 5px;'><strong>6 Motores.<\/strong><\/li>\n<li style='margin-bottom: 5px;'><strong>Tiempo por empalme:<\/strong> 6 segundos.<\/li>\n<li style='margin-bottom: 5px;'><strong>Alineaci\u00f3n por n\u00facleo<\/strong><\/li>\n<li style='margin-bottom: 5px;'><strong>Hasta 240 empalme por cada ciclo de carga<\/strong><\/li>\n<li style='margin-bottom: 5px;'><strong>15 Segundos para calentar la manga de empalme.<\/strong><\/li>\n<\/ul><\/div>\n<div style='flex: 1 1 300px; min-width: 280px;'>\n<h3 style='font-size: 22px; border-bottom: 2px solid currentColor; padding-bottom: 5px; margin-top: 0; color: inherit; opacity: 0.8;'>Caracter\u00edsticas F\u00edsicas y El\u00e9ctricas<\/h3>\n<ul style='padding-left: 20px; font-size: 15px; color: inherit;'>\n<li style='margin-bottom: 5px;'><strong>Incluye una fuente de alimentaci\u00f3n.<\/strong><\/li>\n<li style='margin-bottom: 5px;'><strong>CA:<\/strong> 100~240V&comma; 50\/60Hz<\/li>\n<li style='margin-bottom: 5px;'><strong>Peso:<\/strong> 5.50 Kg.<\/li>\n<li style='margin-bottom: 5px;'><strong>Temperatura de operaci\u00f3n:<\/strong> -15 a 50\u00b0 C.<\/li>\n<li style='margin-bottom: 5px;'><strong>Pantalla:<\/strong> 5 pulgadas<\/li>\n<li style='margin-bottom: 5px;'><strong>VFL integrada:<\/strong> Longitud de ondas: 850nm&comma; 1300nm&comma; 1310nm&comma; 1490nm&comma; 1550nm&comma; y 1625nm<\/li>\n<li style='margin-bottom: 5px;'><strong>OPM integrada:<\/strong> 15mW<\/li>\n<li style='margin-bottom: 5px;'><strong>Idiomas:<\/strong> 10 idiomas disponibles&comma; entre ellos Espa\u00f1ol e Ingl\u00e9s<\/li>\n<\/ul><\/div>\n<div style='flex: 1 1 300px; min-width: 280px;'>\n<h3 style='font-size: 22px; border-bottom: 2px solid currentColor; padding-bottom: 5px; margin-top: 0; color: inherit; opacity: 0.8;'>Contenido del paquete<\/h3>\n<ul style='padding-left: 20px; font-size: 15px; color: inherit;'>\n<li style='margin-bottom: 5px;'>1 Case para transportar la fusionadora.<\/li>\n<li style='margin-bottom: 5px;'>2 Electrodos de repuesto.<\/li>\n<li style='margin-bottom: 5px;'>1 Desforradora (8 funciones en 1)<\/li>\n<li style='margin-bottom: 5px;'>1 Cinturon para la fusionadora<\/li>\n<li style='margin-bottom: 5px;'>1 Correa para case<\/li>\n<li style='margin-bottom: 5px;'>1 Dispensador para el alcohol isoprop\u00edlico (No Incluye el acohol&comma; se recomienda el modelo: <a href='https:\/\/www.syscom.mx\/producto\/ALCOHOL-SILIMEX-164414.html' style='color: inherit; text-decoration: underline;'>ALCOHOL<\/a>)<\/li>\n<li style='margin-bottom: 5px;'>1 Brocha peque\u00f1a<\/li>\n<li style='margin-bottom: 5px;'>1 Fuente de alimentaci\u00f3n<\/li>\n<li style='margin-bottom: 5px;'>2 Llaves allen<\/li>\n<li style='margin-bottom: 5px;'>5 A\u00f1os de garant\u00eda en la maquina&comma; en el cargador&comma; bater\u00eda y accesorios.<\/li>\n<\/ul><\/div>\n<\/p><\/div>\n<p> <!-- Video --> <\/p>\n<div style='margin: 30px 0; text-align: center;'>\n<h3 style='font-size: 24px; margin-bottom: 20px; color: inherit; opacity: 0.9;'>\u00bfC\u00f3mo utilizar mi fusionadora Linkedpro?<\/h3>\n<div style='position: relative; padding-bottom: 56.25%; height: 0; overflow: hidden; margin: 0 auto; max-width: 100%;'>   <\/div>\n<\/p><\/div>\n<p> <!-- Nota importante --> <\/p>\n<div style='margin-top: 30px; padding: 20px; border-left: 5px solid rgba(231&comma; 76&comma; 60&comma; 0.8); background-color: rgba(231&comma; 76&comma; 60&comma; 0.05); border-radius: 4px;'>\n<h4 style='font-size: 18px; color: rgba(231&comma; 76&comma; 60&comma; 0.9); margin-top: 0; margin-bottom: 10px;'>NOTA<\/h4>\n<p style='margin: 0; font-size: 14px; color: inherit;'> Antes de utilizar la fusionadora LP-FS-PRO-3000&comma; es indispensable realizar una carga inicial de la bater\u00eda de al menos 3 horas&comma; con el fin de garantizar el correcto funcionamiento del equipo. <\/p>\n<\/p><\/div>\n<p> <!-- Separador final --> <\/p>\n<hr style='border: 0; border-top: 1px solid rgba(150&comma; 150&comma; 150&comma; 0.3); margin: 30px 0;'> <\/div>\n","protected":false},"excerpt":{"rendered":"<p>Fusionadora de Fibra ?ptica Multimodo y Monomodo \/ 6 Motores \/ Alineaci?n por N?cleo \/ OPM + VFL \/ Cleaver El?ctrico de un Solo Paso \/ Capacitaci?n Remota Gratuita<\/p>\n","protected":false},"featured_media":82785,"comment_status":"open","ping_status":"closed","template":"","meta":[],"product_brand":[],"product_cat":[636],"product_tag":[611,25,435],"class_list":{"0":"post-82786","1":"product","2":"type-product","3":"status-publish","4":"has-post-thumbnail","6":"product_cat-herramientas-fibra-optica","7":"product_tag-fibra-optica","8":"product_tag-herramientas","9":"product_tag-linkedpro-by-epcom","11":"first","12":"instock","13":"sale","14":"shipping-taxable","15":"purchasable","16":"product-type-simple"},"_links":{"self":[{"href":"https:\/\/soydeaqui.ddns.net\/pachuca\/index.php\/wp-json\/wp\/v2\/product\/82786","targetHints":{"allow":["GET"]}}],"collection":[{"href":"https:\/\/soydeaqui.ddns.net\/pachuca\/index.php\/wp-json\/wp\/v2\/product"}],"about":[{"href":"https:\/\/soydeaqui.ddns.net\/pachuca\/index.php\/wp-json\/wp\/v2\/types\/product"}],"replies":[{"embeddable":true,"href":"https:\/\/soydeaqui.ddns.net\/pachuca\/index.php\/wp-json\/wp\/v2\/comments?post=82786"}],"wp:featuredmedia":[{"embeddable":true,"href":"https:\/\/soydeaqui.ddns.net\/pachuca\/index.php\/wp-json\/wp\/v2\/media\/82785"}],"wp:attachment":[{"href":"https:\/\/soydeaqui.ddns.net\/pachuca\/index.php\/wp-json\/wp\/v2\/media?parent=82786"}],"wp:term":[{"taxonomy":"product_brand","embeddable":true,"href":"https:\/\/soydeaqui.ddns.net\/pachuca\/index.php\/wp-json\/wp\/v2\/product_brand?post=82786"},{"taxonomy":"product_cat","embeddable":true,"href":"https:\/\/soydeaqui.ddns.net\/pachuca\/index.php\/wp-json\/wp\/v2\/product_cat?post=82786"},{"taxonomy":"product_tag","embeddable":true,"href":"https:\/\/soydeaqui.ddns.net\/pachuca\/index.php\/wp-json\/wp\/v2\/product_tag?post=82786"}],"curies":[{"name":"wp","href":"https:\/\/api.w.org\/{rel}","templated":true}]}}