{"id":8257,"date":"2026-03-18T07:06:42","date_gmt":"2026-03-18T07:06:42","guid":{"rendered":"https:\/\/soydeaqui.ddns.net\/pachuca\/index.php\/producto\/sensor-de-seguridad-perimetral-de-1-zona-deteccion-por-fibra-optica-sensitiva-0-a-5-km-de-proteccion\/"},"modified":"2026-03-18T07:06:42","modified_gmt":"2026-03-18T07:06:42","slug":"sensor-de-seguridad-perimetral-de-1-zona-deteccion-por-fibra-optica-sensitiva-0-a-5-km-de-proteccion","status":"publish","type":"product","link":"https:\/\/soydeaqui.ddns.net\/pachuca\/index.php\/producto\/sensor-de-seguridad-perimetral-de-1-zona-deteccion-por-fibra-optica-sensitiva-0-a-5-km-de-proteccion\/","title":{"rendered":"Sensor de Seguridad Perimetral de 1 Zona\/Detecci\u00f3n por Fibra \u00d3ptica Sensitiva\/ 0 a 5 Km de protecci\u00f3n"},"content":{"rendered":"<div style='width: 100%; max-width: 1200px; margin: 0 auto; font-family: sans-serif; line-height: 1.6; color: inherit; background-color: transparent;'> <!-- Logo --> <\/p>\n<div style='margin-bottom: 20px;'> <img style='width: 100%; max-width: 480px; height: auto; border: 1px solid rgba(150&comma;150&comma;150&comma;0.3); border-radius: 8px;' src='https:\/\/www.fibersensys.com\/images\/logos\/FiberSenSys-Optex-Logo.png' alt='Logo FiberSenSys-Optex'> <\/div>\n<p> <!-- Informaci\u00f3n principal --> <\/p>\n<div style='display: flex; flex-wrap: wrap; gap: 30px; margin-bottom: 30px;'>\n<div style='flex: 1 1 300px; min-width: 280px;'> <img style='width: 100%; height: auto; border: 1px solid rgba(150&comma;150&comma;150&comma;0.3); border-radius: 8px;' src='https:\/\/www.calytel.com\/Files\/110195\/Img\/19\/redfiber-1-en-630.jpg' alt='Sensor Perimetral FD331'> <\/div>\n<div style='flex: 1 1 400px; min-width: 300px;'>\n<h2 style='font-size: 24px; margin-top: 0; color: inherit;'>Sensor Perimetral de Fiber Sensys &#8216;FD331&#8217;<\/h2>\n<p style='text-align: justify; font-size: 15px; color: inherit;'>La unidad de procesamiento de alarmas (APU) de la serie FD33X\u2122 proporciona protecci\u00f3n de zona para instalaciones de cable de sensor de uno o dos canales y detecci\u00f3n mejorada de intrusos. Una valla perimetral o una zona de detecci\u00f3n de pared se puede complementar con otras zonas de pared\/valla utilizando el segundo canal. El <strong>FD331<\/strong> es un sistema de <strong>una zona<\/strong> que garantiza que los costes generales del sistema&comma; la energ\u00eda necesaria y los requisitos de comunicaci\u00f3n de la alarma sean muy bajos en comparaci\u00f3n con usar dos procesadores de alarmas por separado.<\/p>\n<\/p><\/div>\n<\/p><\/div>\n<p> <!-- Imagen secundaria --> <\/p>\n<div style='margin-bottom: 30px;'> <img style='width: 100%; max-width: 800px; height: auto; border: 1px solid rgba(150&comma;150&comma;150&comma;0.3); border-radius: 8px;' src='https:\/\/cdn.securityinfowatch.com\/files\/base\/cygnus\/siw\/image\/2015\/02\/960w\/fd322_kit.54ecfc20b83c9.jpg' alt='Sensor FD331'> <\/div>\n<p> <!-- Especificaciones principales --> <\/p>\n<div style='text-align: center; margin-bottom: 30px;'>\n<h1 style='font-size: 28px; color: inherit; margin: 0;'><span style='color: inherit;'>5 Kilometros de Fibra Optica Sensitiva<\/span><br \/><small style='display: block; font-size: 16px; color: inherit; opacity: 0.7;'>1 Zonas de Proteccion<\/small><\/h1>\n<\/p><\/div>\n<p> <!-- Secci\u00f3n de especificaciones --> <\/p>\n<div style='display: flex; flex-wrap: wrap; gap: 20px; margin-bottom: 30px;'>\n<div style='flex: 1 1 300px; border: 1px solid rgba(150&comma; 150&comma; 150&comma; 0.4); border-radius: 8px; overflow: hidden; display: flex; flex-direction: column;'>\n<div style='padding: 15px; border-bottom: 1px solid rgba(150&comma; 150&comma; 150&comma; 0.2); font-weight: bold; font-size: 18px; color: inherit;'>Caracteristicas Principales<\/div>\n<div style='padding: 15px; color: inherit;'>\n<ul style='padding-left: 20px; margin: 0; font-size: 14px; list-style-type: disc;'>\n<li style='margin-bottom: 5px; text-align: justify;'><strong>Una zona<\/strong> totalmente independiente&comma; puede soportar hasta <strong>5 kilometros de fibra sensitiva.<\/strong><\/li>\n<li style='margin-bottom: 5px; text-align: justify;'>No se ve afectado por elementos qu\u00edmicos o el\u00e9ctricos en el medio ambiente&comma; incluidos corrosi\u00f3n&comma; EMI y rayos.<\/li>\n<li style='margin-bottom: 5px; text-align: justify;'>El FD331 se puede integrar completamente con nuestro cabezal de fibra Fibre Commander \u2122 para obtener una soluci\u00f3n total del sistema cuando se combina con otros elementos de seguridad&comma; como c\u00e1maras de video y otros dispositivos de terceros.<\/li>\n<\/ul><\/div>\n<\/p><\/div>\n<div style='flex: 1 1 300px; border: 1px solid rgba(150&comma; 150&comma; 150&comma; 0.4); border-radius: 8px; overflow: hidden; display: flex; flex-direction: column;'>\n<div style='padding: 15px; border-bottom: 1px solid rgba(150&comma; 150&comma; 150&comma; 0.2); font-weight: bold; font-size: 18px; color: inherit;'>Aplicaciones<\/div>\n<div style='padding: 15px; color: inherit;'>\n<ul style='padding-left: 20px; margin: 0; font-size: 14px; list-style-type: disc;'>\n<li style='margin-bottom: 5px;'>Mallas Ciclonicas<\/li>\n<li style='margin-bottom: 5px;'>Muro<\/li>\n<li style='margin-bottom: 5px;'>Malla Electrosoldada<\/li>\n<\/ul>\n<p style='margin: 15px 0 5px 0; font-size: 13px; color: inherit;'><strong><em>Nota: Para cotizar este producto se requiere una Ingenieria de Dise\u00f1o (Contacte al departamento de Ingenieria de Syscom).<\/em><\/strong><\/p>\n<p style='margin: 5px 0; font-size: 13px; color: inherit;'><em>*Requiere certificacion.<\/em><\/p>\n<\/p><\/div>\n<\/p><\/div>\n<div style='flex: 1 1 300px; border: 1px solid rgba(150&comma; 150&comma; 150&comma; 0.4); border-radius: 8px; overflow: hidden; display: flex; flex-direction: column;'>\n<div style='padding: 15px; border-bottom: 1px solid rgba(150&comma; 150&comma; 150&comma; 0.2); font-weight: bold; font-size: 18px; color: inherit;'>\u00bfQue detecta?<\/div>\n<div style='padding: 15px; color: inherit;'>\n<ul style='padding-left: 20px; margin: 0 0 15px 0; font-size: 14px; list-style-type: disc;'>\n<li style='margin-bottom: 5px;'>Escalamiento de la malla ciclonica.<\/li>\n<li style='margin-bottom: 5px;'>Corte de la malla.<\/li>\n<li style='margin-bottom: 5px;'>Golpe<\/li>\n<\/ul><\/div>\n<div style='padding: 15px; border-top: 1px solid rgba(150&comma; 150&comma; 150&comma; 0.2); color: inherit;'>\n<h3 style='margin-top: 0; margin-bottom: 10px; font-size: 16px; color: inherit;'>Cuenta con:<\/h3>\n<ul style='padding-left: 20px; margin: 0; font-size: 14px; list-style-type: disc;'>\n<li style='margin-bottom: 5px;'>1 salidas de alarma independientes.<\/li>\n<li style='margin-bottom: 5px;'>Tamper.<\/li>\n<li style='margin-bottom: 5px;'>Aliementacion a 12\/24 VDC.<\/li>\n<li style='margin-bottom: 5px;'>Comunicacion RS232.<\/li>\n<\/ul><\/div>\n<\/p><\/div>\n<\/p><\/div>\n<p> <!-- Separador final --> <\/p>\n<hr style='border: 0; border-top: 1px solid rgba(150&comma; 150&comma; 150&comma; 0.3); margin: 30px 0;'> <\/div>\n","protected":false},"excerpt":{"rendered":"<p>Sensor de Seguridad Perimetral de 1 Zona\/Detecci\u00f3n por Fibra \u00d3ptica Sensitiva\/ 0 a 5 Km de protecci\u00f3n<\/p>\n","protected":false},"featured_media":8256,"comment_status":"open","ping_status":"closed","template":"","meta":[],"product_brand":[],"product_cat":[103],"product_tag":[105,106,104],"class_list":{"0":"post-8257","1":"product","2":"type-product","3":"status-publish","4":"has-post-thumbnail","6":"product_cat-cable-sensor-perimetral","7":"product_tag-cable-sensor-perimetral","8":"product_tag-optex","9":"product_tag-proteccion-perimetral","11":"first","12":"outofstock","13":"sale","14":"shipping-taxable","15":"purchasable","16":"product-type-simple"},"_links":{"self":[{"href":"https:\/\/soydeaqui.ddns.net\/pachuca\/index.php\/wp-json\/wp\/v2\/product\/8257","targetHints":{"allow":["GET"]}}],"collection":[{"href":"https:\/\/soydeaqui.ddns.net\/pachuca\/index.php\/wp-json\/wp\/v2\/product"}],"about":[{"href":"https:\/\/soydeaqui.ddns.net\/pachuca\/index.php\/wp-json\/wp\/v2\/types\/product"}],"replies":[{"embeddable":true,"href":"https:\/\/soydeaqui.ddns.net\/pachuca\/index.php\/wp-json\/wp\/v2\/comments?post=8257"}],"wp:featuredmedia":[{"embeddable":true,"href":"https:\/\/soydeaqui.ddns.net\/pachuca\/index.php\/wp-json\/wp\/v2\/media\/8256"}],"wp:attachment":[{"href":"https:\/\/soydeaqui.ddns.net\/pachuca\/index.php\/wp-json\/wp\/v2\/media?parent=8257"}],"wp:term":[{"taxonomy":"product_brand","embeddable":true,"href":"https:\/\/soydeaqui.ddns.net\/pachuca\/index.php\/wp-json\/wp\/v2\/product_brand?post=8257"},{"taxonomy":"product_cat","embeddable":true,"href":"https:\/\/soydeaqui.ddns.net\/pachuca\/index.php\/wp-json\/wp\/v2\/product_cat?post=8257"},{"taxonomy":"product_tag","embeddable":true,"href":"https:\/\/soydeaqui.ddns.net\/pachuca\/index.php\/wp-json\/wp\/v2\/product_tag?post=8257"}],"curies":[{"name":"wp","href":"https:\/\/api.w.org\/{rel}","templated":true}]}}