{"id":8245,"date":"2026-03-18T07:06:35","date_gmt":"2026-03-18T07:06:35","guid":{"rendered":"https:\/\/soydeaqui.ddns.net\/pachuca\/index.php\/producto\/sensor-de-seguridad-perimetral-por-fibra-optica-sensitiva-para-montaje-en-rack-19-8-zonas-de-proteccion-de-0-hasta-800m\/"},"modified":"2026-03-18T07:06:35","modified_gmt":"2026-03-18T07:06:35","slug":"sensor-de-seguridad-perimetral-por-fibra-optica-sensitiva-para-montaje-en-rack-19-8-zonas-de-proteccion-de-0-hasta-800m","status":"publish","type":"product","link":"https:\/\/soydeaqui.ddns.net\/pachuca\/index.php\/producto\/sensor-de-seguridad-perimetral-por-fibra-optica-sensitiva-para-montaje-en-rack-19-8-zonas-de-proteccion-de-0-hasta-800m\/","title":{"rendered":"Sensor de Seguridad Perimetral por Fibra \u00d3ptica Sensitiva \/ Para Montaje en Rack (19&#8221;) \/ 8 Zonas de Protecci\u00f3n\/ De 0 hasta 800m"},"content":{"rendered":"<div style='width: 100%; max-width: 1200px; margin: 0 auto; font-family: sans-serif; line-height: 1.6; color: inherit; background-color: transparent;'> <!-- Secci\u00f3n de descripci\u00f3n principal --> <\/p>\n<div style='margin-bottom: 30px;'>\n<p style='text-align: justify; font-size: 15px; margin-bottom: 15px; color: inherit;'> El FD508 incorpora la tecnolog\u00eda propietaria y pendiente de patente de Fiber SenSys que se ha implementado con \u00e9xito en miles de sensores en todo el mundo en un vers\u00e1til sensor de fibra \u00f3ptica. El FD508 detecta intrusos que intentan escalar o cortar vallas. Algoritmos sofisticados distinguen entre intrusos y &#8216;alarmas molestas&#8217; que pueden ser causadas por el viento&comma; la vida silvestre u otras condiciones ambientales. <\/p>\n<\/p><\/div>\n<p> <!-- Secci\u00f3n de imagen y descripci\u00f3n adicional --> <\/p>\n<div style='display: flex; flex-wrap: wrap; gap: 30px; margin-bottom: 30px; align-items: center;'>\n<div style='flex: 1 1 300px; min-width: 280px;'> <img style='width: 100%; height: auto; border: 1px solid rgba(150&comma;150&comma;150&comma;0.3); border-radius: 8px;' src='https:\/\/i.ibb.co\/89g44qj\/508.png' alt=''> <\/div>\n<div style='flex: 2 1 400px; min-width: 300px;'>\n<p style='text-align: justify; font-size: 15px; margin-bottom: 15px; color: inherit;'> El FD508 monitorea hasta ocho diferentes fibras de detecci\u00f3n (zonas). Cada fibra de detecci\u00f3n puede tener hasta 800 metros de longitud para una m\u00e1xima protecci\u00f3n perimetral. Las luces indicadoras delanteras muestran el estado de cada zona; una luz verde constante indica operaci\u00f3n normal \/ segura. Las luces rojas se encienden durante un intento de intrusi\u00f3n (alarma) o si la fibra se corta (falla)&comma; lo que proporciona una notificaci\u00f3n instant\u00e1nea de acceso f\u00edsico no autorizado. <\/p>\n<\/p><\/div>\n<\/p><\/div>\n<p> <!-- Secci\u00f3n de caracter\u00edsticas principales --> <\/p>\n<div style='display: flex; flex-wrap: wrap; gap: 20px; margin-bottom: 30px;'>\n<div style='flex: 1 1 250px; border: 1px solid rgba(150&comma; 150&comma; 150&comma; 0.4); border-radius: 8px; overflow: hidden;'>\n<div style='padding: 15px; border-bottom: 1px solid rgba(150&comma; 150&comma; 150&comma; 0.2); font-weight: bold; font-size: 18px; color: inherit; background-color: rgba(255&comma; 255&comma; 250&comma; 0.03);'>Caracter\u00edsticas<\/div>\n<div style='padding: 15px; color: inherit;'>\n<ul style='padding-left: 20px; margin: 0; font-size: 14px; list-style-type: disc; color: inherit;'>\n<li style='margin-bottom: 5px;'><span style='color: inherit;'>Implementaci\u00f3n remota de APU con capacidad insensible de cable de entrada<\/span><\/li>\n<li style='margin-bottom: 5px;'><span style='color: inherit;'>Discriminaci\u00f3n por alarma molesta con software de ajuste incorporado<\/span><\/li>\n<li style='margin-bottom: 5px;'><span style='color: inherit;'>Capacidad de integraci\u00f3n con paneles de cabezal \/ anunciador<\/span><\/li>\n<li style='margin-bottom: 5px;'><span style='color: inherit;'>Inmune a EMI&comma; RFI y rayos<\/span><\/li>\n<\/ul><\/div>\n<\/p><\/div>\n<div style='flex: 1 1 250px; border: 1px solid rgba(150&comma; 150&comma; 150&comma; 0.4); border-radius: 8px; overflow: hidden;'>\n<div style='padding: 15px; border-bottom: 1px solid rgba(150&comma; 150&comma; 150&comma; 0.2); font-weight: bold; font-size: 18px; color: inherit; background-color: rgba(255&comma; 255&comma; 250&comma; 0.03);'>Caracter\u00edsticas<\/div>\n<div style='padding: 15px; color: inherit;'>\n<ul style='padding-left: 20px; margin: 0; font-size: 14px; list-style-type: disc; color: inherit;'>\n<li style='margin-bottom: 5px;'><span style='color: inherit;'>Compensaci\u00f3n del ruido ambiental<\/span><\/li>\n<li style='margin-bottom: 5px;'><span style='color: inherit;'>Sensibilidad lineal y uniforme<\/span><\/li>\n<li style='margin-bottom: 5px;'><span style='color: inherit;'>Ideal para sitios con ocho a 16 zonas<\/span><\/li>\n<li style='margin-bottom: 5px;'><span style='color: inherit;'>800 m de protecci\u00f3n por zona<\/span><\/li>\n<\/ul><\/div>\n<\/p><\/div>\n<\/p><\/div>\n<p> <!-- Secci\u00f3n de especificaciones --> <\/p>\n<div style='display: flex; flex-wrap: wrap; gap: 20px; margin-bottom: 30px;'>\n<div style='flex: 1 1 250px; border: 1px solid rgba(150&comma; 150&comma; 150&comma; 0.4); border-radius: 8px; overflow: hidden;'>\n<div style='padding: 15px; border-bottom: 1px solid rgba(150&comma; 150&comma; 150&comma; 0.2); font-weight: bold; font-size: 18px; color: inherit; background-color: rgba(255&comma; 255&comma; 250&comma; 0.03);'>Especificaciones<\/div>\n<div style='padding: 15px; color: inherit;'>\n<ul style='padding-left: 20px; margin: 0; font-size: 14px; list-style-type: disc; color: inherit;'>\n<li style='margin-bottom: 5px;'><span style='color: inherit;'>Montaje en rack de 19 &#8216;<\/span><\/li>\n<li style='margin-bottom: 5px;'><span style='color: inherit;'>1U<\/span><\/li>\n<li style='margin-bottom: 5px;'><span style='color: inherit;'>8 zonas<\/span><\/li>\n<li style='margin-bottom: 5px;'><span style='color: inherit;'>Cable insensible a 5 km<\/span><\/li>\n<\/ul><\/div>\n<\/p><\/div>\n<div style='flex: 1 1 250px; border: 1px solid rgba(150&comma; 150&comma; 150&comma; 0.4); border-radius: 8px; overflow: hidden;'>\n<div style='padding: 15px; border-bottom: 1px solid rgba(150&comma; 150&comma; 150&comma; 0.2); font-weight: bold; font-size: 18px; color: inherit; background-color: rgba(255&comma; 255&comma; 250&comma; 0.03);'>Aplicaciones<\/div>\n<div style='padding: 15px; color: inherit;'>\n<ul style='padding-left: 20px; margin: 0; font-size: 14px; list-style-type: disc; color: inherit;'>\n<li style='margin-bottom: 5px;'><span style='color: inherit;'>Subestaciones industriales<\/span><\/li>\n<li style='margin-bottom: 5px;'><span style='color: inherit;'>Medianas y comerciales<\/span><\/li>\n<\/ul><\/div>\n<\/p><\/div>\n<\/p><\/div>\n<p> <!-- Secci\u00f3n de videos --> <\/p>\n<div style='margin-bottom: 30px;'>\n<div style='display: flex; flex-wrap: wrap; gap: 20px;'>\n<div style='flex: 1 1 400px; min-width: 300px;'>\n<div style='position: relative; padding-bottom: 56.25%; height: 0; overflow: hidden;'>   <\/div>\n<\/p><\/div>\n<div style='flex: 1 1 400px; min-width: 300px;'>\n<div style='position: relative; padding-bottom: 56.25%; height: 0; overflow: hidden;'>   <\/div>\n<\/p><\/div>\n<\/p><\/div>\n<\/p><\/div>\n<\/p><\/div>\n","protected":false},"excerpt":{"rendered":"<p>Sensor de Seguridad Perimetral por Fibra \u00d3ptica Sensitiva \/ Para Montaje en Rack (19&#8221;) \/ 8 Zonas de Protecci\u00f3n\/ De 0 hasta 800m<\/p>\n","protected":false},"featured_media":8244,"comment_status":"open","ping_status":"closed","template":"","meta":[],"product_brand":[],"product_cat":[103],"product_tag":[105,106,104],"class_list":{"0":"post-8245","1":"product","2":"type-product","3":"status-publish","4":"has-post-thumbnail","6":"product_cat-cable-sensor-perimetral","7":"product_tag-cable-sensor-perimetral","8":"product_tag-optex","9":"product_tag-proteccion-perimetral","11":"first","12":"outofstock","13":"sale","14":"shipping-taxable","15":"purchasable","16":"product-type-simple"},"_links":{"self":[{"href":"https:\/\/soydeaqui.ddns.net\/pachuca\/index.php\/wp-json\/wp\/v2\/product\/8245","targetHints":{"allow":["GET"]}}],"collection":[{"href":"https:\/\/soydeaqui.ddns.net\/pachuca\/index.php\/wp-json\/wp\/v2\/product"}],"about":[{"href":"https:\/\/soydeaqui.ddns.net\/pachuca\/index.php\/wp-json\/wp\/v2\/types\/product"}],"replies":[{"embeddable":true,"href":"https:\/\/soydeaqui.ddns.net\/pachuca\/index.php\/wp-json\/wp\/v2\/comments?post=8245"}],"wp:featuredmedia":[{"embeddable":true,"href":"https:\/\/soydeaqui.ddns.net\/pachuca\/index.php\/wp-json\/wp\/v2\/media\/8244"}],"wp:attachment":[{"href":"https:\/\/soydeaqui.ddns.net\/pachuca\/index.php\/wp-json\/wp\/v2\/media?parent=8245"}],"wp:term":[{"taxonomy":"product_brand","embeddable":true,"href":"https:\/\/soydeaqui.ddns.net\/pachuca\/index.php\/wp-json\/wp\/v2\/product_brand?post=8245"},{"taxonomy":"product_cat","embeddable":true,"href":"https:\/\/soydeaqui.ddns.net\/pachuca\/index.php\/wp-json\/wp\/v2\/product_cat?post=8245"},{"taxonomy":"product_tag","embeddable":true,"href":"https:\/\/soydeaqui.ddns.net\/pachuca\/index.php\/wp-json\/wp\/v2\/product_tag?post=8245"}],"curies":[{"name":"wp","href":"https:\/\/api.w.org\/{rel}","templated":true}]}}