{"id":82261,"date":"2026-03-19T19:18:53","date_gmt":"2026-03-19T19:18:53","guid":{"rendered":"https:\/\/soydeaqui.ddns.net\/pachuca\/index.php\/producto\/punto-de-acceso-wi-fi-7-gwn7670-3-6-gbps-inalambrico-5-gbps-cableado-mimo-2x22-256-clientes-simultaneos-poe-montaje-en-pared-o-techo-ble-5-3-controlador-integrado\/"},"modified":"2026-03-19T19:19:01","modified_gmt":"2026-03-19T19:19:01","slug":"punto-de-acceso-wi-fi-7-gwn7670-3-6-gbps-inalambrico-5-gbps-cableado-mimo-2x22-256-clientes-simultaneos-poe-montaje-en-pared-o-techo-ble-5-3-controlador-integrado","status":"publish","type":"product","link":"https:\/\/soydeaqui.ddns.net\/pachuca\/index.php\/producto\/punto-de-acceso-wi-fi-7-gwn7670-3-6-gbps-inalambrico-5-gbps-cableado-mimo-2x22-256-clientes-simultaneos-poe-montaje-en-pared-o-techo-ble-5-3-controlador-integrado\/","title":{"rendered":"Punto de Acceso Wi-Fi 7 GWN7670 \/ 3.6 Gbps Inal\u00e1mbrico \/ 5 Gbps Cableado \/ MIMO 2&#215;2:2 \/ 256 Clientes Simult\u00e1neos \/ PoE+ \/ Montaje en Pared o Techo \/ BLE 5.3 \/ Controlador Integrado"},"content":{"rendered":"<div style='width: 100%; max-width: 1200px; margin: 0 auto; font-family: sans-serif; line-height: 1.6; color: inherit; background-color: transparent;'>\n<div style='display: flex; flex-wrap: wrap; gap: 30px; margin-bottom: 30px;'>\n<div style='flex: 1 1 300px; min-width: 280px;'>\n<p style='font-size: 16px; color: inherit; margin-bottom: 15px;'>El GWN7670 es un punto de acceso Wi-Fi 7 de nivel empresarial dise\u00f1ado para peque\u00f1as y medianas empresas que buscan construir redes Wi-Fi de pr\u00f3xima generaci\u00f3n. Con tecnolog\u00eda MIMO 2&#215;2:2 de doble banda&comma; DL\/UL OFDMA&comma; y un dise\u00f1o de antena sofisticado&comma; ofrece un rendimiento m\u00e1ximo y un amplio rango de cobertura. Incluye caracter\u00edsticas avanzadas como multi-RU&comma; Preamble Puncturing&comma; y modulaci\u00f3n 4096 QAM para mejorar el uso del ancho de banda y la capacidad anti interferencias. Adem\u00e1s&comma; cuenta con tecnolog\u00eda MLO para optimizar el uso del espectro y garantizar una experiencia fluida para cada usuario.<\/p>\n<div style='position: relative; padding-bottom: 56.25%; height: 0; overflow: hidden; margin-bottom: 30px;'><video autoplay muted loop playsinline style='position: absolute; top: 0; left: 0; width: 100%; height: 100%; border: 1px solid rgba(150&comma;150&comma;150&comma;0.3); border-radius: 8px;' controls><source src='https:\/\/www.grandstream.com\/hubfs\/Partner_Marketing_Kit\/WiFi%207_Access%20Points_PMK\/Spanish%20contents\/GWN%20Wi-Fi%207%20APs_Promotional%20Video)_Spanish.mp4' type='video\/mp4'>Tu navegador no soporta video HTML5.<\/video><\/div>\n<p style='font-size: 16px; color: inherit; margin-bottom: 15px;'>&nbsp;<\/p>\n<\/div>\n<\/div>\n<div style='display: flex; flex-wrap: wrap; gap: 30px; margin-bottom: 30px;'>\n<div style='flex: 1 1 300px; min-width: 280px;'>\n<h3 style='font-size: 22px; border-bottom: 2px solid currentColor; padding-bottom: 5px; margin-top: 0; color: inherit; opacity: 0.8;'>Caracter\u00edsticas Principales<\/h3>\n<ul style='padding-left: 20px; font-size: 15px; color: inherit;'>\n<li style='margin-bottom: 5px;'>Throughput inal\u00e1mbrico agregado de 3.6 Gbps y throughput cableado agregado de 5 Gbps<\/li>\n<li style='margin-bottom: 5px;'>Wi-Fi 7 integrado con MIMO 2&#215;2:2&comma; MLO&comma; 4KQAM&comma; MRU y tecnolog\u00eda de pre\u00e1mbulo de ruptura<\/li>\n<li style='margin-bottom: 5px;'>Autoadaptaci\u00f3n de energ\u00eda tras la detecci\u00f3n autom\u00e1tica de PoE+<\/li>\n<li style='margin-bottom: 5px;'>Permite 256 dispositivos clientes concurrentes Wi-Fi<\/li>\n<li style='margin-bottom: 5px;'>QoS avanzado para garantizar el rendimiento en tiempo real de aplicaciones de baja latencia<\/li>\n<li style='margin-bottom: 5px;'>Alcance de cobertura de hasta 175 metros<\/li>\n<li style='margin-bottom: 5px;'>Arranque seguro anti-hacking y bloqueo de control\/datos cr\u00edticos mediante firmas digitales<\/li>\n<li style='margin-bottom: 5px;'>Controlador integrado gestiona hasta 50 APs GWN locales<\/li>\n<\/ul>\n<\/div>\n<\/div>\n<div style='display: flex; flex-wrap: wrap; gap: 20px; margin-bottom: 30px;'>\n<div style='flex: 1 1 250px; border: 1px solid rgba(150&comma; 150&comma; 150&comma; 0.4); border-radius: 8px; overflow: hidden; display: flex; flex-direction: column;'>\n<div style='padding: 15px; border-bottom: 1px solid rgba(150&comma; 150&comma; 150&comma; 0.2); font-weight: bold; font-size: 18px; color: inherit;'>Especificaciones<\/div>\n<div style='padding: 15px; color: inherit;'>\n<ul style='padding-left: 20px; margin: 0; font-size: 14px; list-style-type: disc;'>\n<li style='margin-bottom: 5px;'>Est\u00e1ndares Wi-Fi: IEEE 802.11 a\/b\/g\/n\/ac\/ax\/be<\/li>\n<li style='margin-bottom: 5px;'>Antenas: 5 antenas monofrecuencia (2.4 GHz x 2&comma; 5 GHz x 2&comma; BT x 1)<\/li>\n<li style='margin-bottom: 5px;'>Tarifas de datos Wi-Fi: Hasta 2882 Mbps en 5G y 688 Mbps en 2.4G<\/li>\n<li style='margin-bottom: 5px;'>Bandas de frecuencia: 2.4GHz (2400 &#8211; 2483.5 MHz) y 5GHz (5150 &#8211; 5895 MHz)<\/li>\n<li style='margin-bottom: 5px;'>Ancho de banda del canal: 2.4G (20 y 40 MHz)&comma; 5G (20&comma; 40&comma; 80&comma; y 160 MHz)<\/li>\n<li style='margin-bottom: 5px;'>MIMO: 2&#215;2:2 en 2.4GHz y 5GHz<\/li>\n<li style='margin-bottom: 5px;'>Potencia m\u00e1xima de transmisi\u00f3n: 26dBm en 5G y 2.4G<\/li>\n<li style='margin-bottom: 5px;'>Sensibilidad del receptor: Detallada por est\u00e1ndar y ancho de banda<\/li>\n<li style='margin-bottom: 5px;'>SSIDs: 32 en total&comma; 16 por radio (2.4 GHz y 5 GHz)<\/li>\n<li style='margin-bottom: 5px;'>Clientes concurrentes: 256<\/li>\n<li style='margin-bottom: 5px;'>Interfaces de red: 2x 2.5G Ethernet WAN\/LAN<\/li>\n<li style='margin-bottom: 5px;'>Bluetooth\u00ae: BLE 5.3<\/li>\n<li style='margin-bottom: 5px;'>Montaje: Pared o techo para interiores<\/li>\n<li style='margin-bottom: 5px;'>LEDs: 1 LED tricolor para seguimiento del dispositivo e indicaci\u00f3n de estado<\/li>\n<li style='margin-bottom: 5px;'>Protocolos de red: IPv4&comma; IPv6&comma; 802.1Q&comma; 802.1p&comma; 802.1x&comma; 802.11e\/WMM<\/li>\n<li style='margin-bottom: 5px;'>QoS: 802.11e\/WMM&comma; VLAN&comma; TOS<\/li>\n<li style='margin-bottom: 5px;'>Energ\u00eda: PoE\/PoE+ 802.3af\/at&comma; consumo m\u00e1ximo de energ\u00eda: 14.5W<\/li>\n<li style='margin-bottom: 5px;'>Condiciones clim\u00e1ticas: Operaci\u00f3n: 0\u00b0C a 45\u00b0C&comma; Almacenamiento: -30\u00b0C a 60\u00b0C&comma; Humedad: 10% a 90% sin condensaci\u00f3n<\/li>\n<li style='margin-bottom: 5px;'>Dimensiones: Unidad: 185mmx185mmx44.5mm&comma; Peso unitario: 527gm<\/li>\n<li style='margin-bottom: 5px;'>Contenido del paquete: AP inal\u00e1mbrico Wi-Fi 7 GWN7670&comma; kits de montaje&comma; gu\u00eda de inicio r\u00e1pido<\/li>\n<li style='margin-bottom: 5px;'>Cumplimiento: FCC&comma; CE&comma; RCM&comma; IC<\/li>\n<\/ul>\n<\/div>\n<\/div>\n<div style='flex: 1 1 250px; border: 1px solid rgba(150&comma; 150&comma; 150&comma; 0.4); border-radius: 8px; overflow: hidden; display: flex; flex-direction: column;'>\n<div style='padding: 15px; border-bottom: 1px solid rgba(150&comma; 150&comma; 150&comma; 0.2); font-weight: bold; font-size: 18px; color: inherit;'>Interfaces y Conectividad<\/div>\n<div style='padding: 15px; color: inherit;'>\n<ul style='padding-left: 20px; margin: 0; font-size: 14px; list-style-type: disc;'>\n<li style='margin-bottom: 5px;'>2x 2.5G Ethernet WAN\/LAN<\/li>\n<li style='margin-bottom: 5px;'>1x orificio de reinicio<\/li>\n<li style='margin-bottom: 5px;'>1x cerradura Kensington<\/li>\n<li style='margin-bottom: 5px;'>BLE 5.3<\/li>\n<\/ul>\n<\/div>\n<\/div>\n<\/div>\n<div style='display: flex; flex-wrap: wrap; gap: 20px; margin-bottom: 30px;'>\n<div style='flex: 1 1 250px; border: 1px solid rgba(150&comma; 150&comma; 150&comma; 0.4); border-radius: 8px; overflow: hidden; display: flex; flex-direction: column;'>\n<div style='padding: 15px; border-bottom: 1px solid rgba(150&comma; 150&comma; 150&comma; 0.2); font-weight: bold; font-size: 18px; color: inherit;'>Redes Empresariales<\/div>\n<div style='padding: 15px; color: inherit;'>\n<p style='font-size: 14px; margin: 0; color: inherit;'>Ideal para peque\u00f1as y medianas empresas que necesitan redes Wi-Fi de alta densidad y rendimiento.<\/p>\n<\/div>\n<\/div>\n<div style='flex: 1 1 250px; border: 1px solid rgba(150&comma; 150&comma; 150&comma; 0.4); border-radius: 8px; overflow: hidden; display: flex; flex-direction: column;'>\n<div style='padding: 15px; border-bottom: 1px solid rgba(150&comma; 150&comma; 150&comma; 0.2); font-weight: bold; font-size: 18px; color: inherit;'>VoIP sobre Wi-Fi<\/div>\n<div style='padding: 15px; color: inherit;'>\n<p style='font-size: 14px; margin: 0; color: inherit;'>Ofrece una conexi\u00f3n perfecta con los tel\u00e9fonos IP con capacidad Wi-Fi de Grandstream.<\/p>\n<\/div>\n<\/div>\n<div style='flex: 1 1 250px; border: 1px solid rgba(150&comma; 150&comma; 150&comma; 0.4); border-radius: 8px; overflow: hidden; display: flex; flex-direction: column;'>\n<div style='padding: 15px; border-bottom: 1px solid rgba(150&comma; 150&comma; 150&comma; 0.2); font-weight: bold; font-size: 18px; color: inherit;'>Administraci\u00f3n de Redes<\/div>\n<div style='padding: 15px; color: inherit;'>\n<p style='font-size: 14px; margin: 0; color: inherit;'>Compatible con GDMS Networking y GWN Manager para una administraci\u00f3n de red local y en la nube eficiente.<\/p>\n<\/div>\n<\/div>\n<\/div>\n<hr style='border: 0; border-top: 1px solid rgba(150&comma; 150&comma; 150&comma; 0.3); margin: 30px 0;'><\/div>\n","protected":false},"excerpt":{"rendered":"<p>Punto de Acceso Wi-Fi 7 GWN7670 \/ 3.6 Gbps Inal\u00e1mbrico \/ 5 Gbps Cableado \/ MIMO 2&#215;2:2 \/ 256 Clientes Simult\u00e1neos \/ PoE+ \/ Montaje en Pared o Techo \/ BLE 5.3 \/ Controlador Integrado<\/p>\n","protected":false},"featured_media":82260,"comment_status":"open","ping_status":"closed","template":"","meta":[],"product_brand":[],"product_cat":[1794],"product_tag":[909,1795,1479],"class_list":{"0":"post-82261","1":"product","2":"type-product","3":"status-publish","4":"has-post-thumbnail","6":"product_cat-puntos-de-acceso","7":"product_tag-grandstream","8":"product_tag-puntos-de-acceso","9":"product_tag-redes-wifi","11":"first","12":"instock","13":"sale","14":"shipping-taxable","15":"purchasable","16":"product-type-simple"},"_links":{"self":[{"href":"https:\/\/soydeaqui.ddns.net\/pachuca\/index.php\/wp-json\/wp\/v2\/product\/82261","targetHints":{"allow":["GET"]}}],"collection":[{"href":"https:\/\/soydeaqui.ddns.net\/pachuca\/index.php\/wp-json\/wp\/v2\/product"}],"about":[{"href":"https:\/\/soydeaqui.ddns.net\/pachuca\/index.php\/wp-json\/wp\/v2\/types\/product"}],"replies":[{"embeddable":true,"href":"https:\/\/soydeaqui.ddns.net\/pachuca\/index.php\/wp-json\/wp\/v2\/comments?post=82261"}],"wp:featuredmedia":[{"embeddable":true,"href":"https:\/\/soydeaqui.ddns.net\/pachuca\/index.php\/wp-json\/wp\/v2\/media\/82260"}],"wp:attachment":[{"href":"https:\/\/soydeaqui.ddns.net\/pachuca\/index.php\/wp-json\/wp\/v2\/media?parent=82261"}],"wp:term":[{"taxonomy":"product_brand","embeddable":true,"href":"https:\/\/soydeaqui.ddns.net\/pachuca\/index.php\/wp-json\/wp\/v2\/product_brand?post=82261"},{"taxonomy":"product_cat","embeddable":true,"href":"https:\/\/soydeaqui.ddns.net\/pachuca\/index.php\/wp-json\/wp\/v2\/product_cat?post=82261"},{"taxonomy":"product_tag","embeddable":true,"href":"https:\/\/soydeaqui.ddns.net\/pachuca\/index.php\/wp-json\/wp\/v2\/product_tag?post=82261"}],"curies":[{"name":"wp","href":"https:\/\/api.w.org\/{rel}","templated":true}]}}