{"id":8223,"date":"2026-03-18T07:06:15","date_gmt":"2026-03-18T07:06:15","guid":{"rendered":"https:\/\/soydeaqui.ddns.net\/pachuca\/index.php\/producto\/radiora3-modulo-relevador-de-salida-contacto-seco-nc-no\/"},"modified":"2026-03-18T07:06:20","modified_gmt":"2026-03-18T07:06:20","slug":"radiora3-modulo-relevador-de-salida-contacto-seco-nc-no","status":"publish","type":"product","link":"https:\/\/soydeaqui.ddns.net\/pachuca\/index.php\/producto\/radiora3-modulo-relevador-de-salida-contacto-seco-nc-no\/","title":{"rendered":"(RadioRA3) Modulo relevador de salida contacto seco NC, NO"},"content":{"rendered":"<div style='width: 100%; max-width: 1200px; margin: 0 auto; font-family: sans-serif; line-height: 1.6; color: inherit; background-color: transparent;'> <!-- Descripci\u00f3n principal --> <\/p>\n<div style='margin-bottom: 30px; text-align: center;'>\n<p style='margin: 0 auto; max-width: 800px; text-align: center; color: inherit; font-size: 15px; line-height: 1.6;'> El m\u00f3dulo de CCO de RF es un control de radio frecuencia (RF) de bajo voltaje que proporciona una \u00fanica salida de cierre de contactos secos basada en las entradas de los sistemas RadioRA 2&comma; RadioRA 3 y HomeWorks QS&comma; QSX. <\/p>\n<\/p><\/div>\n<p> <!-- Secci\u00f3n de especificaciones --> <\/p>\n<div style='margin-bottom: 30px;'>\n<h3 style='font-size: 22px; border-bottom: 2px solid currentColor; padding-bottom: 5px; margin-top: 0; color: inherit; opacity: 0.8; text-align: center;'>Especificaciones<\/h3>\n<div style='display: flex; flex-wrap: wrap; gap: 30px; margin-top: 20px;'> <!-- Caracter\u00edsticas Principales --> <\/p>\n<div style='flex: 1 1 300px; min-width: 280px;'>\n<div style='border: 1px solid rgba(150&comma; 150&comma; 150&comma; 0.4); border-radius: 8px; overflow: hidden; display: flex; flex-direction: column;'>\n<div style='padding: 15px; border-bottom: 1px solid rgba(150&comma; 150&comma; 150&comma; 0.2); font-weight: bold; font-size: 18px; color: inherit; background-color: rgba(0&comma; 0&comma; 0&comma; 0.05);'>Caracter\u00edsticas Principales:<\/div>\n<div style='padding: 15px; color: inherit;'>\n<ul style='padding-left: 20px; margin: 0; font-size: 14px; list-style-type: disc;'>\n<li style='margin-bottom: 5px;'>Puede ser alimentado con 24 V~ o 24 V- para facilitar la conexi\u00f3n e integraci\u00f3n con los sistemas de terceros para gesti\u00f3n de edificios&comma; HVAC&comma; VAV y otras tareas.<\/li>\n<li style='margin-bottom: 5px;'>Salida \u00fanica de cierre de contactos que incluye contactos secos tanto normalmente abiertos (NO) como normalmente cerrados (NC).<\/li>\n<li style='margin-bottom: 5px;'>Salida de tipo mantenido o moment\u00e1neo<\/li>\n<li style='margin-bottom: 5px;'>Opera a 24 V~ o 24 V-<\/li>\n<\/ul><\/div>\n<\/p><\/div>\n<\/p><\/div>\n<p> <!-- Caracter\u00edsticas F\u00edsicas y El\u00e9ctricas 1 --> <\/p>\n<div style='flex: 1 1 300px; min-width: 280px;'>\n<div style='border: 1px solid rgba(150&comma; 150&comma; 150&comma; 0.4); border-radius: 8px; overflow: hidden; display: flex; flex-direction: column;'>\n<div style='padding: 15px; border-bottom: 1px solid rgba(150&comma; 150&comma; 150&comma; 0.2); font-weight: bold; font-size: 18px; color: inherit; background-color: rgba(0&comma; 0&comma; 0&comma; 0.05);'>Caracter\u00edsticas F\u00edsicas y El\u00e9ctricas:<\/div>\n<div style='padding: 15px; color: inherit;'>\n<ul style='padding-left: 20px; margin: 0; font-size: 14px; list-style-type: disc;'>\n<li style='margin-bottom: 5px;'>Utiliza tecnolog\u00eda de RF Lutron Clear Connect<\/li>\n<li style='margin-bottom: 5px;'>Voltaje de operaci\u00f3n 24 V~ o 24 V<\/li>\n<li style='margin-bottom: 5px;'>Corriente de operaci\u00f3n&comma; nominal: 45 mA (24 V~)&comma; 35 mA (24 V-)<\/li>\n<li style='margin-bottom: 5px;'>Compatible con RA2 Select&comma; RadioRA 2 y 3&comma; HomeWorks QS<\/li>\n<\/ul><\/div>\n<\/p><\/div>\n<\/p><\/div>\n<p> <!-- Caracter\u00edsticas F\u00edsicas y El\u00e9ctricas 2 --> <\/p>\n<div style='flex: 1 1 300px; min-width: 280px;'>\n<div style='border: 1px solid rgba(150&comma; 150&comma; 150&comma; 0.4); border-radius: 8px; overflow: hidden; display: flex; flex-direction: column;'>\n<div style='padding: 15px; border-bottom: 1px solid rgba(150&comma; 150&comma; 150&comma; 0.2); font-weight: bold; font-size: 18px; color: inherit; background-color: rgba(0&comma; 0&comma; 0&comma; 0.05);'>Caracter\u00edsticas F\u00edsicas y El\u00e9ctricas:<\/div>\n<div style='padding: 15px; color: inherit;'>\n<ul style='padding-left: 20px; margin: 0; font-size: 14px; list-style-type: disc;'>\n<li style='margin-bottom: 5px;'>Temperatura ambiental de operaci\u00f3n: 0 \u00b0C a 55 \u00b0C (32 \u00b0F a 131 \u00b0F)&comma; Humedad ambiental de operaci\u00f3n: 0% a 90 % de humedad&comma; sin condensaci\u00f3n. S\u00f3lo para uso bajo techo.<\/li>\n<li style='margin-bottom: 5px;'>Acepta voltajes de entrada de 0 a 24 V~ \/ 0 a 24 V. Carga resistiva: 1&comma;0 A (0 a 24 V-)&comma; 0&comma;5 A (0 a 24 V~). Provee contactos secos tanto normalmente abiertos (NO) como normalmente cerrados (NC). Salida de tipo mantenido o moment\u00e1neo. La salida es enclavada. Duraci\u00f3n m\u00ednima de cierre: 500 ms<\/li>\n<li style='margin-bottom: 5px;'>Terminales del CCO aceptan cables de 0&comma;5 a 1&comma;5 mm\u00b2&comma; (20 a 16 AWG) macizos o trenzados.<\/li>\n<\/ul><\/div>\n<\/p><\/div>\n<\/p><\/div>\n<\/p><\/div>\n<\/p><\/div>\n<p> <!-- Separador --> <\/p>\n<hr style='border: 0; border-top: 1px solid rgba(150&comma; 150&comma; 150&comma; 0.3); margin: 30px 0;'> <\/div>\n","protected":false},"excerpt":{"rendered":"<p>(RadioRA3) Modulo relevador de salida contacto seco NC, NO<\/p>\n","protected":false},"featured_media":8222,"comment_status":"open","ping_status":"closed","template":"","meta":[],"product_brand":[],"product_cat":[34],"product_tag":[30,35,36],"class_list":{"0":"post-8223","1":"product","2":"type-product","3":"status-publish","4":"has-post-thumbnail","6":"product_cat-lutron","7":"product_tag-automatizacion-casa-inteligente","8":"product_tag-lutron","9":"product_tag-lutron-electronics","11":"first","12":"instock","13":"sale","14":"shipping-taxable","15":"purchasable","16":"product-type-simple"},"_links":{"self":[{"href":"https:\/\/soydeaqui.ddns.net\/pachuca\/index.php\/wp-json\/wp\/v2\/product\/8223","targetHints":{"allow":["GET"]}}],"collection":[{"href":"https:\/\/soydeaqui.ddns.net\/pachuca\/index.php\/wp-json\/wp\/v2\/product"}],"about":[{"href":"https:\/\/soydeaqui.ddns.net\/pachuca\/index.php\/wp-json\/wp\/v2\/types\/product"}],"replies":[{"embeddable":true,"href":"https:\/\/soydeaqui.ddns.net\/pachuca\/index.php\/wp-json\/wp\/v2\/comments?post=8223"}],"wp:featuredmedia":[{"embeddable":true,"href":"https:\/\/soydeaqui.ddns.net\/pachuca\/index.php\/wp-json\/wp\/v2\/media\/8222"}],"wp:attachment":[{"href":"https:\/\/soydeaqui.ddns.net\/pachuca\/index.php\/wp-json\/wp\/v2\/media?parent=8223"}],"wp:term":[{"taxonomy":"product_brand","embeddable":true,"href":"https:\/\/soydeaqui.ddns.net\/pachuca\/index.php\/wp-json\/wp\/v2\/product_brand?post=8223"},{"taxonomy":"product_cat","embeddable":true,"href":"https:\/\/soydeaqui.ddns.net\/pachuca\/index.php\/wp-json\/wp\/v2\/product_cat?post=8223"},{"taxonomy":"product_tag","embeddable":true,"href":"https:\/\/soydeaqui.ddns.net\/pachuca\/index.php\/wp-json\/wp\/v2\/product_tag?post=8223"}],"curies":[{"name":"wp","href":"https:\/\/api.w.org\/{rel}","templated":true}]}}