{"id":82207,"date":"2026-03-19T19:16:39","date_gmt":"2026-03-19T19:16:39","guid":{"rendered":"https:\/\/soydeaqui.ddns.net\/pachuca\/index.php\/producto\/gateway-8-puertos-fxs-conectar-telefono-analogo-con-router-nat-gigabit-2-perfiles-sip-cifrado-aes-conferencia-de-voz-3-participantes-calidad-de-voz-hd-fax-t-38-2-puertos-gigabit-aprovi\/"},"modified":"2026-03-19T19:16:46","modified_gmt":"2026-03-19T19:16:46","slug":"gateway-8-puertos-fxs-conectar-telefono-analogo-con-router-nat-gigabit-2-perfiles-sip-cifrado-aes-conferencia-de-voz-3-participantes-calidad-de-voz-hd-fax-t-38-2-puertos-gigabit-aprovi","status":"publish","type":"product","link":"https:\/\/soydeaqui.ddns.net\/pachuca\/index.php\/producto\/gateway-8-puertos-fxs-conectar-telefono-analogo-con-router-nat-gigabit-2-perfiles-sip-cifrado-aes-conferencia-de-voz-3-participantes-calidad-de-voz-hd-fax-t-38-2-puertos-gigabit-aprovi\/","title":{"rendered":"Gateway 8 Puertos FXS (Conectar Tel\u00e9fono An\u00e1logo) con Router NAT Gigabit \/ 2 Perfiles SIP \/ Cifrado AES \/ Conferencia de Voz 3 Participantes \/ Calidad de Voz HD \/ Fax T.38 \/ 2 Puertos Gigabit \/ Aprovisionamiento Automatizado TR069"},"content":{"rendered":"<div style='width: 100%; max-width: 1200px; margin: 0 auto; font-family: sans-serif; line-height: 1.6; color: inherit; background-color: transparent;'>\n<div style='display: flex; flex-wrap: wrap; gap: 30px; margin-bottom: 30px;'>\n<div style='flex: 1 1 300px; min-width: 280px;'>\n<h3 style='font-size: 22px; border-bottom: 2px solid currentColor; padding-bottom: 5px; margin-top: 0; color: inherit; opacity: 0.8;'>Descripci\u00f3n General<\/h3>\n<p style='font-size: 15px; color: inherit;'>El HT818 V2 de Grandstream es un poderoso gateway VoIP con 8 puertos FXS y un router NAT Gigabit integrado&comma; dise\u00f1ado para ofrecer tecnolog\u00eda de conversi\u00f3n de anal\u00f3gico a VoIP de alta calidad. Este dispositivo cuenta con tecnolog\u00eda SIP ATA\/gateway l\u00edder en el mercado&comma; ofreciendo calidad excepcional de voz&comma; cifrado fuerte con certificado \u00fanico de seguridad y opciones de aprovisionamiento automatizado y seguro.<\/p>\n<\/p><\/div>\n<\/p><\/div>\n<div style='display: flex; flex-wrap: wrap; gap: 30px; margin-bottom: 30px;'>\n<div style='flex: 1 1 300px; min-width: 280px;'>\n<h3 style='font-size: 22px; border-bottom: 2px solid currentColor; padding-bottom: 5px; margin-top: 0; color: inherit; opacity: 0.8;'>Caracter\u00edsticas Principales<\/h3>\n<ul style='padding-left: 20px; font-size: 15px; color: inherit;'>\n<li style='margin-bottom: 5px;'>8 puertos FXS para interfaces de tel\u00e9fono RJ11<\/li>\n<li style='margin-bottom: 5px;'>Router NAT Gigabit para un rendimiento de red excepcional<\/li>\n<li style='margin-bottom: 5px;'>Cifrado AES fuerte con certificado por unidad<\/li>\n<li style='margin-bottom: 5px;'>Conferencia de voz de 3 participantes por puerto<\/li>\n<li style='margin-bottom: 5px;'>Calidad de voz excepcional con c\u00f3dec HD de banda ancha<\/li>\n<\/ul><\/div>\n<\/p><\/div>\n<div style='display: flex; flex-wrap: wrap; gap: 20px; margin-bottom: 30px;'>\n<div style='flex: 1 1 250px; border: 1px solid rgba(150&comma; 150&comma; 150&comma; 0.4); border-radius: 8px; overflow: hidden; display: flex; flex-direction: column;'>\n<div style='padding: 15px; border-bottom: 1px solid rgba(150&comma; 150&comma; 150&comma; 0.2); font-weight: bold; font-size: 18px; color: inherit;'>Especificaciones<\/div>\n<div style='padding: 15px; color: inherit;'>\n<ul style='padding-left: 20px; margin: 0; font-size: 14px; list-style-type: disc;'>\n<li style='margin-bottom: 5px;'>Incluye 2 perfiles SIP<\/li>\n<li style='margin-bottom: 5px;'>C\u00f3decs de voz compatibles: G.711&comma; G.722&comma; G.729&comma; iLBC&comma; OPUS<\/li>\n<li style='margin-bottom: 5px;'>Transmisi\u00f3n de fax T.38 hasta 14.4 kbps<\/li>\n<li style='margin-bottom: 5px;'>Dimensiones: 180mm x 120mm x 36mm; Peso: 356g<\/li>\n<\/ul><\/div>\n<\/p><\/div>\n<div style='flex: 1 1 250px; border: 1px solid rgba(150&comma; 150&comma; 150&comma; 0.4); border-radius: 8px; overflow: hidden; display: flex; flex-direction: column;'>\n<div style='padding: 15px; border-bottom: 1px solid rgba(150&comma; 150&comma; 150&comma; 0.2); font-weight: bold; font-size: 18px; color: inherit;'>Interfaces y Conectividad<\/div>\n<div style='padding: 15px; color: inherit;'>\n<ul style='padding-left: 20px; margin: 0; font-size: 14px; list-style-type: disc;'>\n<li style='margin-bottom: 5px;'>Ocho puertos FXS RJ11<\/li>\n<li style='margin-bottom: 5px;'>Dos puertos de red RJ45 de 10\/100\/1000 Mbps<\/li>\n<li style='margin-bottom: 5px;'>Protocolos de red soportados: TCP\/IP&comma; RTP&comma; SIP&comma; SRTP&comma; TR-069<\/li>\n<li style='margin-bottom: 5px;'>Indicadores LED para estados de puerto y red<\/li>\n<\/ul><\/div>\n<\/p><\/div>\n<\/p><\/div>\n<div style='display: flex; flex-wrap: wrap; gap: 30px; margin-bottom: 30px;'>\n<div style='flex: 1 1 300px; min-width: 280px;'>\n<h3 style='font-size: 22px; border-bottom: 2px solid currentColor; padding-bottom: 5px; margin-top: 0; color: inherit; opacity: 0.8;'>Aplicaciones y Casos de Uso<\/h3>\n<p style='font-size: 15px; color: inherit;'>Ideal para empresas que deseen integrar tel\u00e9fonos anal\u00f3gicos a redes VoIP&comma; proporcionando una calidad de voz superior y un rendimiento de red confiable.<\/p>\n<\/p><\/div>\n<\/p><\/div>\n<hr style='border: 0; border-top: 1px solid rgba(150&comma; 150&comma; 150&comma; 0.3); margin: 30px 0;'> <\/div>\n","protected":false},"excerpt":{"rendered":"<p>Gateway 8 Puertos FXS (Conectar Tel\u00e9fono An\u00e1logo) con Router NAT Gigabit \/ 2 Perfiles SIP \/ Cifrado AES \/ Conferencia de Voz 3 Participantes \/ Calidad de Voz HD \/ Fax T.38 \/ 2 Puertos Gigabit \/ Aprovisionamiento Automatizado TR069<\/p>\n","protected":false},"featured_media":82206,"comment_status":"open","ping_status":"closed","template":"","meta":[],"product_brand":[],"product_cat":[2040],"product_tag":[93,909,2004],"class_list":{"0":"post-82207","1":"product","2":"type-product","3":"status-publish","4":"has-post-thumbnail","6":"product_cat-accesorios-voip-telefonia-ip-videoconferencia","7":"product_tag-accesorios","8":"product_tag-grandstream","9":"product_tag-voip-telefonia-ip-videoconferencia","11":"first","12":"instock","13":"sale","14":"shipping-taxable","15":"purchasable","16":"product-type-simple"},"_links":{"self":[{"href":"https:\/\/soydeaqui.ddns.net\/pachuca\/index.php\/wp-json\/wp\/v2\/product\/82207","targetHints":{"allow":["GET"]}}],"collection":[{"href":"https:\/\/soydeaqui.ddns.net\/pachuca\/index.php\/wp-json\/wp\/v2\/product"}],"about":[{"href":"https:\/\/soydeaqui.ddns.net\/pachuca\/index.php\/wp-json\/wp\/v2\/types\/product"}],"replies":[{"embeddable":true,"href":"https:\/\/soydeaqui.ddns.net\/pachuca\/index.php\/wp-json\/wp\/v2\/comments?post=82207"}],"wp:featuredmedia":[{"embeddable":true,"href":"https:\/\/soydeaqui.ddns.net\/pachuca\/index.php\/wp-json\/wp\/v2\/media\/82206"}],"wp:attachment":[{"href":"https:\/\/soydeaqui.ddns.net\/pachuca\/index.php\/wp-json\/wp\/v2\/media?parent=82207"}],"wp:term":[{"taxonomy":"product_brand","embeddable":true,"href":"https:\/\/soydeaqui.ddns.net\/pachuca\/index.php\/wp-json\/wp\/v2\/product_brand?post=82207"},{"taxonomy":"product_cat","embeddable":true,"href":"https:\/\/soydeaqui.ddns.net\/pachuca\/index.php\/wp-json\/wp\/v2\/product_cat?post=82207"},{"taxonomy":"product_tag","embeddable":true,"href":"https:\/\/soydeaqui.ddns.net\/pachuca\/index.php\/wp-json\/wp\/v2\/product_tag?post=82207"}],"curies":[{"name":"wp","href":"https:\/\/api.w.org\/{rel}","templated":true}]}}