{"id":82085,"date":"2026-03-19T19:11:38","date_gmt":"2026-03-19T19:11:38","guid":{"rendered":"https:\/\/soydeaqui.ddns.net\/pachuca\/index.php\/producto\/carrete-de-4-km-fibra-ptica-area-figura-8-armada-antirroedor-g-652d-monomodo-de-6-hilos-exterior-span-120\/"},"modified":"2026-03-19T19:11:39","modified_gmt":"2026-03-19T19:11:39","slug":"carrete-de-4-km-fibra-ptica-area-figura-8-armada-antirroedor-g-652d-monomodo-de-6-hilos-exterior-span-120","status":"publish","type":"product","link":"https:\/\/soydeaqui.ddns.net\/pachuca\/index.php\/producto\/carrete-de-4-km-fibra-ptica-area-figura-8-armada-antirroedor-g-652d-monomodo-de-6-hilos-exterior-span-120\/","title":{"rendered":"Carrete de 4 Km Fibra ?ptica A?rea Figura 8 Armada Antirroedor G.652D, Monomodo de 6 Hilos, Exterior, Span 120"},"content":{"rendered":"<div style='width: 100%; max-width: 1200px; margin: 0 auto; font-family: sans-serif; line-height: 1.6; color: inherit; background-color: transparent;'> <!-- Logo --> <\/p>\n<div style='width: 100%; text-align: center; margin: 20px 0;'> <img style='width: 100%; max-width: 450px; height: auto; border: 1px solid rgba(150&comma;150&comma;150&comma;0.3); border-radius: 8px;' src='https:\/\/ftp3.syscom.mx\/usuarios\/orobles\/FiberHome\/linkedpro_by_fiberhome_logo2.png' alt='Logo'> <\/div>\n<p> <!-- Descripci\u00f3n --> <\/p>\n<div style='display: flex; flex-wrap: wrap; gap: 30px; margin-bottom: 30px;'>\n<div style='flex: 1 1 300px; min-width: 280px;'>\n<h3 style='font-size: 22px; border-bottom: 2px solid currentColor; padding-bottom: 5px; margin-top: 0; color: inherit; opacity: 0.8;'>Caracter\u00edsticas<\/h3>\n<p style='font-size: 15px; color: inherit; margin-top: 10px; margin-bottom: 10px;'>El cable de fibra \u00f3ptica <strong>Figura 8 ARMADA<\/strong> est\u00e1 dise\u00f1ado para instalaciones a\u00e9reas entre postes. Este tipo de cables ofrecen resistencia a la tracci\u00f3n necesaria gracias a su mensajero de acero.<\/p>\n<\/p><\/div>\n<\/p><\/div>\n<p> <!-- Especificaciones T\u00e9cnicas --> <\/p>\n<div style='display: flex; flex-wrap: wrap; gap: 20px; margin-bottom: 30px;'>\n<div style='flex: 1 1 250px; border: 1px solid rgba(150&comma; 150&comma; 150&comma; 0.4); border-radius: 8px; overflow: hidden; display: flex; flex-direction: column;'>\n<div style='padding: 15px; border-bottom: 1px solid rgba(150&comma; 150&comma; 150&comma; 0.2); font-weight: bold; font-size: 18px; color: inherit;'>Especificaciones T\u00e9cnicas<\/div>\n<div style='padding: 15px; color: inherit;'>\n<ul style='padding-left: 20px; margin: 0; font-size: 14px; list-style-type: disc;'>\n<li style='margin-bottom: 5px;'><strong>Fibra \u00d3ptica:<\/strong> Figura 8 Armada G.652D Monomodo Loose Tube<\/li>\n<li style='margin-bottom: 5px;'><strong>Cubierta Exterior:<\/strong> HDPE (Polietileno de Alta Densidad)<\/li>\n<li style='margin-bottom: 5px;'><strong>Mensajero:<\/strong> Acero galvanizado<\/li>\n<li style='margin-bottom: 5px;'><strong>M\u00e1xima tensi\u00f3n:<\/strong> 8000 N<\/li>\n<li style='margin-bottom: 5px;'><strong>Temperatura de operaci\u00f3n:<\/strong> -20\u00baC a +70\u00baC<\/li>\n<li style='margin-bottom: 5px;'><strong>Span:<\/strong> 120 metros (distancia entre postes)<\/li>\n<li style='margin-bottom: 5px;'><strong>Protecci\u00f3n:<\/strong> Rayos UV y humedad<\/li>\n<li style='margin-bottom: 5px;'><strong>Ancho del cable:<\/strong> 10.5 \u00b1 0.5 mm (Tubo \u00d3ptico)<\/li>\n<li style='margin-bottom: 5px;'><strong>Alto del cable:<\/strong> 17.9 \u00b1 0.5 mm (Tubo \u00d3ptico + Mensajero)<\/li>\n<li style='margin-bottom: 5px;'><strong>Di\u00e1metro de mensajero:<\/strong> 3.6 mm<\/li>\n<li style='margin-bottom: 5px;'><strong>Di\u00e1metro mensajero + forro:<\/strong> 5.6 \u00b1 0.5 mm<\/li>\n<li style='margin-bottom: 5px;'><strong>Radio m\u00ednimo de curvatura:<\/strong> Instalaci\u00f3n 25D&comma; Operaci\u00f3n 15D<\/li>\n<li style='margin-bottom: 5px;'><strong>Resistencia al aplastamiento:<\/strong> 2000N<\/li>\n<li style='margin-bottom: 5px;'><strong>Peso nominal:<\/strong> 181 \u00b1 15 kg\/km<\/li>\n<li style='margin-bottom: 5px;'><strong>Hilos:<\/strong> 6<\/li>\n<li style='margin-bottom: 5px;'><strong>Forro:<\/strong> Negro<\/li>\n<li style='margin-bottom: 5px;'><strong>Precio:<\/strong> Por carrete de 4 km<\/li>\n<li style='margin-bottom: 5px;'><strong>Peso bruto del carrete:<\/strong> 724 kg<\/li>\n<\/ul><\/div>\n<\/p><\/div>\n<\/p><\/div>\n<p> <!-- Preformado compatible --> <\/p>\n<div style='display: flex; flex-wrap: wrap; gap: 30px; margin-bottom: 30px;'>\n<div style='flex: 1 1 300px; min-width: 280px;'>\n<h3 style='font-size: 22px; border-bottom: 2px solid currentColor; padding-bottom: 5px; margin-top: 0; color: inherit; opacity: 0.8;'>Preformado compatible<\/h3>\n<p style='font-size: 15px; color: inherit; margin-top: 10px; margin-bottom: 10px;'><a style='color: inherit; text-decoration: underline;' href='https:\/\/www.syscom.mx\/producto\/GDE-2503-PLP-207335.html' target='_blank'>GDE-2503<\/a><\/p>\n<\/p><\/div>\n<\/p><\/div>\n<p> <!-- Separador final --> <\/p>\n<hr style='border: 0; border-top: 1px solid rgba(150&comma; 150&comma; 150&comma; 0.3); margin: 30px 0;'> <\/div>\n","protected":false},"excerpt":{"rendered":"<p>Carrete de 4 Km Fibra ?ptica A?rea Figura 8 Armada Antirroedor G.652D, Monomodo de 6 Hilos, Exterior, Span 120<\/p>\n","protected":false},"featured_media":82084,"comment_status":"open","ping_status":"closed","template":"","meta":[],"product_brand":[],"product_cat":[610],"product_tag":[612,611,673],"class_list":{"0":"post-82085","1":"product","2":"type-product","3":"status-publish","4":"has-post-thumbnail","6":"product_cat-cable","7":"product_tag-cable","8":"product_tag-fibra-optica","9":"product_tag-linkedpro-by-fiberhome","11":"first","12":"instock","13":"sale","14":"shipping-taxable","15":"purchasable","16":"product-type-simple"},"_links":{"self":[{"href":"https:\/\/soydeaqui.ddns.net\/pachuca\/index.php\/wp-json\/wp\/v2\/product\/82085","targetHints":{"allow":["GET"]}}],"collection":[{"href":"https:\/\/soydeaqui.ddns.net\/pachuca\/index.php\/wp-json\/wp\/v2\/product"}],"about":[{"href":"https:\/\/soydeaqui.ddns.net\/pachuca\/index.php\/wp-json\/wp\/v2\/types\/product"}],"replies":[{"embeddable":true,"href":"https:\/\/soydeaqui.ddns.net\/pachuca\/index.php\/wp-json\/wp\/v2\/comments?post=82085"}],"wp:featuredmedia":[{"embeddable":true,"href":"https:\/\/soydeaqui.ddns.net\/pachuca\/index.php\/wp-json\/wp\/v2\/media\/82084"}],"wp:attachment":[{"href":"https:\/\/soydeaqui.ddns.net\/pachuca\/index.php\/wp-json\/wp\/v2\/media?parent=82085"}],"wp:term":[{"taxonomy":"product_brand","embeddable":true,"href":"https:\/\/soydeaqui.ddns.net\/pachuca\/index.php\/wp-json\/wp\/v2\/product_brand?post=82085"},{"taxonomy":"product_cat","embeddable":true,"href":"https:\/\/soydeaqui.ddns.net\/pachuca\/index.php\/wp-json\/wp\/v2\/product_cat?post=82085"},{"taxonomy":"product_tag","embeddable":true,"href":"https:\/\/soydeaqui.ddns.net\/pachuca\/index.php\/wp-json\/wp\/v2\/product_tag?post=82085"}],"curies":[{"name":"wp","href":"https:\/\/api.w.org\/{rel}","templated":true}]}}