{"id":81940,"date":"2026-03-19T19:05:37","date_gmt":"2026-03-19T19:05:37","guid":{"rendered":"https:\/\/soydeaqui.ddns.net\/pachuca\/index.php\/producto\/sierra-circular-inalmbrica-sin-escobillas-de-20v-incluye-una-bateria-de-4-0ah-y-cargador\/"},"modified":"2026-03-19T19:05:49","modified_gmt":"2026-03-19T19:05:49","slug":"sierra-circular-inalmbrica-sin-escobillas-de-20v-incluye-una-bateria-de-4-0ah-y-cargador","status":"publish","type":"product","link":"https:\/\/soydeaqui.ddns.net\/pachuca\/index.php\/producto\/sierra-circular-inalmbrica-sin-escobillas-de-20v-incluye-una-bateria-de-4-0ah-y-cargador\/","title":{"rendered":"Sierra circular Inalmbrica sin escobillas de 20V, Incluye una Bater\u00eda de 4.0Ah y Cargador."},"content":{"rendered":"<\/p>\n<p style='text-align: center;'><span style='font-family: tahoma&comma; arial&comma; helvetica&comma; sans-serif; font-size: 12pt;'><img class='fr-fic fr-dii' src='data:image\/png;base64&comma;iVBORw0KGgoAAAANSUhEUgAAANcAAABnCAIAAAAc1UCXAAAT7klEQVR4Ae2dd1gbR\/rHBTZuJE7suCUmubSLfYmd\/iTPXS6\/5HJpvzzJJffLpdwjATZgg8GY2MEluLfExnFix7Fjp5zL4TSrAqIITDFgehEguqkSIASoorba2V+khWG1orotQcOzf8xKu7Pzvu9nvzPzzshmYY4\/FpuLDuSBm+wBkj0Mw1iIwpvsevQ46AFEIdJ+5j2AKGQ+BlAS3LaAKEQUMu8BRCHzMXBbCYSGIwoRhcx7AFHIfAygJLhtAVGIKGTeA4hC5mPgthIIDUcUIgqZ9wCikPkYQElw2wKiEFHIvAcQhczHwG0lEBqOKEQUMu8BRCHzMYCS4LYFRCGikHkPIAqZj4HbSiA0HFGIKGTeA4hC5mMAJcFtC4hCRCHzHkAUMh8Dt5VAaDiiEFHIvAcQhczHAEqC2xYQhYhC5j2AKGQ+Bm4rgdBwRCGikHkPIAqZjwGUBLctIAoRhcx7AFHIfAzcVgKh4YhCRCHzHkAUMh8DKAluW0AUIgqZ9wCikPkYuK0EQsMRhYhC5j2AKGQ+BlAS3LaAKEQUMu8BRCHzMXBbCYSG3xAKH94kqZBrcQBGOKw2vENrzqzrjk6sfzU62ztQ6MGZhEB4cLhT\/XhLN0nWxkjP5rQmV3VJarsFJYrdouq\/H8ia5s+flFZDvMZYuDEUbpZUKnTEmP8AQbSrTd9mNL1yIGtOcOwYmz7BL5u2gv\/0jrSdgqpyudaGgyGd0W2wnM5qfuuLnElj9dUFZUJQCCPUY7D8N6d1eVTK1Rkzce6aHxr\/eWJ9Q5cBB0PzB00mCKLHYBGWtL\/4Wabb6uLEopAgCBwQnVrz8\/szJw5S423J8q2p1e264fSPyh+13G2whJwpnerHG+\/jJsH1E45CMjAao\/Wdo7lefvzfnYuf25shbdNQ8Rp7WWfC1v8oneb\/+7P6GsN0QyicvyYu7FzZbkH1cMceYfWBhLrT2S3ZDT1Gi23IOFW1657dnX6N5t3k2x\/alFzcMjSCOCDkGlNJq7a4RdPYY8Rs+JBWG8y2iPPlnr52Rbzn4yR43GRDbvLjbgiFHmzuFF\/eVL8RDv40f753oHBeSNzDn6SczGjqc2ERACKpUnmT3XEtj5u9SjQkghYb\/kuh4sWDWYvDxQtC4xeExt0VLn5mT8bXaY1mbIg3sMdgeePzHJY\/X642kUdbr5E1qXvqG0LheGM5xZf3zle5DV0GV3nwO1U43toYuX6qH28bT0YbC2I2UNyiefGzS8M16aHNEolMabIO6iJmA9Xtun8ezWWt4ENvAABY\/pN5vHhDKPQOFP55T8Yr0VnweHbX6H3rC\/szG1V90PVkobXHOH9N3HBRnDif\/2mzpKxNS208ZgPcQsV96xNHbuRv6njCLop2EOW9puiEugc+TrLfgigc2XGjfvtQZHJmbXen1gyPpIrOUe9isbnvfJVnsjp1UjgAvkzIodcKgc\/6xPsik2cECvtbzuGyODz74fKf93pwuKtOl1idh3rSVs2DHyd5uFzsevu8NXFJlcpL9d3P78ucsVLQfwGi0NVT4\/rkYZesdUFj71hqmBMcKyrtoCoKQRAxOa1THKN1sgYPNnduSOxbR3LP5baVKXRShY5b2u77XdH80DjqZSw297Ck4VRG88mMpk\/FtbcECb0DhAtC4xZvSLorImFucKzXUFNRL3\/+Q5slx9MblXoz2Qy9GbtQpHhyV1pJq6al19jSawz4TwnNFi8\/vrC0ndpsGw7e+TKXdtkIp7eHxE2lJQScKfTw589YKbgjJG7R2viFYfG3rxYNmdPx4HBvDRI+\/+mlI6lXJLWqi\/U932Q0vX44Z67zWsDCtfHrL1QekDQckDT4\/1A8M0AwK0AwLyRuUbh4YWjc7FUimidhy29fHftydPbx9KbMKz0ZDT0nM5teO5yzdLMk\/KfyHbE1G3myJZsl8OKxF25Ij3zVFHr68iLOS8nuCQY1p657cbiYNMnLn\/\/G4Zz0GhXmvBoBCKK0VcM5VUh1X6e2n6QOjdnvu6If89ra1CYzhuvNWEmbdqeg6r4NTt3lzABBxHlpu8YEHw0LJgyHY76Pfiyn+dc7SNSlt8CLCYLIrOumtoR2\/ZhOnSl84WDWibTGyg59b5+1U2fOqu\/ZcqHyXpfu\/vn9mbGlHTRVttrw9BrVP768DF+8ZVtSZAOLW5IKpe+pwjM5rTWdenWftVNrlsiUYefKZq8SUds51Y\/\/v5\/nSGRKi7Pk4wA0dBl0Jsyefu+zvn1kHO8erH9iUchic1+Nzob0kHGt7dA\/ue0ii8315PA+PFHQ1mukxptaVukt4eel0DZYD2YDKr2FtohhwfA4acfs1YO+Dj8vVRut1AqHLLtS+MSONFrlnGsfRVApJIjmHiNtFcZqw7lFCp91CdDeP+\/LqFcaaJdBEzp15oDvi8kcEJVCdZ+1t49udZ\/Fxi1S3BrU7xxPDu+D4wWtw3uefMrkofDRqNQGpdNkuV1tetGxlLJkYzJMCNtw0NjddyT1yiFJQ6VicKECAADXXSCFMBI4ALQgRQmqyCgu2SLB8P65qhnDz+e1\/e1Q9lN70veLa2k650oh+2QhfARBEBgOfD4ahANSMr4ChUJYOa3xBEFs+qWCrHZhWDxspw0H9UpDdHL97vja4hYN7DdqO\/VPbktlsblUCoerHAAicqDypRuTy+X9cy8cB3K16fTl1jOXW1t6jNQlyslD4ZKNyTUdeugagiBUBsur0dksNnfTLxUkRAYz9ll87W0DMjZ9pSA8Rqoa6BP5xe3ejikFlUKl1nyhQL5LVP1dRtMVSkqoXWuetkLg6cuLyW0jH6rus\/p9V0RqBovN9eBwX\/g0s6V7UIBdKdzwo5TaYKXOsjAsfnzMuU5inCnUGrFEaedRSUPM5VbH8nT\/AysVWnsv4cvbwa8igdCZsF2CqlkDk6pZgcID4loyHQsAsTe2xoNDp1Cls\/CLFMdSGn7Nb+ugDEhSZF1zQ+wJiq1cGSn2BrPtYELt3DX9O05mr47dJaiGHcjkoXDZJyl1nU5aqDJYXnNQWNSiJn2fWN55+2qnrTeevry9ohoyDLWd+ie223twSKHBbNvwUzmJ5jR\/\/svRWdSR0x8+TrozXAwF+MuUBtddBatPl0DOXCn86LwThSr99adwl7B6bojdZC9\/\/ptfXFao+wevVgz3XiWcHxonqVSSLTyd1TwrQDjVn788KjXkbOm5nJbiZjUcapfLtZ4cHlULNUar78kCktrpKwX\/+OKyeqCDLmvTLnXMNmTt\/Tuk4so6aJ738uMfkTSQIj15KPyf\/ZltvU7zg3aN6W+fXpoWJIJrfUOmsl\/Yn0lOLFQGy5tfXqZSKO81LqaMnzw43HzKOtuyranP7EgjNcCGg5eis1xlbOYqEQykK4XvnyiAjDo2ZIA\/bHDk\/FwVbuyfOGvhLZS3ztOPl17dRT4RB2BRuPjhLSlSR7bSaLUdSKj7NKGuVmkwU2ZUsHkmKz5rdSyVwuRK5TyH4JFWewcKEyv6ga7u0D++LfWW1SJ8YC743tf5rs555WCWymCfnE0eCv2\/LdKbnVKG9UrD09sv3r4mDs5SXz+U4+qLZ3amXXEkvTVG7N1jeVQKW7uNd1AczWJzLzb0wMA8uu0ipBDDwYsHh6IwSARXOFwpXBaVShuxBZ+hZ3NcGzzKJxQKXddOkgZAwQFYHJHw+NbUaudhDLSOfCt6+6wyhU4s7djOl80IEFApFBW3z6EgPitACJNlDgov+kQkwNH0c\/uG2Ov0l93pLT32EcskoXDGSsHRlH55h37Mbei5JyJhqj+\/2\/HCEQSxjStzDeFbX1zWGO35gg6t+RWHnsEeubXbOM95AYZG4d0fJTQPLNvsFtW4Vv7e8XzImSuFMwOFcspwiiCIkhb1tBXXtjWGQiFBECzn7GYyhUKfiMQHI5MKm\/qHK9BvAAC5xiQq7djOq\/rn0dxHtkhmBvSnxJ0oLBmFwpkBQtgPhJ4rc3XO20dytZMpU3N3REJtp9PUhCCIXwvkZKIrvryTdLFMoaWlyrz8+NwiBTmClrZp\/7gx2UkLXZYBaRR6+vISKvor1xgxclgJ3X3v+sSm7sGlRVcKp\/rxfsrvn9yQLcQBsfL7IljD1RRGpFDiTOGsQCG\/SAH5a9eaT11qfv2LnDvXim8NEs4Pje9fFRwYD4yLQhabm3ull6y8qEm9wHni5eXHvzDg+cmghZ6+vJ2iauhKsgAAWHOmlIwi+5tCo2N9DwdALO14dmfanWvj7wyLf2SL5Ex2C+w1jl+8QmaMB7VwNApZbO5LB7Pgvp7ePmvYubLln6Qs3ZT87ld5JS0aajrQlUIPDpdzqhB22WTL6zv1T2y76DrRoRHpwebeHZEQW9bx4YmCOcGxgyt+I1M4MBfBAfCJsOfe\/b8tglOulKqup7ZfvGuteFFY\/PJPUn641NylM792MAvu16RSGDuaFrLY3LCzpWTlGA7O57U9FpU6f03c\/DVxSzYlf5\/ZBD3\/u6fQk8N7\/3i+3mzvUql\/3XqLz7r+hZOFofG8IgVMUCm15vTqrrSqLupspqpdB9\/7cVH428+U9sXWQJJwAJR6S5vGBJNtsFWuFLLY3Ps\/TsobEAzyShyAVFnX4458O4086un9G5J+LZBbbcBoscVcbh3cUjlOCm8NEv6Y1wbfFpXecqlGlSLrahlIdyu15tcdqQZavjC2dJQemcXm+qxLSJF1kWMSQBBNqj5xWYe4rKNpYBhDmvz7pnCKL++D4\/nyoVLzURcGh4AeHO7SjclFTf29A8QCFmRy3SNbBtcxx0Uhi829bZXooLiWlFtYp2thSAo9fXnhMVI4fyLvwgFo7DKs+L7Ya8gxIof76qHs0hYN1DAbDuS9pq08+wSCuqdm1HEhifWc4Nif8tugMtFaXtqq+SO5W8c5az0WLfTk8J7akVbnvJpAq\/93MDspaVbPDY69g3aExC4Ijbs\/MulQYp2rCtrH+K0aT5fdnd6BopPpjR1qk9Fis+HAhgOTFVfpLNxC+QPO+ZHWXqMFwy0Y3qA03OE8O0mq6ya\/smD4sq325QTymOLLe\/dYXnGzWqkza42YzoSp9Jaqdt1mnszi2HxFEESEyzoyee+0lYLUqn7BoEYIB6CgWR10puTBzRKfdWKfcPG9kUnvnyiQyLpo1JJ3KbXm5\/aks1bwSeswHGA4oM1OEqSdNsfnFgxfNLDIzmJzZweJtvGqmlV9WhNmxnCLzb5oLu81Hk1psJM9YOYjWyTlbfZfBmI4EBQpnOfIAkFxO\/noSoXuMcdaC3njorViXrFCpTdbMHuHBABhseE9Bktdp97g2KQ80bVQa8LSalTpzkdGTXdRi4ZcCKeGjSzLe41vHB4iI8Ni23\/h+9jW1ODTJXuE1XtF1eH\/Lfvr3ozpLnqz5mxp5M8VkT9XBJ8uHdwx5YjEBycLyK8if66YF0rfvzh9peDpnWn\/+irv38cL\/rovc05I7JtHcuFIYMX3xTCctMKd4eL0ahWcTdOMIn+CrdCYRpBbld7i\/10Ri8P9bXP1Ln7VLn7VTl7VDp6MRdlVxGJzfU8Wkt9u58q8gwb2npGQcbj3bUh671j++vPSjT9XsE8WLN0smeL8Mi8IjQs7W2qvnF\/14df5VOd4+fH\/fbyArDzsbOmitU6LQNNX8J\/fl7nxp4rDSfWHk+o3\/VLx8oGsfx3PJ1eiewyWtx2ZWppbRj29SbsZaPEY9dRsxdfFSGesGHx9h7Xk+v2W3suf\/9zejEe3pnpS0iILw8XrYqTNjnwYQRAAgGVRg9rp2qrlUSmZNcOCOLLhnVoz+1QhXDx0rZzZT+ZQ+hNPPx5J9oMbk2EPoFCbXhp+Y\/kIjZ9wFAKC6DPb1sYMkZcawYzr8tVd4eLiVg0AQG20VrTrcpvUTd32Ph2iAwgiWTb6T2F8IhIu1XZbbXCqACsYtgAAIe81vn0012OoXbTXxbprrGThWnFjlyG\/SX0osS7sXFngD8VbuTJxhRKjmJlT33N1C+gTi0KjxZZUoXztkH3vws0\/PvimYMiBGsmODQeXG3rIddVR2zYjQBD5c0Vxi3pUFnEAWnuMP1xqemTLxP23ADw4vOAzJTCTNeTL1KW3\/J9jyWpU57heMCEoBATRpTP\/ki9\/71je4nDxqDk2VzOuyyfvn8jPquvus2Cu08wOjf0XIX\/aLPEcs1b9lspesjF59X9Kkis6yaUFWvBsOF4u1+6LrXlubwZc1bguhlz3SrwDhV+lNAz361UbDrLre16NzqaNPsfejBtC4bw1ccHnyrYJqkY9oriy4NMlT+9KmxkgHHuAx27euK70cGyknRUk\/MvezODTpVH8qm3CqrCzpc\/sSvfyu\/p\/1siTw7vNsVF+y6+VhyUNxy427hTVsE8W3LM+cYovj6lXblyeIbcYPxCZtC5G+muRokFlMFttJqututPwQ1bLywezXKeG46r\/hlA4rhagi5EHEIUMDEARdjQPIAoRhcx7AFHIfAxowuCGp4hCRCHzHkAUMh8DNxQ\/msmIQkQh8x5AFDIfA5owuOEpohBRyLwHEIXMx8ANxY9mMqIQUci8BxCFzMeAJgxueIooRBQy7wFEIfMxcEPxo5mMKEQUMu8BRCHzMaAJgxueIgoRhcx7AFHIfAzcUPxoJiMKEYXMewBRyHwMaMLghqeIQkQh8x5AFDIfAzcUP5rJiEJEIfMeQBQyHwOaMLjhKaIQUci8BxCFzMfADcWPZjKiEFHIvAcQhczHgCYMbniKKEQUMu8BRCHzMXBD8aOZjChEFDLvAUQh8zGgCYMbniIKEYXMewBRyHwM3FD8aCYjChGFzHsAUvj\/h+E3fXQU5i0AAAAASUVORK5CYII=' alt='' \/><\/span><\/p>\n<p style='text-align: justify;'><span style='color: #000000; font-family: helvetica&comma; arial&comma; sans-serif; font-size: 12pt; text-align: start; background-color: #ffffff;'>La Sierra circular inal\u00e1mbrica <strong>DCMY-125-DM<\/strong> es una herramienta vers\u00e1til&comma; viene equipada con bot\u00f3n de bloqueo manual para cambio de disco r\u00e1pido. Ajuste de profundidad y ajuste de \u00e1ngulo de corte r\u00e1pido&comma; todo esto le permite realizar diferentes trabajos con gran precisi\u00f3n y profesionalismo&comma;<\/span><\/p>\n<p style='text-align: center;'>\n<div class='row'>\n<div class='col-sm-4'>\n<div style='border-left: 5px solid #E42327; border-radius: 5px; padding: 5px; box-shadow: 2px 2px 10px #d8d8d8; -webkit-box-shadow: 2px 2px 10px #d8d8d8;'>\n<p><span style='box-sizing: border-box; font-family: helvetica&comma; arial&comma; sans-serif; font-size: 12pt;'><strong style='box-sizing: border-box;'><span style='box-sizing: border-box; color: #2880b9;'><span lang='ES' style='box-sizing: border-box; line-height: 17.12px;'>Especificaciones<\/span><\/span><\/strong><\/span><\/p>\n<ul>\n<li><span style='font-family: helvetica&comma; arial&comma; sans-serif; font-size: 16px;'><strong>Voltaje de Operacion:<\/strong> 20Vcc<\/span><\/li>\n<li><span class='OYPEnA font-feature-liga-off font-feature-clig-off font-feature-calt-off text-decoration-none text-strikethrough-none' style='font-weight: bold; font-kerning: none; font-size: 1em; --plq4za: 0; font-family: helvetica&comma; arial&comma; sans-serif;'>Velocidad:<\/span><span class='OYPEnA font-feature-liga-off font-feature-clig-off font-feature-calt-off text-decoration-none text-strikethrough-none' style='font-kerning: none; font-size: 1em; --plq4za: 0; font-family: helvetica&comma; arial&comma; sans-serif;'>4&comma;200 \/ 6700 rpm<\/span><\/li>\n<li><span style='font-family: helvetica&comma; arial&comma; sans-serif; font-size: 16px;'><span class='OYPEnA font-feature-liga-off font-feature-clig-off font-feature-calt-off text-decoration-none text-strikethrough-none' style='font-weight: bold; font-kerning: none; font-size: 1em; --plq4za: 0;'>Di\u00e1metro M\u00e1ximo de Disco:<\/span> 5 in<\/span><\/li>\n<li><span style='font-family: helvetica&comma; arial&comma; sans-serif; font-size: 16px;'><strong>Eje del Disco:<\/strong> 3\/4 in.<\/span><\/li>\n<li><span style='font-family: helvetica&comma; arial&comma; sans-serif; font-size: 16px;'><strong>Peso: <\/strong>2.4 Kg<\/span><\/li>\n<\/ul><\/div>\n<\/p><\/div>\n<div class='col-sm-8'>\n<div style='border-left: 5px solid #E42327; border-radius: 5px; padding: 5px; box-shadow: 2px 2px 10px #d8d8d8; -webkit-box-shadow: 2px 2px 10px #d8d8d8;'>\n<p><span style='box-sizing: border-box; font-family: helvetica&comma; arial&comma; sans-serif; font-size: 12pt;'><strong style='box-sizing: border-box;'><span lang='ES' style='box-sizing: border-box; line-height: 17.12px; color: #2880b9;'><span lang='ES' style='box-sizing: border-box; line-height: 19.2px;'>Caracter\u00edsticas<\/span><\/span><\/strong><\/span><\/p>\n<ul>\n<li><span style='font-family: helvetica&comma; arial&comma; sans-serif; font-size: 12pt; color: #000000;'><span style='letter-spacing: 0.6px;'>Motor sin escobillas <\/span><span style='background-color: #ffffff;'>(Brushless) da mayor potencia y alta eficiencia<\/span><\/span><\/li>\n<li><span style='font-family: helvetica&comma; arial&comma; sans-serif; font-size: 12pt; color: #000000;'><span style='background-color: #ffffff;'>Boton de Bloqueo para cambio rapido de Discos<\/span><\/span><\/li>\n<li><span style='font-family: helvetica&comma; arial&comma; sans-serif; font-size: 12pt; color: #000000;'><span style='background-color: #ffffff;'>Dos Velocidades<\/span><\/span><\/li>\n<li><span style='font-family: helvetica&comma; arial&comma; sans-serif; font-size: 12pt; color: #000000;'><span style='background-color: #ffffff;'>Cuerpo ultra compacto la hace m\u00e1s confortable en el manejo<\/span><\/span><\/li>\n<li><span style='font-family: helvetica&comma; arial&comma; sans-serif; font-size: 12pt; color: #000000;'><span style='background-color: #ffffff;'>Arranque suave para operaci\u00f3n sin esfuerzo<\/span><\/span><\/li>\n<\/ul><\/div>\n<\/p><\/div>\n<\/p><\/div>\n<p style='text-align: center;'>\n<p style='text-align: left;'><strong><span style='font-family: helvetica&comma; arial&comma; sans-serif; color: #2880b9;'>Accesorios Incluidos:<\/span><\/strong><\/p>\n<ul type='disc'>\n<li class='MsoNormal' style='line-height: normal;'><span style='font-size: 13.5pt; font-family: 'Helvetica'&comma;sans-serif; mso-fareast-font-family: 'Times New Roman'; mso-fareast-language: ES-MX;'>Bater\u00eda 4.0 Ah<\/span><\/li>\n<li class='MsoNormal' style='line-height: normal;'><span style='font-size: 13.5pt; font-family: 'Helvetica'&comma;sans-serif; mso-fareast-font-family: 'Times New Roman'; mso-fareast-language: ES-MX;'>Cargador<\/span><\/li>\n<li class='MsoNormal' style='line-height: normal;'><span style='font-size: 13.5pt; font-family: 'Helvetica'&comma;sans-serif; mso-fareast-font-family: 'Times New Roman'; mso-fareast-language: ES-MX;'>Correa de suspensi\u00f3n<\/span><\/li>\n<li class='MsoNormal' style='line-height: normal;'><span style='font-size: 13.5pt; font-family: 'Helvetica'&comma;sans-serif; mso-fareast-font-family: 'Times New Roman'; mso-fareast-language: ES-MX;'>Hoja Sierra<\/span><\/li>\n<li class='MsoNormal' style='line-height: normal;'><span style='font-size: 13.5pt; font-family: 'Helvetica'&comma;sans-serif; mso-fareast-font-family: 'Times New Roman'; mso-fareast-language: ES-MX;'>Llave Hexagonal<\/span><\/li>\n<\/ul>\n<p style='text-align: center;'><img class='fr-fic fr-dii' src='data:image\/png;base64&comma;iVBORw0KGgoAAAANSUhEUgAAAgAAAABbCAYAAAAFrj3nAAAAAXNSR0IArs4c6QAAAARnQU1BAACxjwv8YQUAAAAJcEhZcwAADsMAAA7DAcdvqGQAACEMSURBVHhe7Z17rFxVucB3qb2th7bHYnmUlgKpSEuNj2Ba4AqJRktvVFArLRivUR4N\/kGEgiERKIKPhCAUY7wlQCnxGrAqRTBGqEYD9qqAxEf6QuilArWllNbT1nK4tYc7v33WgnV292N9e\/ZrZr5fsjNr73ntWTOzv\/e3Rg0NDb0eCBk1apQZKYqiKIrSiRxmbkW8\/rpYZ1AURVEUpUHkUgAURVEURelsVAFQFEVRlB5EFQBFURRF6UFUAVAURVGUHkQVAEVRFEXpQVQBUBRFUZQeRBUARVEURelBVAFQFEVRlB5EFQBFURRF6UFUAVAURVGUHkQVAEVRFEXpQXIrALoegKIoiqJ0LrlWA7ToqoCKoij18Lvf\/c6Mms\/s2bODiRMnmj2lKagCoCiK0gH88Ic\/DB5++OHgkUceMUc6j9NPPz1YuHBhuCn1U4gCMLhufbDv4Z+Ht0MDA+ExRSmDvn8\/Ixg7+13BhP+Yb44oSnezfv364MILLwxefPFFc6TzmTZtWnDbbbeFCkERTJ061Yx6k61bt5qRjLYUgD0tjXTnzd8KDnTRD1PpDMa0LiCTFi8Ojlh8iTkiA2V1x3XXmT1FSaf\/\/EVB\/6JFZq86sPqvuOIKs9d9LFu2rBBvgCoAFSoAQ6++Gmy98WvB\/nvuMUcUpR7Gzp4dTLtnZTDmuOPMET\/2\/\/a3wfOfWmD2FCWdyVdd2dquMnvVgOU\/b948szeSU045Jejv7zd7zWdgYCDYsGGD2RvJihUrgvnz2\/PoqQJQkQKA8H\/hiiXB4IMPmiOKUi+HTZwYTF+9Ohj3rtnmSDaqACgS6lAA5s6de4jb\/7zzzguuvPLK4DihwtsE9uzZE9x5553Brbfeao4MM2HChOCJJ55oK0lQFYB8CoC4DFCFv9I0hloXlq2f\/3xwcGCPOaIonQ2u\/6jwx11O3LwThT8g4FFefvzjH5sjw+zduzdUDJTqESkAr\/zkJyr8lUZCHorG9JVuISoQlyxZ0jWZ8yT+ffWrXzV7w6DwKNXjHQLA9b953rxg6NnN5khncfiFXwgmLVoU9J18cnDYuHHmaBC8+swzwa7Vq4O9y24zR5rBmLPODI5YvDgYf+qpwZhJk8zRlqDbvTvY8+ijwa5bbw0O\/vUZc1SxzHjyCa98AA0BKBKqDAHgKp81a5bZG2bjxo1dV0c\/c+bM0Pq3rFmzJuwXoFSHtwdgz9q1HSn8R7\/zpOD43zwWHPfNbwbj3\/OeEcIf3nrSScHUq68Ojv7+f5sj9fO265cGM1oa8aQPf3iE8Af23\/6JTwTT77sv\/GzKSHbdoa5EpbMh+c8Fi7kbm+hEE\/9QfJRq8VYA9v7q12bUOSAgEZQI+SwQtngJ6uaIb90cHPPFL5q9ZMZOnRocfdNNZk+x7Pv5z81IUZQm06m5DN2EtwLQiSV\/k5cuDQWlL31z5phRPeD2P+qznzV72UwsqIlGN6E9KRQlmxdeeCHsKnjLLbcEl19+efDpT386duM+HsNjeY7SXXjnADw95Vgz6hzeueW5Q1z+aZAP8LczzzJ71XPsA6vFQn3TMVPMSLFMX31\/0HfGGWYvnjpyAMZ98hPB6EmTgrGnnBKMHj\/eHB3JgW3bggOtC+3g2rWV5XjY84pTgA\/u2xe8tmFD8H\/PPhsceOw35mjvUWUOAD3+Eb4WQgDRzPk8IMTZeP28XQXp4IfrnoTEduP1KBZuSSCfMW9nQJIIowoK5+h6Gbg\/mmx4Rus64fuehGbYeB2eJ1nfgM\/qwvMuuUTexMznc0qoTQGwFx0f8lwMcecT95dAlcPLl2a738vixKf+IPJYgCoAh9IUBYAQVP\/ixcGEuXO9wlBRSPh8ddOmYOCnPw3+efdKc7R98DRNOOcc8XnlTUAlp2XMlJG\/03\/ce+8bCgXXgglnnx2OLShC\/7jhRrM3DPN5xJIlZm8Y93WAz\/a2z3zG7A3j\/qej74WCs+uqL5u9ZDpVAbBCj6oCN+GuCDgvyvryCu0iFQDmK7o4UrTLYHRegeoKPkMazB\/nGqc0+fZliOtT8Pvf\/14suKOJk9DOvIn7ABTFCcuXhwLaZ6vKEhp8+mkzqgep8N\/35z+bkdIkEFR4c0567LEwpJNH+AMJn3iE+A+QyIpwaweez3mRYJrnvGwC6ow1a8JcFV\/efv754fPc7fAPftDc2xKul156yP1jY84N4R993LhTTzX3DjO0fXswqWWhuo+xuT18L1Nbc+neN1SwUKyDuOQ5jl1\/\/fXBaaedFgrZooU\/WIHK+zQxge+3LSW\/HfhMrMFAK+Ykj8mPfvSj4CMf+cghngUfpM\/Be1P091iLAiC5kGF15OGg8Hmvbd1aeykgIQgJu1etMiOlKUy44vJQQBadn4GwPvF73wst2DwcefvyUPAXcV6E1VAgUCZ8iFaygPUIcC2gOifKgZYgd+FxCPYo404+2YyGwVjY3bpQuvR\/\/OPh7ZTvfGfEuez+5S8P8TJ0IggGugZagcL+nDlzgrvuuivc94FufFiRWMTRjePcnwTvgxCMVi\/UDfPQDgh\/n5UXEcooCdL3y6MAFE0tCkBUa0\/jXzt3mpGMwQd+4i1QhwYHg21f\/7rZq4+B1gXJFy5eRbqFlfahlJSSUkneiQRed\/qyZSIlAKsX7wHWbtGgTGR5ArIqa+h1EQd5By5Hti6wcfPaFxOHJizgwnmiALmKBt6zlz77n2avs8HNj4WKEMJFfNFFF3lbimeffXbYi3\/Tpk2hKxl3dnTjOPfzOFzeccoA779gwYJGKQHMQd7zweUfDSlkQcJkND6fBnMmOb\/uUQAiWnsa+9v4Qf39mmtCyz4N7n++9cdBYagbrJE9GT86lJXty5d3zcWrW0D4U0paNgjBo1tWmQ8If98y2LzgCUhTSJKaMo05+ujw\/Po\/8AFzZCSucsvru54L9z89Nub1yQmI\/o9cBYjnb7vsMrPX+biCylfwY9UTg7777rsPqcdPgsfRipi+\/XgGoooA7900JSBPGAAhHl2vAFiAiQ6GbChCUawnQIKvFwDh7\/vdSqhFARh74olmlE07cXkuBM9fcEGw4\/vfD70B7sYFYutNNwXPnfr+Rgh\/y98\/+angha98JTy\/6DnzOejG2A1uy24Ct38Vwt+CQPfpWTGtZbFJ80ryQAw\/CTeW7+asjJk8OZjQ+m9aq94V6tGwn6vwcN\/Ar9\/sScLz40KKLy9bZkYjsd6+qvKKqkBidSK0EWBY9Xkzx21P\/1\/84hehB8EFIYXrvCk5AVIrHuKEMsL\/\/vvvDzP32VCEou2Mgfcrw6ovw\/qHenIAWn9+Xw5s2WJG+eCPTpYv5X3uhqBtWvtfC9YP5xc9Zz5HN124ugGs2Clf+pLZq47xH\/qQGcWDy7tMy98F13pSXs+44483o5aQf+45MxqG5EBAKO\/fuDEcgxv2Q9FxP8crP\/jBIeGBuJAiyYBx+UM7W4KvSQp\/ESQlqMWxcuXKXOVncaBA4EEgNOB6Azgf3OFNwCeG7wNzFi354xhlkVEkyo9vGKCrFACJVdJtf1alu6AbY1xsOg28OYRx8PTghcoK+8ThCtYoCGNJzN+GlZ4566ywrJTzygqdRXGz+l1cF73rzeO4Tcjb98c\/jvg8btjvmC+\/WaLHedIjgT4KLnEhRbwfccmHkz76UTPqDqQW7tKlSwu3zgkN4A3ASrYgePNY32VQxHkkeUvyelFcssIAZbn\/oXIFwMd1aZFehFyIG\/JePhtWXN1w0Y47t7gtydrKgudRk411SAY3yWF2Y5\/juLPzzkcRc859nEd0C2vJc37usuB8JFn1CDAEPt4cwjh4evBC4e1BAEt4S4oXjYQ5X\/iP2bCS9S5xXoTOJBU4cWV7fMeucoQ3z\/6n3eO46+MUhfA7d4Q4z6EkMtotM5oIyG85yfvB6\/G63cLAwIAZJYN1jqselzWua9\/mNSgK9A\/ApU9SXFqoAUGIi9yNjUeb39RFu+WAZZNl3Zdl\/UPljYD48\/n0ugcsIy6OeZi5fZsZZdOEZjoIOV+rTdKwCCEVt6pgFlipVCVI8g0kc461aQUO54jQGv++92Va08SRd95+e6pnqKpGQNLEP4R\/Wthp2iMPx5bExYEy8dcTDs2lYS4p9\/Nl88KFiR3+yPCPCtsk+L2g2LigzCGwLfzPUDZd4cz3SUIePRMsW1rXhwPr14fllD7eFXcuoueMwrHvySdH\/LdQbDbPGulFKIKimgVhsfo2Aoo20wHc0jzHdquLduyjbh+hgvKA9b5o0aLw8S5YpXgLsDy5D+HP40kAzFIgcP9THw9pzW6i595OQ5u4RkAWO398ZiokXEhmJJ\/BJW5Ok84t7n3jHhvXCMglbSXEuOY\/Lu3MW+UegGhHsDQOvPSSGcmQWIoSK6dM4sqZktjf+hNmgTXOxTZpVcEsuEijqM3YuCG8kGchnXOEPxYiQtTWp\/tc7BGQNJFqghWXlMEeB4IuK+ckGiNP47UEa0xi\/aNIJgl\/iMbapbithVEQ4qCXxbjIPKLc0fTH\/T1gDHC+dnP\/tzyO3x\/eK1f4oxiQ8EfnQsaWbvICED\/G9X7xxReHsXgE7uOPPx5a+nHtehGC1O0j+IlhW2WDzVr4CHCy2VEgeD0EDBtCyMca5b2tJ6BM69UXPiPejCZVJ0RJCgMwf2W5\/6FyBaBoQRdHFX0GiiaunCkJ+rInYYUqQrKIJDAullhxWRfMf3vHO8woG+ac86RELW\/2PMoJF\/y64L19FBYLXossDktYHyCOAzG\/W+YUL4ov0Xr5KJI+E3EhCUr9LPZ8B\/\/2t\/AWEOK8hxvTx2Lnc7hNfxDeeALxetntteefN\/cOM+Hccw9Jxtz27W+HygTKJnkGLpPOOceMOhuS8Ii\/33DDDaFQz4pJI2gIB\/B4LF+UBVrmrlu3LmzmgyKA9U64gNe2r2dvfSsOrBLQFKHbqWGAshWoyhWAogRdGlX1GSgKLni+woSLYZLVhhXUjlBNA4GbpgRIVlJECJzw4INtl6hxwWfu6mDwqafCuL21SN2yzahXCaHmk8xKmMaX\/X\/6kxm9iVtWlwUeiTTrX0qch4lztPPDegaw71e\/euPY9puHmwjhabDHdj\/0UOgRoJufPYYgj4LnwN7P9pbW+7vP4btxPS7kGbiPJyxQ12+nTrCEo0oCngJc+4C1jDs5qVIgS8FwQQlAKWkCSeGBppBUDdBVCkBRgi6LqvoMFEXUBZpGkusXlz+tYsus+0YJ4H3ikMx5npBEHPyWWGynDvhtkh9hLVK3bJP4MvFuNmLsL3q45YldS+Zkb0vRizI+I+\/BZV8FFpE7P9abwG3aMZscaffZ4kIn0cfsuPCiEfvR3BW+L\/d+tl4sqSV+H2cN28WCyB9AWBIG4NZuVjhJFABoigLQdA8ARMMA7Jfp\/odKFYAiBJ0PVfYZKIJoWVMargvVElr+LQtH4pLOS1IXOsmcF0l\/QvlZU0DwZCmyKFW+yXaAtyFOePUJPF\/\/dJrpJOGT+2FpSi6Nkg4CecOGDaFAx7okIRC3v016sz0FCAPY3AC2efPmhcdRFBBMRZcSlg2fWdIwqQ6i1n7Z1j9UqgC0K+h8ydNngItd2VsS42bMMKNsooukwLSKhD+QVxD3WaroOBdHXe9bFAh\/lDcJcV3u+E58fwMI67zetSSycmnIS3HLTtO2rIRSqiXinhe31Zkn0mQQ6GTEr1q1KrTwSSS0yX5s5AUA+QLs4xngMQhREgRZbCgpca2p8DmbjBsGQMEqqolRGtV6ANoUdD6kCdootiaZ0ASJbmVubkOTKBLrOZqZzYW1aiFoV1ezJIUFqqLu988LORVSzw2LQMUJb0kOxqubNplROkl9\/PMw5sgjQ+XRZ0tLKGXOqASJe150I99o\/89+Zp7Z2yBYsOQR3rZrH4IdjwD7JPwR+7cbeQFUFiCESBBEOJEXQMIhlQFUCPBaVVipRWG9G03GKlVVzWulCkA7gs4XyUXLZhJLQhN5SbOQuFj5YuOmgKWUJ+EPC9AmrLnlUb68deZMMxpm3LvfbUYyeH\/WN7Ad8RBuec5ndAH5BFWD4kZOhUT4o7AmLQIlqa4Z3LzZjNIRlexmeAAkJY5JnkIU9aO+4K\/g71i5sifj\/FGwfFmkB+sdoU\/CH0KfOn9c\/VQD2Ng+AshaoVQKoAxQEYAHAKUAeCwKAx6BTvMCNInoOgpgBX+cAmD7OxRJpQpAXkEnIU+fAUloIi9J1QZZ7k6XaJz16GuuMSM\/ECAIW5LU3khYmzdP3Io2mqwmmXNAyHMevD\/rG\/Bdk+iFcGNlxjxKQKeAt+LEp\/4gVtyYk7RkQkl1ja9yLUnszOrZIUm2HZ1QDhntDZAGyqWkiVU3Q0IfQhvrHQFCIuCNN94YxsURKjbjH0UBq57OfxaUAIg2\/0GZYJMmBSpvEpcgiZeC7yHO\/W8VsCKpTAFoR9BJyNNnQBKayEvSBTBvzwLm07drHCD8ae8aVaywkMhg54Ipwf0+JXMOCPkkBY+cDBZskXCwQxLQjrx9edifQRqyQfgzZ0lxe74LiSfBV7mWeOyyBDxlk77E\/Z74jJL1DV6KdHLrZRAqCHxXiFvBTXc\/a\/GjHOD2x7q3kCSItwBlwVqlCCh6BgCPV\/Jhwy9RkhZS6mgFoKrmPHn6DFSRwZ5UbZC3ZwHtfX0JBUhL+Ke5Q3etXm1Gfrhx2rS+9FGowc6qid\/70ENm5IdPjX2dWKtfIsAsoeLWEv5pn1HShMnmvfggUVSyqmnaTTqUdDjEo9X030SVYOXj7nez4En+4zggcGxWPxa\/7R6IwEfYozygHNiKATYUCHr\/qwcgPyhkSV6AKMx\/GXNdnQJQQXOevH0GJKGJvCRdkPL2LOibNcuMsqFBSlYsVJosZa1u5lxSv05b1iwkwqLp4QLq+\/NY\/YBXBsUtS5hJEgCH9u83o3SkiZU+AtfXyxT9P5LY67voEr+Hl66+2uwpgEWP8D\/ttNNCYU8pH7F\/rHeEONZ91OpEIeAYFipxfhQBBBOvQ4UA4YSk3vVNwV2dsKnEKQBxlGH9Q2UKQBXNefL0GZCEJvKSZnVJvA\/WyuKcJQLFR+hKk6XsBV8y5wgAn\/cRVXI4Vk2T4DuiDE1S3++Cp4QcCen3koWvci1J7PQV7FmJgi4olpbJgsQ\/wkdFz1mng6Am8Y+Fb3D3k9QH3FIOiJAn5oxbf+7cueHCNbNaBgZNaGwjGp5r8wfKEkZFQ6VC00kKA7hwf8crAHkEnZQ8fQYkoYm8RPuWu0gEuRW6Updv0ULXtbrL6O0gqeRoQivnKNSe05Uxj2eJ\/BcSJOlU54skB+Pgvn1mlE7fe99rRtn4fge+1QdgFUvK\/nznkd86SaXKoSC4yfbHcqdHP9YxCgCCnSRAvAF4AsgJsAIJS39ra06pHOC5CKFOaKhj8bWu6ybrPFmtsSyq8wDkEHRS8vQZGN36Y2DBlLnF9W2HPD0LQOLy9bW6ROWTzgVgzDHHmFE2vr0dRJUc2\/yXIK4CyvumXn21KCnPQhnklnPPzV0B44N3BcD06WaUje+iXZLSXvt7fPv554e3Puz47nfNqHfI05EPVz5eAQQ\/gp2N2D8C31r9KAZRq9MKqrgYdRPBY9EJZCkAZXpcKlEA8go6KXn6DFAqZEviytqSypHy9CyQ4lt\/Lekj71p8444\/3oyy8RUAEov2QEOsEVzWecr7gN88Vj9lkE1wX0tCTHiDfBWWwbVrzSgblECqJnzzS1jcqEzFqanY1rwSiOfHJZS5\/fLTXhcvQafQCUpAWhgAT02ZuRaVKABVCDqoos9AkeTpWQCSfAp3SdYkuOBLSgr3OjWqkjn3FQCSqoImfI8kzM1Ys0ac6IfwJNb\/3Knvb5TwOlywvsJ+Qb4Oyo1v0iZKoLskcBph4t83vmH2egtc+9TuS5QAsv9dzwEufWr\/SQzE8t+4ceMbnf7ICeC1yR1AKUBQ+bjWUTJ4\/C233GKO1EOnewGSVmUsimoUgJyCToIkma+dPgNFIrF0XTfr6L4+M8om2rUvjmMFF0\/mzoZopHPuY91Kqgra8RYVBfH+PAsxERp67nOfE8X6q6Jf4MWQrirom7SJYuk7p1S5tFtm2KnYRDeJEoBQpAwQ4UymP8l\/WP8rVqwIwwEoFVQOEPvHU8BrkyzIgkFJAgmBz+tRIkgSIbfkGNgeA3Xho6w0gbh59VW22qESBSCvoJNQVZ+BIsnTswAkiW8IU0rR4kDYHvvAapEVv+fRR81IlozoO+eSqgJJVnkZkKCWJ95P+2NCQ00UWih1vr8HLG9pt712FvmKA8XSp8qlW8E9bMvdfJUA6vpRHLDQEdwIH6oEosIGRQElAI+AvUVBwHtAjwD6AqA8WIGPgsDrudRdKsj7J7nXmwTnSWtg5txufC8oY2VSiQKQV9BJqKLPQJEgfPP0LMgDpWgIelvbzXsjvE548EHv+mrgPNyLrSQZ0XfOJVUFkv7yRcP80ctfAsJqS+s5dWaqZ4XjJO2lBwQxfctrzxSb47Djjjt6vuzPtR5RAqI1\/VGshb9p06bg8ccff8PqT4L7EEjcIvApEWQlwbvuuiusCkijbgUAOqEcEKzXxW58L2VTugIgEXSAVUnSoO9mqaLPQJHk6VlgyeMlQdDTkGbm9m3BSY89FgovSQMfiDYUEvWK98zWl1QV1PU9okhJFqWx7HvqqWBCS8snuS3P5v7eXQ56NveBtPI+u9KeL7tawldKkUmbhFFYQ6IK+hcuDKavvj916y+xXCsNssQR0Ba7ln8Z5Xq33Sab7\/7+fjOqD3dulJGUrgBIBB3ELaWbtLkNQqroM1Ak7dTPkzDmm0xVFMTbo\/FqyZwP\/uUvZpSOpKpA0l++KFBo88T8gQoB2gHn3ZKsd4knBEUwTpFA+EuUGtrt5vFKFZns+HfhYljtMGb6cUFfy5JM2yTJzkVDGZ\/r6sYVj7UuSQ7MAte\/NKmvCcK3CA+AWyFhYT6iIY9Oo3QFoMyV9twYcBV9BookT88CF6zxqkDZiFuJrow5l+Qj1BFDn7ZiRS7hXwRJ1rPUIzR16dKwXwGKAIKfjoWSpYn5PbzcUoLyUkQSLj0TejXxLw5c7cT2XajnJySAN6BdQUXMf86cObGr1CVh1xqoG2keQFw4hPyGaEIj6ytE4X2aEPbwpXwPQIkr7dnOYkmu0TiakDkOeXoWuBCLr8ILwHvErUQn6RXvO+eSqgLcv1WDsJQoKEWTZD1LPUIIerwReNEQ\/NLPRLvddoRvO6W+wGfdGRF2ynAogGY+URD+KAFscevMp8HjeR4xf9sW2JcmLRQkyaan816cwrBgwYIw8ZE5sWWTUapI3CuS0hUAiaCTYgVjVX0GikRy0Y278BOL37Gy3NpxK\/zjrHdJr3jfbH1JVUHVFQC4\/vPE\/Ysiy2quyiNEw512kxjbTd7kd9\/riX9JJCkBgCKAIJ85c2aYKEh4gGNuTwCsXJvhTw8AHu\/rPcDdT\/Ia2ex2vylIwgAI8LgEPBQgEh+ZkzhPCNUYVSTuFUnpCkCZFpNtLFNFn4EiKapnASVYuELLAKs9bRlayZz7XvAlVQWSvvJFcMSSJbW5\/iFLccUjVIRrPQ1+E9suu8zs5aed5E08P9LSw14DJWDNmjWJLngEGdarDQ+Q1U8pHxv1\/jbD37flL9YySgfCH6Fvs9mblH0vVUaw5FkzwRfmgJUVO41SFQCJoJOCdWqtgCr6DBRJkT0LaB+7fflys1cMtjtdWty+jDmXVBVI+sq3C9a\/b1e6sshSovgvbL85vt9DEYQK4QUXFGJ5t5OEu7Nkr1e3QByahX\/o7CeJf0tAweD16SEQ7VePwG2SB4BwhDQngYoHHyUAy5+57iTXv6VUBaDMlfbc0rgq+gwUSdE9C7CIqC9vJy6OQkVm9+bWH9mnO52kXa\/vnIuqCnLUoOdlQkvw1Wn9g4\/VTKgIZVCSD+ADXiYUwqLc7nmTcPl9FllF0O1YV7ZdCriopDxc\/HQN9Okh0CTyKCQoAXxW22zJhWN4PhD+Tcp3kDBqaGjodTNO5ekpx5qRP9QuU75UBlipVlBR2+4DF8a\/nuBvZZbFtEce9q633nrTTaJaZ5Lz+hcsCMa3lK+sOn\/mg17utHPde999ogu875zDpmP8wgVFfY\/UZFOWlcb+1md+\/lMLzF46LPIj7fNfNCh4voKT38CUa69t+5yJ9++8\/fbcAjsNKg8k4UG+883z5hWmhEiZfNWVre0qs1cuNmnPguDCpV4ExPgpaeM96BOQ1cgHIYdww6OAS79Iq56SQrLrLTaEkAc+l5vLANHX4vNGwxooRb7Cm9e3lQDS84zLo8jzWeM+J99NXiWsVAVAqRdc10l9GLCg67qYls0JLYt13LvSQxQSBQBhVTe0DpbCOgX98+cHfSef7O3BCJvrtCy7vQ89pGV2Dt2iACThCkeESRWlbEUqAEo+vBWAZ848Mxh6ttrEK0XJg48nQaIAdAPk41BlQcWMm8BJaGFoYCA4uPvNRZ6UQ+l2BaAOqDQg2dCiCkD1eOcAHP6xj5mRojSXsRVYLp0I1jzxc\/JFCJ3ZjfASx1X4N4dorH7dunVm1F3EdddTqsVbARh\/ZnkZ\/YpSFHX1Y1eUoiAm7WbuU7ZXZEvfJoCXI5p\/oNZ\/9XiHAOB\/zzsvOLD2f8yeojSLwyZODGY8+WQwuj87IabXQgBKe1QZAoCoexyFoJOzzV1IYqOrnqsAUG4nXWjIhR4GvczWnB1uRWWAR117rRkpSvPgAu0j\/BWl6Vx88cVmNAxeABb3icsm7yTIYo8Kf6D9rlI9Ig8AUGc8cOPXzJ6iNIPx8+cH0+7xrxFXD4AioWoPAESz5C2U5kl62zcFhH9cC12UHVYzbAf1AOTzAIgVAFAlQGkSfaefHky95x6R9a8KgCKhDgUA6Nkft+hMt1BUhYMqABWEACysIDZ5+X+ZPUWpj0mXXBJMf2C1uv6VroS4eDQc0C3wubqxvLGTyOUBsBzYtSt4ZdWqYO+992qPAKVS+hcuDCZ\/+SrRSpAug+vWBzuuu87sKUo6\/ecvqrXChNj\/nXfeKVqPv6lg9dNCWLP+66ctBcCFDmKvbdkSHCS541\/\/MkcVpTgOm9gfdvjLavOrKN2KbUfbiTX0dBdk64ZKhm6hMAXAMmrUKDNSFEVRFKWplLoaoKIoiqIozUQVAEVRFEXpQVQBUBRFUZQeRBUARVEURelBVAFQFEVRlB6kcAXg9dcLLSpQFEVRFKUE1AOgKIqiKD2IKgCKoiiK0oOoAqAoiqIoPYgqAIqiKIrSg6gCoCiKoig9iCoAiqIoitKDqAKgKIqiKD1HEPw\/dRQ21dF2EE8AAAAASUVORK5CYII=' alt='' \/><\/p>\n<p style='text-align: center;'>\n<p style='text-align: center;'>\n<p style='text-align: center;'>\n<p style='text-align: center;'>\n","protected":false},"excerpt":{"rendered":"<p>Sierra circular Inalmbrica sin escobillas de 20V, Incluye una Bater\u00eda de 4.0Ah y Cargador.<\/p>\n","protected":false},"featured_media":81939,"comment_status":"open","ping_status":"closed","template":"","meta":[],"product_brand":[],"product_cat":[130],"product_tag":[132,25,131],"class_list":{"0":"post-81940","1":"product","2":"type-product","3":"status-publish","4":"has-post-thumbnail","6":"product_cat-herramientas-electricas","7":"product_tag-dongcheng","8":"product_tag-herramientas","9":"product_tag-herramientas-electricas","11":"first","12":"instock","13":"sale","14":"shipping-taxable","15":"purchasable","16":"product-type-simple"},"_links":{"self":[{"href":"https:\/\/soydeaqui.ddns.net\/pachuca\/index.php\/wp-json\/wp\/v2\/product\/81940","targetHints":{"allow":["GET"]}}],"collection":[{"href":"https:\/\/soydeaqui.ddns.net\/pachuca\/index.php\/wp-json\/wp\/v2\/product"}],"about":[{"href":"https:\/\/soydeaqui.ddns.net\/pachuca\/index.php\/wp-json\/wp\/v2\/types\/product"}],"replies":[{"embeddable":true,"href":"https:\/\/soydeaqui.ddns.net\/pachuca\/index.php\/wp-json\/wp\/v2\/comments?post=81940"}],"wp:featuredmedia":[{"embeddable":true,"href":"https:\/\/soydeaqui.ddns.net\/pachuca\/index.php\/wp-json\/wp\/v2\/media\/81939"}],"wp:attachment":[{"href":"https:\/\/soydeaqui.ddns.net\/pachuca\/index.php\/wp-json\/wp\/v2\/media?parent=81940"}],"wp:term":[{"taxonomy":"product_brand","embeddable":true,"href":"https:\/\/soydeaqui.ddns.net\/pachuca\/index.php\/wp-json\/wp\/v2\/product_brand?post=81940"},{"taxonomy":"product_cat","embeddable":true,"href":"https:\/\/soydeaqui.ddns.net\/pachuca\/index.php\/wp-json\/wp\/v2\/product_cat?post=81940"},{"taxonomy":"product_tag","embeddable":true,"href":"https:\/\/soydeaqui.ddns.net\/pachuca\/index.php\/wp-json\/wp\/v2\/product_tag?post=81940"}],"curies":[{"name":"wp","href":"https:\/\/api.w.org\/{rel}","templated":true}]}}