{"id":81929,"date":"2026-03-19T19:05:08","date_gmt":"2026-03-19T19:05:08","guid":{"rendered":"https:\/\/soydeaqui.ddns.net\/pachuca\/index.php\/producto\/lijadora-orbital-300w-con-almohadilla-de-5-pulgadas\/"},"modified":"2026-03-19T19:05:20","modified_gmt":"2026-03-19T19:05:20","slug":"lijadora-orbital-300w-con-almohadilla-de-5-pulgadas","status":"publish","type":"product","link":"https:\/\/soydeaqui.ddns.net\/pachuca\/index.php\/producto\/lijadora-orbital-300w-con-almohadilla-de-5-pulgadas\/","title":{"rendered":"Lijadora Orbital 300W con Almohadilla de 5 Pulgadas."},"content":{"rendered":"<\/p>\n<p style='text-align: center;'><span style='font-family: tahoma&comma; arial&comma; helvetica&comma; sans-serif; font-size: 12pt;'><img class='fr-fic fr-dii' src='data:image\/png;base64&comma;iVBORw0KGgoAAAANSUhEUgAAANcAAABnCAIAAAAc1UCXAAAT7klEQVR4Ae2dd1gbR\/rHBTZuJE7suCUmubSLfYmd\/iTPXS6\/5HJpvzzJJffLpdwjATZgg8GY2MEluLfExnFix7Fjp5zL4TSrAqIITDFgehEguqkSIASoorba2V+khWG1orotQcOzf8xKu7Pzvu9nvzPzzshmYY4\/FpuLDuSBm+wBkj0Mw1iIwpvsevQ46AFEIdJ+5j2AKGQ+BlAS3LaAKEQUMu8BRCHzMXBbCYSGIwoRhcx7AFHIfAygJLhtAVGIKGTeA4hC5mPgthIIDUcUIgqZ9wCikPkYQElw2wKiEFHIvAcQhczHwG0lEBqOKEQUMu8BRCHzMYCS4LYFRCGikHkPIAqZj4HbSiA0HFGIKGTeA4hC5mMAJcFtC4hCRCHzHkAUMh8Dt5VAaDiiEFHIvAcQhczHAEqC2xYQhYhC5j2AKGQ+Bm4rgdBwRCGikHkPIAqZjwGUBLctIAoRhcx7AFHIfAzcVgKh4YhCRCHzHkAUMh8DKAluW0AUIgqZ9wCikPkYuK0EQsMRhYhC5j2AKGQ+BlAS3LaAKEQUMu8BRCHzMXBbCYSG3xAKH94kqZBrcQBGOKw2vENrzqzrjk6sfzU62ztQ6MGZhEB4cLhT\/XhLN0nWxkjP5rQmV3VJarsFJYrdouq\/H8ia5s+flFZDvMZYuDEUbpZUKnTEmP8AQbSrTd9mNL1yIGtOcOwYmz7BL5u2gv\/0jrSdgqpyudaGgyGd0W2wnM5qfuuLnElj9dUFZUJQCCPUY7D8N6d1eVTK1Rkzce6aHxr\/eWJ9Q5cBB0PzB00mCKLHYBGWtL\/4Wabb6uLEopAgCBwQnVrz8\/szJw5S423J8q2p1e264fSPyh+13G2whJwpnerHG+\/jJsH1E45CMjAao\/Wdo7lefvzfnYuf25shbdNQ8Rp7WWfC1v8oneb\/+7P6GsN0QyicvyYu7FzZbkH1cMceYfWBhLrT2S3ZDT1Gi23IOFW1657dnX6N5t3k2x\/alFzcMjSCOCDkGlNJq7a4RdPYY8Rs+JBWG8y2iPPlnr52Rbzn4yR43GRDbvLjbgiFHmzuFF\/eVL8RDv40f753oHBeSNzDn6SczGjqc2ERACKpUnmT3XEtj5u9SjQkghYb\/kuh4sWDWYvDxQtC4xeExt0VLn5mT8bXaY1mbIg3sMdgeePzHJY\/X642kUdbr5E1qXvqG0LheGM5xZf3zle5DV0GV3nwO1U43toYuX6qH28bT0YbC2I2UNyiefGzS8M16aHNEolMabIO6iJmA9Xtun8ezWWt4ENvAABY\/pN5vHhDKPQOFP55T8Yr0VnweHbX6H3rC\/szG1V90PVkobXHOH9N3HBRnDif\/2mzpKxNS208ZgPcQsV96xNHbuRv6njCLop2EOW9puiEugc+TrLfgigc2XGjfvtQZHJmbXen1gyPpIrOUe9isbnvfJVnsjp1UjgAvkzIodcKgc\/6xPsik2cECvtbzuGyODz74fKf93pwuKtOl1idh3rSVs2DHyd5uFzsevu8NXFJlcpL9d3P78ucsVLQfwGi0NVT4\/rkYZesdUFj71hqmBMcKyrtoCoKQRAxOa1THKN1sgYPNnduSOxbR3LP5baVKXRShY5b2u77XdH80DjqZSw297Ck4VRG88mMpk\/FtbcECb0DhAtC4xZvSLorImFucKzXUFNRL3\/+Q5slx9MblXoz2Qy9GbtQpHhyV1pJq6al19jSawz4TwnNFi8\/vrC0ndpsGw7e+TKXdtkIp7eHxE2lJQScKfTw589YKbgjJG7R2viFYfG3rxYNmdPx4HBvDRI+\/+mlI6lXJLWqi\/U932Q0vX44Z67zWsDCtfHrL1QekDQckDT4\/1A8M0AwK0AwLyRuUbh4YWjc7FUimidhy29fHftydPbx9KbMKz0ZDT0nM5teO5yzdLMk\/KfyHbE1G3myJZsl8OKxF25Ij3zVFHr68iLOS8nuCQY1p657cbiYNMnLn\/\/G4Zz0GhXmvBoBCKK0VcM5VUh1X6e2n6QOjdnvu6If89ra1CYzhuvNWEmbdqeg6r4NTt3lzABBxHlpu8YEHw0LJgyHY76Pfiyn+dc7SNSlt8CLCYLIrOumtoR2\/ZhOnSl84WDWibTGyg59b5+1U2fOqu\/ZcqHyXpfu\/vn9mbGlHTRVttrw9BrVP768DF+8ZVtSZAOLW5IKpe+pwjM5rTWdenWftVNrlsiUYefKZq8SUds51Y\/\/v5\/nSGRKi7Pk4wA0dBl0Jsyefu+zvn1kHO8erH9iUchic1+Nzob0kHGt7dA\/ue0ii8315PA+PFHQ1mukxptaVukt4eel0DZYD2YDKr2FtohhwfA4acfs1YO+Dj8vVRut1AqHLLtS+MSONFrlnGsfRVApJIjmHiNtFcZqw7lFCp91CdDeP+\/LqFcaaJdBEzp15oDvi8kcEJVCdZ+1t49udZ\/Fxi1S3BrU7xxPDu+D4wWtw3uefMrkofDRqNQGpdNkuV1tetGxlLJkYzJMCNtw0NjddyT1yiFJQ6VicKECAADXXSCFMBI4ALQgRQmqyCgu2SLB8P65qhnDz+e1\/e1Q9lN70veLa2k650oh+2QhfARBEBgOfD4ahANSMr4ChUJYOa3xBEFs+qWCrHZhWDxspw0H9UpDdHL97vja4hYN7DdqO\/VPbktlsblUCoerHAAicqDypRuTy+X9cy8cB3K16fTl1jOXW1t6jNQlyslD4ZKNyTUdeugagiBUBsur0dksNnfTLxUkRAYz9ll87W0DMjZ9pSA8Rqoa6BP5xe3ejikFlUKl1nyhQL5LVP1dRtMVSkqoXWuetkLg6cuLyW0jH6rus\/p9V0RqBovN9eBwX\/g0s6V7UIBdKdzwo5TaYKXOsjAsfnzMuU5inCnUGrFEaedRSUPM5VbH8nT\/AysVWnsv4cvbwa8igdCZsF2CqlkDk6pZgcID4loyHQsAsTe2xoNDp1Cls\/CLFMdSGn7Nb+ugDEhSZF1zQ+wJiq1cGSn2BrPtYELt3DX9O05mr47dJaiGHcjkoXDZJyl1nU5aqDJYXnNQWNSiJn2fWN55+2qnrTeevry9ohoyDLWd+ie223twSKHBbNvwUzmJ5jR\/\/svRWdSR0x8+TrozXAwF+MuUBtddBatPl0DOXCn86LwThSr99adwl7B6bojdZC9\/\/ptfXFao+wevVgz3XiWcHxonqVSSLTyd1TwrQDjVn788KjXkbOm5nJbiZjUcapfLtZ4cHlULNUar78kCktrpKwX\/+OKyeqCDLmvTLnXMNmTt\/Tuk4so6aJ738uMfkTSQIj15KPyf\/ZltvU7zg3aN6W+fXpoWJIJrfUOmsl\/Yn0lOLFQGy5tfXqZSKO81LqaMnzw43HzKOtuyranP7EgjNcCGg5eis1xlbOYqEQykK4XvnyiAjDo2ZIA\/bHDk\/FwVbuyfOGvhLZS3ztOPl17dRT4RB2BRuPjhLSlSR7bSaLUdSKj7NKGuVmkwU2ZUsHkmKz5rdSyVwuRK5TyH4JFWewcKEyv6ga7u0D++LfWW1SJ8YC743tf5rs555WCWymCfnE0eCv2\/LdKbnVKG9UrD09sv3r4mDs5SXz+U4+qLZ3amXXEkvTVG7N1jeVQKW7uNd1AczWJzLzb0wMA8uu0ipBDDwYsHh6IwSARXOFwpXBaVShuxBZ+hZ3NcGzzKJxQKXddOkgZAwQFYHJHw+NbUaudhDLSOfCt6+6wyhU4s7djOl80IEFApFBW3z6EgPitACJNlDgov+kQkwNH0c\/uG2Ov0l93pLT32EcskoXDGSsHRlH55h37Mbei5JyJhqj+\/2\/HCEQSxjStzDeFbX1zWGO35gg6t+RWHnsEeubXbOM95AYZG4d0fJTQPLNvsFtW4Vv7e8XzImSuFMwOFcspwiiCIkhb1tBXXtjWGQiFBECzn7GYyhUKfiMQHI5MKm\/qHK9BvAAC5xiQq7djOq\/rn0dxHtkhmBvSnxJ0oLBmFwpkBQtgPhJ4rc3XO20dytZMpU3N3REJtp9PUhCCIXwvkZKIrvryTdLFMoaWlyrz8+NwiBTmClrZp\/7gx2UkLXZYBaRR6+vISKvor1xgxclgJ3X3v+sSm7sGlRVcKp\/rxfsrvn9yQLcQBsfL7IljD1RRGpFDiTOGsQCG\/SAH5a9eaT11qfv2LnDvXim8NEs4Pje9fFRwYD4yLQhabm3ull6y8qEm9wHni5eXHvzDg+cmghZ6+vJ2iauhKsgAAWHOmlIwi+5tCo2N9DwdALO14dmfanWvj7wyLf2SL5Ex2C+w1jl+8QmaMB7VwNApZbO5LB7Pgvp7ePmvYubLln6Qs3ZT87ld5JS0aajrQlUIPDpdzqhB22WTL6zv1T2y76DrRoRHpwebeHZEQW9bx4YmCOcGxgyt+I1M4MBfBAfCJsOfe\/b8tglOulKqup7ZfvGuteFFY\/PJPUn641NylM792MAvu16RSGDuaFrLY3LCzpWTlGA7O57U9FpU6f03c\/DVxSzYlf5\/ZBD3\/u6fQk8N7\/3i+3mzvUql\/3XqLz7r+hZOFofG8IgVMUCm15vTqrrSqLupspqpdB9\/7cVH428+U9sXWQJJwAJR6S5vGBJNtsFWuFLLY3Ps\/TsobEAzyShyAVFnX4458O4086un9G5J+LZBbbcBoscVcbh3cUjlOCm8NEv6Y1wbfFpXecqlGlSLrahlIdyu15tcdqQZavjC2dJQemcXm+qxLSJF1kWMSQBBNqj5xWYe4rKNpYBhDmvz7pnCKL++D4\/nyoVLzURcGh4AeHO7SjclFTf29A8QCFmRy3SNbBtcxx0Uhi829bZXooLiWlFtYp2thSAo9fXnhMVI4fyLvwgFo7DKs+L7Ya8gxIof76qHs0hYN1DAbDuS9pq08+wSCuqdm1HEhifWc4Nif8tugMtFaXtqq+SO5W8c5az0WLfTk8J7akVbnvJpAq\/93MDspaVbPDY69g3aExC4Ijbs\/MulQYp2rCtrH+K0aT5fdnd6BopPpjR1qk9Fis+HAhgOTFVfpLNxC+QPO+ZHWXqMFwy0Y3qA03OE8O0mq6ya\/smD4sq325QTymOLLe\/dYXnGzWqkza42YzoSp9Jaqdt1mnszi2HxFEESEyzoyee+0lYLUqn7BoEYIB6CgWR10puTBzRKfdWKfcPG9kUnvnyiQyLpo1JJ3KbXm5\/aks1bwSeswHGA4oM1OEqSdNsfnFgxfNLDIzmJzZweJtvGqmlV9WhNmxnCLzb5oLu81Hk1psJM9YOYjWyTlbfZfBmI4EBQpnOfIAkFxO\/noSoXuMcdaC3njorViXrFCpTdbMHuHBABhseE9Bktdp97g2KQ80bVQa8LSalTpzkdGTXdRi4ZcCKeGjSzLe41vHB4iI8Ni23\/h+9jW1ODTJXuE1XtF1eH\/Lfvr3ozpLnqz5mxp5M8VkT9XBJ8uHdwx5YjEBycLyK8if66YF0rfvzh9peDpnWn\/+irv38cL\/rovc05I7JtHcuFIYMX3xTCctMKd4eL0ahWcTdOMIn+CrdCYRpBbld7i\/10Ri8P9bXP1Ln7VLn7VTl7VDp6MRdlVxGJzfU8Wkt9u58q8gwb2npGQcbj3bUh671j++vPSjT9XsE8WLN0smeL8Mi8IjQs7W2qvnF\/14df5VOd4+fH\/fbyArDzsbOmitU6LQNNX8J\/fl7nxp4rDSfWHk+o3\/VLx8oGsfx3PJ1eiewyWtx2ZWppbRj29SbsZaPEY9dRsxdfFSGesGHx9h7Xk+v2W3suf\/9zejEe3pnpS0iILw8XrYqTNjnwYQRAAgGVRg9rp2qrlUSmZNcOCOLLhnVoz+1QhXDx0rZzZT+ZQ+hNPPx5J9oMbk2EPoFCbXhp+Y\/kIjZ9wFAKC6DPb1sYMkZcawYzr8tVd4eLiVg0AQG20VrTrcpvUTd32Ph2iAwgiWTb6T2F8IhIu1XZbbXCqACsYtgAAIe81vn0012OoXbTXxbprrGThWnFjlyG\/SX0osS7sXFngD8VbuTJxhRKjmJlT33N1C+gTi0KjxZZUoXztkH3vws0\/PvimYMiBGsmODQeXG3rIddVR2zYjQBD5c0Vxi3pUFnEAWnuMP1xqemTLxP23ADw4vOAzJTCTNeTL1KW3\/J9jyWpU57heMCEoBATRpTP\/ki9\/71je4nDxqDk2VzOuyyfvn8jPquvus2Cu08wOjf0XIX\/aLPEcs1b9lspesjF59X9Kkis6yaUFWvBsOF4u1+6LrXlubwZc1bguhlz3SrwDhV+lNAz361UbDrLre16NzqaNPsfejBtC4bw1ccHnyrYJqkY9oriy4NMlT+9KmxkgHHuAx27euK70cGyknRUk\/MvezODTpVH8qm3CqrCzpc\/sSvfyu\/p\/1siTw7vNsVF+y6+VhyUNxy427hTVsE8W3LM+cYovj6lXblyeIbcYPxCZtC5G+muRokFlMFttJqututPwQ1bLywezXKeG46r\/hlA4rhagi5EHEIUMDEARdjQPIAoRhcx7AFHIfAxowuCGp4hCRCHzHkAUMh8DNxQ\/msmIQkQh8x5AFDIfA5owuOEpohBRyLwHEIXMx8ANxY9mMqIQUci8BxCFzMeAJgxueIooRBQy7wFEIfMxcEPxo5mMKEQUMu8BRCHzMaAJgxueIgoRhcx7AFHIfAzcUPxoJiMKEYXMewBRyHwMaMLghqeIQkQh8x5AFDIfAzcUP5rJiEJEIfMeQBQyHwOaMLjhKaIQUci8BxCFzMfADcWPZjKiEFHIvAcQhczHgCYMbniKKEQUMu8BRCHzMXBD8aOZjChEFDLvAUQh8zGgCYMbniIKEYXMewBRyHwM3FD8aCYjChGFzHsAUvj\/h+E3fXQU5i0AAAAASUVORK5CYII=' alt='' \/><\/span><\/p>\n<p style='text-align: justify;'><span style='font-family: helvetica&comma; arial&comma; sans-serif;'><span style='font-family: tahoma&comma; arial&comma; helvetica&comma; sans-serif;'>La lijadora orbital aleatoria <strong>DSA125<\/strong> DongCheng 3 Amp 5 in. est\u00e1 dise\u00f1ada con un motor de 300W para un lijado de alta eficiencia y durabilidad. Con un dise\u00f1o \u00fanico de estructura de absorci\u00f3n de impactos&comma; esta lijadora orbital aleatoria el\u00e9ctrica se puede utilizar durante mucho tiempo sin cansar las manos&comma; mejorando en gran medida la experiencia de trabajo. <\/span><\/span><\/p>\n<\/p>\n<div class='row'>\n<div class='col-sm-4'>\n<div style='border-left: 5px solid #E42327; border-radius: 5px; padding: 5px; box-shadow: 2px 2px 10px #d8d8d8; -webkit-box-shadow: 2px 2px 10px #d8d8d8;'>\n<p><span style='box-sizing: border-box; font-family: helvetica&comma; arial&comma; sans-serif; font-size: 12pt;'><strong style='box-sizing: border-box;'><span style='box-sizing: border-box; color: #2880b9;'><span lang='ES' style='box-sizing: border-box; line-height: 17.12px;'>Descripci\u00f3n<\/span><\/span><\/strong><\/span><\/p>\n<ul>\n<li style='box-sizing: border-box;'><span style='box-sizing: border-box; font-family: helvetica&comma; arial&comma; sans-serif; font-size: 16px;'><span style='box-sizing: border-box; font-weight: bolder;'>Voltaje:<\/span> 110 Vca \/ 60Hz<\/span><\/li>\n<li style='box-sizing: border-box;'><span style='box-sizing: border-box; font-family: helvetica&comma; arial&comma; sans-serif; font-size: 16px;'><strong>Orbitas por Minuto<\/strong>: 4&comma;000-12&comma;000 opm<\/span><\/li>\n<li style='box-sizing: border-box;'><span style='box-sizing: border-box; font-family: helvetica&comma; arial&comma; sans-serif; font-size: 16px;'><span class='OYPEnA font-feature-liga-off font-feature-clig-off font-feature-calt-off text-decoration-none text-strikethrough-none' style='font-weight: bold; font-kerning: none;'>Tama\u00f1o de la Almohadilla: <\/span><\/span><span style='font-family: helvetica&comma; arial&comma; sans-serif; font-size: 16px;'>125 mm ( 5 Pulgadas)<\/span><\/li>\n<li style='box-sizing: border-box;'><span style='font-family: helvetica&comma; arial&comma; sans-serif; font-size: 16px;'><strong>Peso neto:<\/strong> 1.4 Kg.<\/span><\/li>\n<li style='box-sizing: border-box;'><strong><span style='font-family: helvetica&comma; arial&comma; sans-serif; font-size: 16px;'>Incluye Bolsa para Polvo.<\/span><\/strong><\/li>\n<\/ul><\/div>\n<\/p><\/div>\n<div class='col-sm-8'>\n<div style='border-left: 5px solid #E42327; border-radius: 5px; padding: 5px; box-shadow: 2px 2px 10px #d8d8d8; -webkit-box-shadow: 2px 2px 10px #d8d8d8;'>\n<p><span style='box-sizing: border-box; font-weight: bolder; color: #212529; font-family: helvetica&comma; arial&comma; sans-serif; font-size: 16px; background-color: #ffffff;'><span lang='ES' style='box-sizing: border-box; line-height: 17.12px; color: #2880b9;'><span lang='ES' style='box-sizing: border-box; line-height: 19.2px;'>Caracter\u00edsticas:<\/span><\/span><\/span><\/p>\n<ul>\n<li><span style='font-family: helvetica&comma; arial&comma; sans-serif;'><span style='font-family: helvetica&comma; arial&comma; sans-serif;'>Equipada con un motor de 300W&comma; esta lijadora orbital tiene un lijado de alta eficiencia y durabilidad.<\/span><\/span><\/li>\n<li><span style='font-family: helvetica&comma; arial&comma; sans-serif;'><span style='font-family: helvetica&comma; arial&comma; sans-serif;'>Cuenta con un dise\u00f1o de estructura de absorci\u00f3n de choque \u00fanico por lo que se puede utilizar durante mucho tiempo<\/span><\/span><\/li>\n<li><span style='font-family: helvetica&comma; arial&comma; sans-serif;'><span style='font-family: helvetica&comma; arial&comma; sans-serif;'>Funci\u00f3n de ajuste multivelocidad<\/span><\/span><\/li>\n<li><span style='font-family: helvetica&comma; arial&comma; sans-serif;'><span style='font-family: helvetica&comma; arial&comma; sans-serif;'>Papel Abrasivo de Cambio R\u00e1pido ya ques<\/span><span style='font-family: helvetica&comma; arial&comma; sans-serif;'> est\u00e1 unido con velcro.<\/span><\/span><\/li>\n<li><span style='font-family: helvetica&comma; arial&comma; sans-serif;'><span style='font-family: helvetica&comma; arial&comma; sans-serif;'>Empu\u00f1adura de dise\u00f1o ergon\u00f3mico<\/span><\/span><\/li>\n<\/ul><\/div>\n<\/p><\/div>\n<\/p><\/div>\n<p style='text-align: center;'>\n<p style='text-align: center;'>\n<p style='text-align: center;'><img class='fr-fic fr-dii' src='data:image\/png;base64&comma;iVBORw0KGgoAAAANSUhEUgAAALcAAAA\/CAYAAACijVkqAAAAAXNSR0IArs4c6QAAAARnQU1BAACxjwv8YQUAAAAJcEhZcwAADsMAAA7DAcdvqGQAAAkBSURBVHhe7Z05k9Q6FEb1Xr0UyFlythgKcpacLR6WmC0flpgtZo3ZcmByKIjZcuAHDPwAXh893amLXtuWLbXtcd9T5ep2e2nL\/nT16UrT89fvGc4wJsjf4dUwJoeJ25gsJm5jspi4jcli4jYmi4nbmCwmbmOymLiNyWLiNiZL4wjlz58\/3adPn8La5mHfvn1u69atYa09lPnt27e+\/ENDWQ4fPpxVHmHHjh3h3ebmx48f4V01jeJ+9+6dO3nyZFjbPLx48cIdOnQorKXz6tUrd+3aNff9+\/fwyTjYsmWLu3Dhgl9yRL5M4jZbokDU586dG52w4devX+7OnTvuxIkTo2hNNgMWuQPPnj1zly9fDmv\/Rcrjx4+7Xbt2hU+GASHTmugKR7koXxfMliiWQdwI6MCBAz46wt69e93Lly+LeNxSPHjwwF2\/fj2sOXf37l13+vTpsJbOMonbIe46Zp2q39u3b99YZs1i2DIuuC59nVx3Kk+fPt04biby3+vr62HLuFhdXd24zpWVlfCpUYV57hlkRQSi4Zgitub8+fPhnXOvX78O74wqTNwztJ8l5TZWhvb\/m43WnjunM7NIuEauVWjjufWxbTuigowH0Ap8+\/ZtbsaFFkFy1l2+A7RnTvKdEXScuT6BlkoqDZ+zXWi6TvbnvvFK2Zo64OyrW8nU+xBfF9+R1N\/w5qSGZfDc+tg2xwF+Hf+rvzt1uXjxYuvv08d3Ib5Pt27dClv+\/6z1Ng19Eu3\/9cK9qOqzcL543xTu37\/\/x3GpGjRbkkicWyZ7cfDgQZ8+7Op\/nz9\/7luNS5cuDZa7Js3YBq5zJi738OHD8MmfcC+OHDnyR+tQBfumlFtH7TaYuBMhVYgIEQMPj7Rc3WAP6UQ6gFeuXPFWh\/15P68ZRuScf4hpDp8\/f25VsbgHHFMH9+Xs2bNhrZ6mykUlafq+Kv4Jr8VglG8RDwmveuPGjbDWP+TAESFLHadOnfJD5FyvRosaMc3sjI9+UkE4PxGR\/Hp87KKZ2RHvl5tAiHErRQWmbPhpHc0R5O3bt93Vq1fDJ\/PhnHX+uW3LoikeuRE2BS29DBHVBL6\/iZ07d\/oIfe\/evUZx0vmiArx\/\/95Hc0ZDQQSe0qSXJKV8ED8Drp2AQ8XglXVNynmbrElXSwJmSxJIEVvXLAuRbW1tzdsYQOB6GkAfdI2Ocdq0axq16vtzLAmYuBNoEjdRO0UgVS0QqS0EjqUB9kuNpiXAGvXdWmiq7l2OJYGFi5sHRnPVdpEHPQZioUln8dGjR+7Lly\/eXuzfv993osh+kEnRTS3Hk1lZWVnx+7B9HlgamT9Stc+i6LMyxVRZkxxLAgsX95kzZ3zT23bhuLGAh6bCYT0QM1FWvKYM1dN5ksEFHgrZDyIP7xE8leHr16\/+uKo0GuDFmRQVd9wWDZ3KIYmjdK4lAbMlCSBIKhyeumreCZEPASNuxM\/+pM3wz2\/evPGiBSpEXQoROIeeAdgHuRYgl\/j7S1yPibsQZDy0n962bZvvHPI5FgPxs\/BesiN1SGXoC67148ePYa1\/YmuSa0nAxF0IIjJ2g2gtI5eAF0fUWJPV1VUfkRES6yUeYEmG9N0g0bqEJQETdwHw2zwYEQe2A4vCxCZ8OjaFjAqpMl7x78eOHfPHpY7k9cFYfHcJSwIm7gxoRhmK52E8efJkY6QOAeO52Y4Nwac\/fvzYj0qur6\/7bdgORE9zPOQAlYYWpU+4TxruBVE7btG6Zs5M3BkgVmDIHGGT5ZCojaDZTnTmgZFxwYeDeEsqBf67bprolJk35I+1iy1J18yZibsgYktE0BKdEa\/krfHgeG\/sCK83b96szMBMHcqNPdPEaVKie5eRXzBxZ0BEIRqT02bCGKKmCSUiIV4iNNuJ0GwDRC+TrxB+0qT7CTMvemtoBbti4s6AyEOHEb+Nl8aSyMxBmtY9e\/b4hd9CIXrzIMmZM8JJNBqDHZE5LUNB5a5LjTaJvw4TdwEQKlEcoZAhYWEkkyaXB8fn+HIZ1SRrMnTaTeg62akkVQLm\/uUEABN3AliMpowGdkM6jDFsk84nxFmCIcmJjKWouoZcy2biToDowTzrOoHzgIjG+Gw8tvyp1YcPH\/yEKDpKDO7gzXk\/74FyftJgMhDUV3Tv2mErBfcitiYEgNyKt3BxM6TLQ2q7DDkUHMPDJwdcJ3D8N50fPDbilDkmfM5DYuYgtoR1XtlOOcmi0DLs3r3bHT161I9s4tnx732JbmhxQyzkXGHDwsXNcDNDzW2XvicO1cGNJpKIwKtG0BAtfpvZfwzUxHAePqcl4CcapJwMXsQDKH1alzH4btKmespzTpZEMFuSCNYCECHZD+yFDMa0BXE3Rcs+MyljiNwMclHxZSlRfhN3IgiAiCLgm2XovQ1YEaI\/r3X0Lbh4MCWFeC4K6dAxYeJuARFFz3PAFxPF6fzREayL5IgZL44VSZnxhjfvk5TKFF8T\/QXpg1B2WjPN0Fmh4uJmUENyvSUXzjsGsCc6ggMipyNIZ5JoTgeREUkeNmKms8hr3c9CIAT+qIEFoTFM3ycpvptcvs5qYNHoBFM2Rmm5DwL7MbVgSCxyd4AILiKMISrTQeS\/IGBdiNhxZ1GDqJlwRTYF38lCRe7blvC9dSOFQOSWvodmXhnZr+\/WJ8bE3RERIUtbv4qIsDf8gTGiHsv8kpToTcaHylhVEficcpVI5eViv\/I6Qx+bEzU5BwM3LPOQyJyTCcj9lVesks7Vk77kmoDOsZ6VR6WrqniUkX31uajkWJeqiE2\/RM\/Vrjt\/jNYg18t1N2HinlFK3H2QK+5lwmzJDC3mtqm9PtFRsskfGyZujzTLwASnqiH2odGptjGMKo6d1raEiNF3mioF5qLoHntbe0GuWlJZlFH+JnIMkEMmR04WRuhqn5bpv5nZv+oLzCsn87CrprH2ie5LAPMuUjpU8zBxK5ZF3EBPnr9rrMtLDw0pxHm55lSWSdzmuRWkpZim2vWnBBYJrQj54xxhLxuNkZt8ps5NbhYQau7MstgODAUd3lKjfWZLDGMCmC0xJouJ25gsJm5jspi4jcli4jYminP\/AgGSyNPNjJkuAAAAAElFTkSuQmCC' alt='' \/><\/p>\n<p style='text-align: center;'>\n<p style='text-align: center;'>\n","protected":false},"excerpt":{"rendered":"<p>Lijadora Orbital 300W con Almohadilla de 5 Pulgadas.<\/p>\n","protected":false},"featured_media":81928,"comment_status":"open","ping_status":"closed","template":"","meta":[],"product_brand":[],"product_cat":[130],"product_tag":[132,25,131],"class_list":{"0":"post-81929","1":"product","2":"type-product","3":"status-publish","4":"has-post-thumbnail","6":"product_cat-herramientas-electricas","7":"product_tag-dongcheng","8":"product_tag-herramientas","9":"product_tag-herramientas-electricas","11":"first","12":"outofstock","13":"sale","14":"shipping-taxable","15":"purchasable","16":"product-type-simple"},"_links":{"self":[{"href":"https:\/\/soydeaqui.ddns.net\/pachuca\/index.php\/wp-json\/wp\/v2\/product\/81929","targetHints":{"allow":["GET"]}}],"collection":[{"href":"https:\/\/soydeaqui.ddns.net\/pachuca\/index.php\/wp-json\/wp\/v2\/product"}],"about":[{"href":"https:\/\/soydeaqui.ddns.net\/pachuca\/index.php\/wp-json\/wp\/v2\/types\/product"}],"replies":[{"embeddable":true,"href":"https:\/\/soydeaqui.ddns.net\/pachuca\/index.php\/wp-json\/wp\/v2\/comments?post=81929"}],"wp:featuredmedia":[{"embeddable":true,"href":"https:\/\/soydeaqui.ddns.net\/pachuca\/index.php\/wp-json\/wp\/v2\/media\/81928"}],"wp:attachment":[{"href":"https:\/\/soydeaqui.ddns.net\/pachuca\/index.php\/wp-json\/wp\/v2\/media?parent=81929"}],"wp:term":[{"taxonomy":"product_brand","embeddable":true,"href":"https:\/\/soydeaqui.ddns.net\/pachuca\/index.php\/wp-json\/wp\/v2\/product_brand?post=81929"},{"taxonomy":"product_cat","embeddable":true,"href":"https:\/\/soydeaqui.ddns.net\/pachuca\/index.php\/wp-json\/wp\/v2\/product_cat?post=81929"},{"taxonomy":"product_tag","embeddable":true,"href":"https:\/\/soydeaqui.ddns.net\/pachuca\/index.php\/wp-json\/wp\/v2\/product_tag?post=81929"}],"curies":[{"name":"wp","href":"https:\/\/api.w.org\/{rel}","templated":true}]}}