{"id":81853,"date":"2026-03-19T19:01:57","date_gmt":"2026-03-19T19:01:57","guid":{"rendered":"https:\/\/soydeaqui.ddns.net\/pachuca\/index.php\/producto\/conmutador-enterprise-modular-yeastar-100-extensiones30-llamadas-simultaneas-hasta-8-puertos-fxo-fxs-con-modulo-de-expansion-hasta-200-extensiones-y-60-llamadas-simultaneas-con-modulo-de-expansion\/"},"modified":"2026-03-19T19:02:06","modified_gmt":"2026-03-19T19:02:06","slug":"conmutador-enterprise-modular-yeastar-100-extensiones30-llamadas-simultaneas-hasta-8-puertos-fxo-fxs-con-modulo-de-expansion-hasta-200-extensiones-y-60-llamadas-simultaneas-con-modulo-de-expansion","status":"publish","type":"product","link":"https:\/\/soydeaqui.ddns.net\/pachuca\/index.php\/producto\/conmutador-enterprise-modular-yeastar-100-extensiones30-llamadas-simultaneas-hasta-8-puertos-fxo-fxs-con-modulo-de-expansion-hasta-200-extensiones-y-60-llamadas-simultaneas-con-modulo-de-expansion\/","title":{"rendered":"Conmutador Enterprise modular yeastar 100 extensiones,30 llamadas simultaneas, Hasta 8 puertos fxo\/fxs con modulo de expansion, hasta 200 extensiones y 60 llamadas simultaneas con modulo de expansion D30, soporte E1 con modulo de expansion EX30"},"content":{"rendered":"<div style='width: 100%; max-width: 1200px; margin: 0 auto; font-family: sans-serif; line-height: 1.6; color: inherit; background-color: transparent;'>\n<div style='background-color: rgba(150&comma; 206&comma; 218&comma; 0.1); border-left: 5px solid #0197d6; padding: 15px; margin-bottom: 20px;'>\n<h1 style='margin-top: 0; font-size: 28px; text-align: center; color: inherit; opacity: 0.9;'>CONMUTADOR IP P560 YEASTAR<\/h1>\n<\/p><\/div>\n<div style='background-color: rgba(150&comma; 206&comma; 218&comma; 0.1); border-left: 5px solid #0197d6; padding: 15px; margin-bottom: 30px;'>\n<p style='text-align: justify; font-size: 18px; margin: 0; color: inherit; opacity: 0.85;'>Un sistema IP-PBX fiable&comma; seguro y con muchas funciones espec\u00edficas para pymes. Unifique la comunicaci\u00f3n empresarial y la participaci\u00f3n del cliente en una sola plataforma.<\/p>\n<\/p><\/div>\n<h2 style='color: #0197d6; font-size: 24px; margin-top: 40px; border-bottom: 2px solid currentColor; padding-bottom: 5px; opacity: 0.85;'>Caracter\u00edsticas principales<\/h2>\n<hr style='border: 0; border-top: 2px solid #0197d6; margin: 15px 0;'>\n<ul style='padding-left: 20px; font-size: 15px; color: inherit;'>\n<li style='margin-bottom: 8px;'>100 usuarios&comma; ampliables a 200 con m\u00f3dulo de expansi\u00f3n D30 (no incluido)<\/li>\n<li style='margin-bottom: 8px;'>30 llamadas simult\u00e1neas&comma; ampliables a 60 con m\u00f3dulo de expansi\u00f3n D30<\/li>\n<li style='margin-bottom: 8px;'>Hasta 8 puertos FXO\/FXS (no incluidos)<\/li>\n<li style='margin-bottom: 8px;'>Hasta 4 puertos GSM (no incluidos)<\/li>\n<li style='margin-bottom: 8px;'>Hasta 1 puerto E1 (no incluido)<\/li>\n<li style='margin-bottom: 8px;'>Soporte de troncales SIP<\/li>\n<\/ul>\n<h2 style='color: #0197d6; font-size: 24px; margin-top: 40px; border-bottom: 2px solid currentColor; padding-bottom: 5px; opacity: 0.85;'>Preguntas Frecuentes (FAQ)<\/h2>\n<hr style='border: 0; border-top: 2px solid #0197d6; margin: 15px 0;'>\n<div style='display: flex; flex-direction: column; gap: 15px; margin-top: 20px;'>\n<div style='border: 1px solid rgba(150&comma; 150&comma; 150&comma; 0.3); border-radius: 6px; padding: 12px; background-color: rgba(255&comma; 255&comma; 255&comma; 0.03);'> <strong style='color: inherit; font-size: 16px;'>\u00bfQu\u00e9 tipo de troncales es compatible con el conmutador?<\/strong> <\/p>\n<p style='margin-top: 8px; font-size: 15px; color: inherit; opacity: 0.9;'>El conmutador P560 es compatible con troncales SIP y con troncales an\u00e1logas de cualquier proveedor (Telmex&comma; TotalPlay&comma; etc.).<\/p>\n<\/p><\/div>\n<div style='border: 1px solid rgba(150&comma; 150&comma; 150&comma; 0.3); border-radius: 6px; padding: 12px; background-color: rgba(255&comma; 255&comma; 255&comma; 0.03);'> <strong style='color: inherit; font-size: 16px;'>\u00bfQu\u00e9 tel\u00e9fonos son compatibles con este conmutador?<\/strong> <\/p>\n<p style='margin-top: 8px; font-size: 15px; color: inherit; opacity: 0.9;'>Es compatible con FANVIL&comma; GRANDSTREAM o cualquier tel\u00e9fono que maneje protocolo SIP abierto.<\/p>\n<\/p><\/div>\n<\/p><\/div>\n<h2 style='color: #0197d6; font-size: 24px; margin-top: 40px; border-bottom: 2px solid currentColor; padding-bottom: 5px; opacity: 0.85;'>Galer\u00eda de im\u00e1genes<\/h2>\n<hr style='border: 0; border-top: 2px solid #0197d6; margin: 15px 0;'>\n<div style='display: grid; grid-template-columns: repeat(auto-fill&comma; minmax(280px&comma; 1fr)); gap: 20px; margin-top: 20px;'> <img style='width: 100%; height: auto; border: 1px solid rgba(150&comma;150&comma;150&comma;0.3); border-radius: 8px;' src='https:\/\/ftp3.syscom.mx\/usuarios\/fotos\/P560\/236885-captura_de_pantalla_2025-03-14_a_la(s)_10.18.15 a.m..png' alt='Conmutador P560 Vista Frontal'> <img style='width: 100%; height: auto; border: 1px solid rgba(150&comma;150&comma;150&comma;0.3); border-radius: 8px;' src='https:\/\/ftp3.syscom.mx\/usuarios\/fotos\/P520\/236884-captura_de_pantalla_2025-03-13_a_la(s)_4.16.27 p.m.-photoroom.png' alt='Conmutador P520 Interior'> <img style='width: 100%; height: auto; border: 1px solid rgba(150&comma;150&comma;150&comma;0.3); border-radius: 8px;' src='https:\/\/ftp3.syscom.mx\/usuarios\/fotos\/P520\/236884-captura_de_pantalla_2025-03-13_a_la(s)_4.17.13 p.m..png' alt='Conmutador P520 Trasera'> <img style='width: 100%; height: auto; border: 1px solid rgba(150&comma;150&comma;150&comma;0.3); border-radius: 8px;' src='https:\/\/ftp3.syscom.mx\/usuarios\/fotos\/P520\/236884-captura_de_pantalla_2025-03-13_a_la(s)_4.17.24 p.m..png' alt='Conmutador P520 Puertos'> <img style='width: 100%; height: auto; border: 1px solid rgba(150&comma;150&comma;150&comma;0.3); border-radius: 8px;' src='https:\/\/ftp3.syscom.mx\/usuarios\/fotos\/P520\/236884-captura_de_pantalla_2025-03-13_a_la(s)_4.17.35 p.m.-photoroom_(1).png' alt='Conmutador P520 Interno'> <\/div>\n<\/p><\/div>\n","protected":false},"excerpt":{"rendered":"<p>Conmutador Enterprise modular yeastar 100 extensiones,30 llamadas simultaneas, Hasta 8 puertos fxo\/fxs con modulo de expansion, hasta 200 extensiones y 60 llamadas simultaneas con modulo de expansion D30, soporte E1 con modulo de expansion EX30<\/p>\n","protected":false},"featured_media":81852,"comment_status":"open","ping_status":"closed","template":"","meta":[],"product_brand":[],"product_cat":[2028],"product_tag":[2029,2004,2145],"class_list":{"0":"post-81853","1":"product","2":"type-product","3":"status-publish","4":"has-post-thumbnail","6":"product_cat-conmutadores-ip","7":"product_tag-conmutadores-ip","8":"product_tag-voip-telefonia-ip-videoconferencia","9":"product_tag-yeastar","11":"first","12":"instock","13":"sale","14":"shipping-taxable","15":"purchasable","16":"product-type-simple"},"_links":{"self":[{"href":"https:\/\/soydeaqui.ddns.net\/pachuca\/index.php\/wp-json\/wp\/v2\/product\/81853","targetHints":{"allow":["GET"]}}],"collection":[{"href":"https:\/\/soydeaqui.ddns.net\/pachuca\/index.php\/wp-json\/wp\/v2\/product"}],"about":[{"href":"https:\/\/soydeaqui.ddns.net\/pachuca\/index.php\/wp-json\/wp\/v2\/types\/product"}],"replies":[{"embeddable":true,"href":"https:\/\/soydeaqui.ddns.net\/pachuca\/index.php\/wp-json\/wp\/v2\/comments?post=81853"}],"wp:featuredmedia":[{"embeddable":true,"href":"https:\/\/soydeaqui.ddns.net\/pachuca\/index.php\/wp-json\/wp\/v2\/media\/81852"}],"wp:attachment":[{"href":"https:\/\/soydeaqui.ddns.net\/pachuca\/index.php\/wp-json\/wp\/v2\/media?parent=81853"}],"wp:term":[{"taxonomy":"product_brand","embeddable":true,"href":"https:\/\/soydeaqui.ddns.net\/pachuca\/index.php\/wp-json\/wp\/v2\/product_brand?post=81853"},{"taxonomy":"product_cat","embeddable":true,"href":"https:\/\/soydeaqui.ddns.net\/pachuca\/index.php\/wp-json\/wp\/v2\/product_cat?post=81853"},{"taxonomy":"product_tag","embeddable":true,"href":"https:\/\/soydeaqui.ddns.net\/pachuca\/index.php\/wp-json\/wp\/v2\/product_tag?post=81853"}],"curies":[{"name":"wp","href":"https:\/\/api.w.org\/{rel}","templated":true}]}}