{"id":81757,"date":"2026-03-19T18:58:08","date_gmt":"2026-03-19T18:58:08","guid":{"rendered":"https:\/\/soydeaqui.ddns.net\/pachuca\/index.php\/producto\/switch-poe-omada-para-exterior-1-puerto-poe-in-802-3-af-at-bt-4-puertos-poe-out-gigabit-adminstracion-centralizada-omada\/"},"modified":"2026-03-19T18:58:16","modified_gmt":"2026-03-19T18:58:16","slug":"switch-poe-omada-para-exterior-1-puerto-poe-in-802-3-af-at-bt-4-puertos-poe-out-gigabit-adminstracion-centralizada-omada","status":"publish","type":"product","link":"https:\/\/soydeaqui.ddns.net\/pachuca\/index.php\/producto\/switch-poe-omada-para-exterior-1-puerto-poe-in-802-3-af-at-bt-4-puertos-poe-out-gigabit-adminstracion-centralizada-omada\/","title":{"rendered":"Switch PoE Omada Para Exterior \/ 1 Puerto PoE++ IN 802.3 af\/at\/bt \/ 4 Puertos PoE+ OUT Gigabit \/ Adminstraci\u00f3n Centralizada Omada"},"content":{"rendered":"<div style='width: 100%; max-width: 1200px; margin: 0 auto; font-family: sans-serif; line-height: 1.6; color: inherit; background-color: transparent;'>\n<div style='display: flex; flex-wrap: wrap; gap: 30px; margin-bottom: 30px;'>\n<div style='flex: 1 1 320px; min-width: 280px;'> <img style='width: 100%; height: auto; border: 1px solid rgba(150&comma;150&comma;150&comma;0.3); border-radius: 8px;' src='http:\/\/ftp3.syscom.mx\/usuarios\/ftp\/2025\/11\/20\/1908\/1.jpg_froala_691fa3a8dd5d3' alt='Switch Industrial eKit S210I-8T4SX'> <\/div>\n<div style='flex: 1 1 360px; min-width: 280px;'>\n<h3 style='font-size: 22px; border-bottom: 2px solid currentColor; padding-bottom: 5px; margin-top: 0; color: inherit; opacity: 0.8;'>Switch para Exterior Omada<\/h3>\n<div style='margin: 10px 0; color: inherit; opacity: 0.7; font-weight: 600;'>Modelo: SG2005P-PD<\/div>\n<p style='margin: 0;'>Lleva tu conectividad m\u00e1s all\u00e1 de las cuatro paredes con el Switch Exterior TP-Link SG2005P-PD. Dise\u00f1ado espec\u00edficamente para resistir los elementos&comma; este switch compacto de 5 puertos es la soluci\u00f3n perfecta para alimentar y conectar dispositivos en exteriores&comma; garantizando un rendimiento confiable llueva&comma; nieve o haga sol.<\/p>\n<\/p><\/div>\n<\/p><\/div>\n<div style='display: flex; flex-wrap: wrap; gap: 20px; margin-bottom: 30px;'>\n<div style='flex: 1 1 250px; border: 1px solid rgba(150&comma; 150&comma; 150&comma; 0.4); border-radius: 8px; overflow: hidden; display: flex; flex-direction: column;'>\n<div style='padding: 15px; border-bottom: 1px solid rgba(150&comma; 150&comma; 150&comma; 0.2); font-weight: bold; font-size: 18px; color: inherit;'>Caracter\u00edsticas principales<\/div>\n<div style='padding: 15px; color: inherit;'>\n<ul style='padding-left: 20px; margin: 0; font-size: 14px; list-style-type: disc;'>\n<li style='margin-bottom: 5px;'>(1) Puerto Entrada PoE++ (802.3 af\/at\/bt) LAN RJ45<\/li>\n<li style='margin-bottom: 5px;'>(4) Puertos Salida PoE+ (802.3 af\/at) LAN RJ45<\/li>\n<li style='margin-bottom: 5px;'>Reenv\u00edo paquetes: 7&comma;44 Mpps<\/li>\n<li style='margin-bottom: 5px;'>Jumbo Frame: 9 KB<\/li>\n<li style='margin-bottom: 5px;'>Direcciones MAC: 8k<\/li>\n<li style='margin-bottom: 5px;'>Capacitaci\u00f3n de conmutaci\u00f3n: 10 Gbps<\/li>\n<li style='margin-bottom: 5px;'>Certificaciones: CE&comma; FCC&comma; RoHS<\/li>\n<li style='margin-bottom: 5px;'>Gesti\u00f3n Web \/ App Omada \/ Controladora Omada<\/li>\n<\/ul><\/div>\n<\/p><\/div>\n<div style='flex: 1 1 250px; border: 1px solid rgba(150&comma; 150&comma; 150&comma; 0.4); border-radius: 8px; overflow: hidden; display: flex; flex-direction: column;'>\n<div style='padding: 15px; border-bottom: 1px solid rgba(150&comma; 150&comma; 150&comma; 0.2); font-weight: bold; font-size: 18px; color: inherit;'>Caracter\u00edsticas f\u00edsicas y el\u00e9ctricas<\/div>\n<div style='padding: 15px; color: inherit;'>\n<ul style='padding-left: 20px; margin: 0; font-size: 14px; list-style-type: disc;'>\n<li style='margin-bottom: 5px;'>Dimensiones: 100 x 38.5 x 170 mm<\/li>\n<li style='margin-bottom: 5px;'>Alimentaci\u00f3n: 802.3bt PoE++ (No incluye el adaptador)<\/li>\n<li style='margin-bottom: 5px;'>Sin Ventiladores<\/li>\n<li style='margin-bottom: 5px;'>Bot\u00f3n Reset<\/li>\n<li style='margin-bottom: 5px;'>Consumo m\u00e1ximo: 71.5 W (Cuando se alimenta con 90W)<\/li>\n<li style='margin-bottom: 5px;'>Temperatura de operaci\u00f3n: 0\u00ba a 40\u00ba<\/li>\n<li style='margin-bottom: 5px;'>Humedad de operaci\u00f3n: 10 a 90% sin condensaci\u00f3n<\/li>\n<\/ul><\/div>\n<\/p><\/div>\n<div style='flex: 1 1 250px; border: 1px solid rgba(150&comma; 150&comma; 150&comma; 0.4); border-radius: 8px; overflow: hidden; display: flex; flex-direction: column;'>\n<div style='padding: 15px; border-bottom: 1px solid rgba(150&comma; 150&comma; 150&comma; 0.2); font-weight: bold; font-size: 18px; color: inherit;'>Contenido del Paquete<\/div>\n<div style='padding: 15px; color: inherit;'>\n<ul style='padding-left: 20px; margin: 0; font-size: 14px; list-style-type: disc;'>\n<li style='margin-bottom: 5px;'>Switch para Exterior: SG2005P-PD<\/li>\n<li style='margin-bottom: 5px;'>Kit de montaje montaje<\/li>\n<li style='margin-bottom: 5px;'>Gu\u00eda de instalaci\u00f3n<\/li>\n<\/ul><\/div>\n<\/p><\/div>\n<div style='flex: 1 1 250px; border: 1px solid rgba(150&comma; 150&comma; 150&comma; 0.4); border-radius: 8px; overflow: hidden; display: flex; flex-direction: column;'>\n<div style='padding: 15px; border-bottom: 1px solid rgba(150&comma; 150&comma; 150&comma; 0.2); font-weight: bold; font-size: 18px; color: inherit;'>Funciones Avanzadas<\/div>\n<div style='padding: 15px; color: inherit;'>\n<ul style='padding-left: 20px; margin: 0; font-size: 14px; list-style-type: disc;'>\n<li style='margin-bottom: 5px;'>Gesti\u00f3n centralizada: OC200<\/li>\n<li style='margin-bottom: 5px;'>OC300<\/li>\n<li style='margin-bottom: 5px;'>Omada Software<\/li>\n<li style='margin-bottom: 5px;'>Omada basado en la nube<\/li>\n<\/ul><\/div>\n<\/p><\/div>\n<\/p><\/div>\n<div style='display: flex; flex-wrap: wrap; gap: 30px; margin-bottom: 30px;'>\n<div style='flex: 1 1 320px; min-width: 280px;'> <img style='width: 100%; height: auto; border: 1px solid rgba(150&comma;150&comma;150&comma;0.3); border-radius: 8px;' src='http:\/\/ftp3.syscom.mx\/usuarios\/ftp\/2025\/11\/20\/1908\/Captura_de_pantalla_20251120_a_la_s__5.34.30p.m..png_froala_691fa58f7d0ac' alt='Switch Industrial eKit S210I-8T4SX'> <\/div>\n<div style='flex: 1 1 360px; min-width: 280px;'>\n<h3 style='font-size: 22px; border-bottom: 2px solid currentColor; padding-bottom: 5px; margin-top: 0; color: inherit; opacity: 0.8;'>Soluci\u00f3n completa para redes en exterior<\/h3>\n<p style='margin-top: 10px;'>Soporta hasta 64W \/ 44W \/ 19W \/ 6W de presupuesto PoE out al estar alimentado por 802.3bt Type 4 (90 W)&comma; 802.3bt Type 3 (60 W)&comma; 802.3at&comma; 802.3af PoE&comma; respectivamente. El Swtich Omada detecta autom\u00e1ticamente la alimentaci\u00f3n PoE necesaria para cada dispositivo y protege sus equipos no PoE<\/p>\n<\/p><\/div>\n<\/p><\/div>\n<div style='display: flex; flex-wrap: wrap; gap: 30px; margin-bottom: 30px;'>\n<div style='flex: 1 1 320px; min-width: 280px;'> <img style='width: 100%; height: auto; border: 1px solid rgba(150&comma;150&comma;150&comma;0.3); border-radius: 8px;' src='http:\/\/ftp3.syscom.mx\/usuarios\/ftp\/2025\/11\/20\/1908\/Captura_de_pantalla_20251120_a_la_s__5.39.27p.m..png_froala_691fa6b82b60f' alt='Switch Industrial eKit S210I-8T4SX'> <\/div>\n<div style='flex: 1 1 360px; min-width: 280px;'>\n<h3 style='font-size: 22px; border-bottom: 2px solid currentColor; padding-bottom: 5px; margin-top: 0; color: inherit; opacity: 0.8;'>Libertad de Instalaci\u00f3n<\/h3>\n<p style='margin-top: 10px;'>No compliques tus proyectos&comma; el modelo SG2005P-PD es f\u00e1cil de instalar en paredes o postes con el kit de montaje incluido.<\/p>\n<\/p><\/div>\n<\/p><\/div>\n<div style='display: flex; flex-wrap: wrap; gap: 30px; margin-bottom: 30px;'>\n<div style='flex: 1 1 360px; min-width: 280px;'>\n<h3 style='font-size: 22px; border-bottom: 2px solid currentColor; padding-bottom: 5px; margin-top: 0; color: inherit; opacity: 0.8;'>Administraci\u00f3n centralizada en la nube sin complicaciones<\/h3>\n<ul style='padding-left: 20px; margin: 15px 0; font-size: 14px; color: inherit;'>\n<li style='margin-bottom: 5px;'>Contralodara basada en la nube<\/li>\n<li style='margin-bottom: 5px;'>Controladora por harware<\/li>\n<li style='margin-bottom: 5px;'>Controladora por software<\/li>\n<\/ul><\/div>\n<div style='flex: 1 1 320px; min-width: 280px;'> <img style='width: 100%; height: auto; border: 1px solid rgba(150&comma;150&comma;150&comma;0.3); border-radius: 8px;' src='http:\/\/ftp3.syscom.mx\/usuarios\/ftp\/2025\/10\/31\/1908\/7.png_froala_690511e38e0d7' alt='Switch Industrial eKit S210I-8T4SX'> <\/div>\n<\/p><\/div>\n<div style='display: flex; flex-wrap: wrap; gap: 30px; margin-bottom: 30px;'>\n<div style='flex: 1 1 320px; min-width: 280px;'> <img style='width: 100%; height: auto; border: 1px solid rgba(150&comma;150&comma;150&comma;0.3); border-radius: 8px;' src='http:\/\/ftp3.syscom.mx\/usuarios\/ftp\/2025\/11\/20\/1908\/Captura_de_pantalla_20251120_a_la_s__5.37.33p.m..png_froala_691fa6470f07d' alt='Switch Industrial eKit S210I-8T4SX'> <\/div>\n<div style='flex: 1 1 360px; min-width: 280px;'>\n<h3 style='font-size: 22px; border-bottom: 2px solid currentColor; padding-bottom: 5px; margin-top: 0; color: inherit; opacity: 0.8;'>Funciones Avanzadas<\/h3>\n<ul style='padding-left: 20px; margin: 15px 0; font-size: 14px; color: inherit;'>\n<li style='margin-bottom: 5px;'><strong>Enrutamiento est\u00e1tico:<\/strong> Ayuda a dirigir el tr\u00e1fico interno para hacer un uso m\u00e1s eficiente de los recursos de la red.<\/li>\n<li style='margin-bottom: 5px;'><strong>Lista de control de acceso (ACL):<\/strong> T\u00fa decides qui\u00e9n puede acceder a qu\u00e9 y cu\u00e1ndo. Establece permisos espec\u00edficos para cada dispositivo conectado&comma; creando una red segura y personalizada.<\/li>\n<li style='margin-bottom: 5px;'><strong>Priorizaci\u00f3n QoS:<\/strong> Prioriza el tr\u00e1fico en funci\u00f3n de su importancia. La voz y el v\u00eddeo&comma; sensibles a la latencia&comma; podr\u00e1n tener prioridad sobre otras como la descarga de archivos.<\/li>\n<li style='margin-bottom: 5px;'><strong>VLAN:<\/strong> Agrupa dispositivos sin importar su ubicaci\u00f3n f\u00edsica para mejorar el rendimiento de la red y la seguridad&comma; facilitando su gesti\u00f3n.<\/li>\n<\/ul><\/div>\n<\/p><\/div>\n<\/p><\/div>\n","protected":false},"excerpt":{"rendered":"<p>Switch PoE Omada Para Exterior \/ 1 Puerto PoE++ IN 802.3 af\/at\/bt \/ 4 Puertos PoE+ OUT Gigabit \/ Adminstraci\u00f3n Centralizada Omada<\/p>\n","protected":false},"featured_media":81756,"comment_status":"open","ping_status":"closed","template":"","meta":[],"product_brand":[],"product_cat":[1986],"product_tag":[664,1987,71],"class_list":{"0":"post-81757","1":"product","2":"type-product","3":"status-publish","4":"has-post-thumbnail","6":"product_cat-switches-poe","7":"product_tag-networking","8":"product_tag-switches-poe","9":"product_tag-tp-link","11":"first","12":"instock","13":"sale","14":"shipping-taxable","15":"purchasable","16":"product-type-simple"},"_links":{"self":[{"href":"https:\/\/soydeaqui.ddns.net\/pachuca\/index.php\/wp-json\/wp\/v2\/product\/81757","targetHints":{"allow":["GET"]}}],"collection":[{"href":"https:\/\/soydeaqui.ddns.net\/pachuca\/index.php\/wp-json\/wp\/v2\/product"}],"about":[{"href":"https:\/\/soydeaqui.ddns.net\/pachuca\/index.php\/wp-json\/wp\/v2\/types\/product"}],"replies":[{"embeddable":true,"href":"https:\/\/soydeaqui.ddns.net\/pachuca\/index.php\/wp-json\/wp\/v2\/comments?post=81757"}],"wp:featuredmedia":[{"embeddable":true,"href":"https:\/\/soydeaqui.ddns.net\/pachuca\/index.php\/wp-json\/wp\/v2\/media\/81756"}],"wp:attachment":[{"href":"https:\/\/soydeaqui.ddns.net\/pachuca\/index.php\/wp-json\/wp\/v2\/media?parent=81757"}],"wp:term":[{"taxonomy":"product_brand","embeddable":true,"href":"https:\/\/soydeaqui.ddns.net\/pachuca\/index.php\/wp-json\/wp\/v2\/product_brand?post=81757"},{"taxonomy":"product_cat","embeddable":true,"href":"https:\/\/soydeaqui.ddns.net\/pachuca\/index.php\/wp-json\/wp\/v2\/product_cat?post=81757"},{"taxonomy":"product_tag","embeddable":true,"href":"https:\/\/soydeaqui.ddns.net\/pachuca\/index.php\/wp-json\/wp\/v2\/product_tag?post=81757"}],"curies":[{"name":"wp","href":"https:\/\/api.w.org\/{rel}","templated":true}]}}