{"id":81731,"date":"2026-03-19T18:57:06","date_gmt":"2026-03-19T18:57:06","guid":{"rendered":"https:\/\/soydeaqui.ddns.net\/pachuca\/index.php\/producto\/montaje-riel-din-para-equipos-rut-de-teltonika-2\/"},"modified":"2026-03-19T18:57:09","modified_gmt":"2026-03-19T18:57:09","slug":"montaje-riel-din-para-equipos-rut-de-teltonika-2","status":"publish","type":"product","link":"https:\/\/soydeaqui.ddns.net\/pachuca\/index.php\/producto\/montaje-riel-din-para-equipos-rut-de-teltonika-2\/","title":{"rendered":"Montaje riel DIN para equipos RUT de Teltonika"},"content":{"rendered":"<div style='width: 100%; max-width: 1200px; margin: 0 auto; font-family: sans-serif; line-height: 1.6; color: inherit; background-color: transparent;'> <!-- Secci\u00f3n de descripci\u00f3n --> <\/p>\n<div style='margin-bottom: 30px; font-size: 15px; color: inherit;'>\n<p>Montaje metalico para Riel DIN para los equipos RUT de la Marca Teltonika<\/p>\n<p>Las im\u00e1genes est\u00e1n destinadas a ayudar a los clientes a aproximar con precisi\u00f3n el tama\u00f1o del accesorio antes de la instalaci\u00f3n. Todas las medidas se especifican en mil\u00edmetros (mm).<\/p>\n<\/p><\/div>\n<p> <!-- Vista indicativa --> <\/p>\n<div style='margin-bottom: 30px;'>\n<h3 style='font-size: 22px; border-bottom: 2px solid currentColor; padding-bottom: 5px; margin-top: 0; color: inherit; opacity: 0.8;'>Vista indicativa<\/h3>\n<p style='margin-bottom: 15px; font-size: 14px; color: inherit;'>Esta imagen <strong>indicativa<\/strong> est\u00e1 destinada a dar una mejor perspectiva sobre el tama\u00f1o y las relaciones espaciales del riel DIN de metal:<\/p>\n<div style='display: flex; justify-content: center; margin: 15px 0;'> <a style='text-decoration: none; color: inherit;' href='https:\/\/wiki.teltonika.lt\/view\/File:Networking_accessories_spatial_measurements_metal_din_rail_indicative_view_v1.png'> <img style='width: 100%; max-width: 300px; height: auto; border: 1px solid rgba(150&comma;150&comma;150&comma;0.3); border-radius: 8px;' src='https:\/\/ftp3.syscom.mx\/usuarios\/fotos\/DINRAILKIT\/172232-networking_accessories_spatial_measurements_metal_din_rail_indicative_view_v1.png' alt=''> <\/a> <\/div>\n<\/p><\/div>\n<p> <!-- Vista superior --> <\/p>\n<div style='margin-bottom: 30px;'>\n<h3 style='font-size: 22px; border-bottom: 2px solid currentColor; padding-bottom: 5px; margin-top: 0; color: inherit; opacity: 0.8;'>Vista superior<\/h3>\n<p style='margin-bottom: 15px; font-size: 14px; color: inherit;'>La siguiente figura muestra las medidas del riel DIN de metal visto desde <strong>arriba<\/strong>:<\/p>\n<div style='display: flex; justify-content: center; margin: 15px 0;'> <img style='width: 100%; max-width: 300px; height: auto; border: 1px solid rgba(150&comma;150&comma;150&comma;0.3); border-radius: 8px;' src='https:\/\/ftp3.syscom.mx\/usuarios\/fotos\/DINRAILKIT\/172232-networking_accessories_spatial_measurements_metal_din_rail_top_view_v1.png' alt=''> <\/div>\n<\/p><\/div>\n<p> <!-- Visi\u00f3n derecha --> <\/p>\n<div style='margin-bottom: 30px;'>\n<h3 style='font-size: 22px; border-bottom: 2px solid currentColor; padding-bottom: 5px; margin-top: 0; color: inherit; opacity: 0.8;'>Visi\u00f3n derecha<\/h3>\n<p style='margin-bottom: 15px; font-size: 14px; color: inherit;'>La figura siguiente muestra las medidas del riel DIN de metal visto desde el <strong>lado derecho<\/strong>:<\/p>\n<div style='display: flex; justify-content: center; margin: 15px 0;'> <img style='width: 100%; max-width: 300px; height: auto; border: 1px solid rgba(150&comma;150&comma;150&comma;0.3); border-radius: 8px;' src='https:\/\/ftp3.syscom.mx\/usuarios\/fotos\/DINRAILKIT\/172232-networking_accessories_spatial_measurements_metal_din_rail_right_view_v1.png' alt=''> <\/div>\n<\/p><\/div>\n<p> <!-- Vista frontal --> <\/p>\n<div style='margin-bottom: 30px;'>\n<h3 style='font-size: 22px; border-bottom: 2px solid currentColor; padding-bottom: 5px; margin-top: 0; color: inherit; opacity: 0.8;'>Vista frontal<\/h3>\n<p style='margin-bottom: 15px; font-size: 14px; color: inherit;'>La siguiente figura muestra las medidas del riel DIN de metal visto desde el <strong>frente<\/strong>:<\/p>\n<div style='display: flex; justify-content: center; margin: 15px 0;'> <img style='width: 100%; max-width: 300px; height: auto; border: 1px solid rgba(150&comma;150&comma;150&comma;0.3); border-radius: 8px;' src='https:\/\/ftp3.syscom.mx\/usuarios\/fotos\/DINRAILKIT\/172232-networking_accessories_spatial_measurements_metal_din_rail_front_view_v1.png' alt=''> <\/div>\n<\/p><\/div>\n<\/p><\/div>\n","protected":false},"excerpt":{"rendered":"<p>Montaje riel DIN para equipos RUT de Teltonika<\/p>\n","protected":false},"featured_media":81730,"comment_status":"open","ping_status":"closed","template":"","meta":[],"product_brand":[],"product_cat":[1984],"product_tag":[1985,664,1430],"class_list":{"0":"post-81731","1":"product","2":"type-product","3":"status-publish","4":"has-post-thumbnail","6":"product_cat-industrial","7":"product_tag-industrial","8":"product_tag-networking","9":"product_tag-teltonika","11":"first","12":"instock","13":"sale","14":"shipping-taxable","15":"purchasable","16":"product-type-simple"},"_links":{"self":[{"href":"https:\/\/soydeaqui.ddns.net\/pachuca\/index.php\/wp-json\/wp\/v2\/product\/81731","targetHints":{"allow":["GET"]}}],"collection":[{"href":"https:\/\/soydeaqui.ddns.net\/pachuca\/index.php\/wp-json\/wp\/v2\/product"}],"about":[{"href":"https:\/\/soydeaqui.ddns.net\/pachuca\/index.php\/wp-json\/wp\/v2\/types\/product"}],"replies":[{"embeddable":true,"href":"https:\/\/soydeaqui.ddns.net\/pachuca\/index.php\/wp-json\/wp\/v2\/comments?post=81731"}],"wp:featuredmedia":[{"embeddable":true,"href":"https:\/\/soydeaqui.ddns.net\/pachuca\/index.php\/wp-json\/wp\/v2\/media\/81730"}],"wp:attachment":[{"href":"https:\/\/soydeaqui.ddns.net\/pachuca\/index.php\/wp-json\/wp\/v2\/media?parent=81731"}],"wp:term":[{"taxonomy":"product_brand","embeddable":true,"href":"https:\/\/soydeaqui.ddns.net\/pachuca\/index.php\/wp-json\/wp\/v2\/product_brand?post=81731"},{"taxonomy":"product_cat","embeddable":true,"href":"https:\/\/soydeaqui.ddns.net\/pachuca\/index.php\/wp-json\/wp\/v2\/product_cat?post=81731"},{"taxonomy":"product_tag","embeddable":true,"href":"https:\/\/soydeaqui.ddns.net\/pachuca\/index.php\/wp-json\/wp\/v2\/product_tag?post=81731"}],"curies":[{"name":"wp","href":"https:\/\/api.w.org\/{rel}","templated":true}]}}