{"id":81710,"date":"2026-03-19T18:56:09","date_gmt":"2026-03-19T18:56:09","guid":{"rendered":"https:\/\/soydeaqui.ddns.net\/pachuca\/index.php\/producto\/suscriptor-force-300l-600-mbps-reales-5-ghz-wave2-802-11-ac-antena-de-16-dbi-c050910c111a\/"},"modified":"2026-03-19T18:56:10","modified_gmt":"2026-03-19T18:56:10","slug":"suscriptor-force-300l-600-mbps-reales-5-ghz-wave2-802-11-ac-antena-de-16-dbi-c050910c111a","status":"publish","type":"product","link":"https:\/\/soydeaqui.ddns.net\/pachuca\/index.php\/producto\/suscriptor-force-300l-600-mbps-reales-5-ghz-wave2-802-11-ac-antena-de-16-dbi-c050910c111a\/","title":{"rendered":"Suscriptor Force 300L \/ +600 MBps Reales \/ 5 GHz Wave2 802.11-AC \/ Antena de 16 dBi &#8211; C050910C111A"},"content":{"rendered":"<div style='width: 100%; max-width: 1200px; margin: 0 auto; font-family: sans-serif; line-height: 1.6; color: inherit; background-color: transparent;'>\n<div style='text-align: center; margin-bottom: 30px;'> <img style='width: 100%; max-width: 300px; height: auto; border: 1px solid rgba(150&comma;150&comma;150&comma;0.3); border-radius: 8px;' src='http:\/\/ftp3.syscom.mx\/usuarios\/hortega\/Cambium\/cambium-networks-logo.png' alt='Logo Cambium Networks'> <\/div>\n<h2 style='font-size: 24px; margin-top: 0; margin-bottom: 20px; color: inherit;'>Force 300-16 5 GHz GEN2<\/h2>\n<div style='display: flex; flex-wrap: wrap; gap: 10px; justify-content: center; margin: 20px 0;'>\n<div style='background: #ebebeb; border-radius: 3px; padding: 4px 13px; font-size: 17px; color: inherit;'>5<br \/>GHz<\/div>\n<div style='background: #ebebeb; border-radius: 3px; padding: 4px 13px; font-size: 17px; color: inherit;'>+600<br \/>MBps<\/div>\n<div style='background: #ebebeb; border-radius: 3px; padding: 4px 13px; font-size: 17px; color: inherit;'>16<br \/>dBi<\/div>\n<div style='background: #ebebeb; border-radius: 3px; padding: 4px 13px; font-size: 17px; color: inherit;'>802.11AC<br \/>WAVE2 GEN2<\/div>\n<\/p><\/div>\n<div style='display: grid; grid-template-columns: repeat(auto-fill&comma; minmax(280px&comma; 1fr)); gap: 30px; margin-bottom: 30px;'>\n<div style='border: 1px solid rgba(150&comma;150&comma;150&comma;0.3); border-radius: 8px; padding: 15px;'>\n<h3 style='font-size: 18px; border-bottom: 2px solid rgba(150&comma;150&comma;150&comma;0.3); padding-bottom: 5px; margin-top: 0; color: inherit;'>Nuevo Procesador GEN2<\/h3>\n<p style='color: inherit;'>Un potente procesador GEN2 optimizado en tecnolog\u00eda AC Wave2.<\/p>\n<\/p><\/div>\n<div style='border: 1px solid rgba(150&comma;150&comma;150&comma;0.3); border-radius: 8px; padding: 15px;'>\n<h3 style='font-size: 18px; border-bottom: 2px solid rgba(150&comma;150&comma;150&comma;0.3); padding-bottom: 5px; margin-top: 0; color: inherit;'>SEGURIDAD<\/h3>\n<p style='color: inherit;'>El cifrado AES de 128 bits&comma; las reglas de firewall L2 y L3&comma; la compatibilidad con diferentes niveles de usuario&comma; la compatibilidad con HTTP \/ SSH proporciona seguridad mejorada.<\/p>\n<\/p><\/div>\n<div style='border: 1px solid rgba(150&comma;150&comma;150&comma;0.3); border-radius: 8px; padding: 15px;'>\n<h3 style='font-size: 18px; border-bottom: 2px solid rgba(150&comma;150&comma;150&comma;0.3); padding-bottom: 5px; margin-top: 0; color: inherit;'>MODOS FLEXIBLES DE OPERACI\u00d3N<\/h3>\n<p style='color: inherit;'>Proporciona una latencia extremadamente baja para implementaciones de PTP&comma; modo altamente escalable sin sincronizaci\u00f3n GPS y operaci\u00f3n TDD para torres sincronizadas<\/p>\n<\/p><\/div>\n<div style='border: 1px solid rgba(150&comma;150&comma;150&comma;0.3); border-radius: 8px; padding: 15px;'>\n<h3 style='font-size: 18px; border-bottom: 2px solid rgba(150&comma;150&comma;150&comma;0.3); padding-bottom: 5px; margin-top: 0; color: inherit;'>NUEVO TAMA\u00d1O DE CANAL Y MODULACI\u00d3N<\/h3>\n<p style='color: inherit;'>Admite configuraci\u00f3n de tama\u00f1os de canal desde 20 MHz hasta 80 MHz y modula hasta 256 QAM<\/p>\n<\/p><\/div>\n<\/p><\/div>\n<div style='margin: 30px 0;'>\n<h3 style='font-size: 18px; margin-top: 0; margin-bottom: 15px; color: inherit;'>Funciones principales<\/h3>\n<ul style='padding-left: 20px; color: inherit;'>\n<li style='margin-bottom: 5px;'>Puerto Gigabit Ethernet<\/li>\n<li style='margin-bottom: 5px;'>Permite PoE Cambium y PoE est\u00e1ndar (30Vdc)<\/li>\n<li style='margin-bottom: 5px;'>Incluye PoE<\/li>\n<li style='margin-bottom: 5px;'>Incluye herraje con inclinaci\u00f3n<\/li>\n<li style='margin-bottom: 5px;'>Antena integrada de 16 dBi<\/li>\n<li style='margin-bottom: 5px;'>100&comma;000 PPS M\u00e1ximo desempe\u00f1o para aplicaciones de voz y video vigilancia<\/li>\n<\/ul><\/div>\n<div style='display: grid; grid-template-columns: repeat(auto-fill&comma; minmax(280px&comma; 1fr)); gap: 20px; margin: 30px 0;'>\n<div style='border: 1px solid rgba(150&comma;150&comma;150&comma;0.3); border-radius: 8px; overflow: hidden;'>\n<div style='padding: 15px; border-bottom: 1px solid rgba(150&comma;150&comma;150&comma;0.2); font-weight: bold; color: inherit;'>Especificaciones T\u00e9cnicas<\/div>\n<div style='padding: 15px; color: inherit;'>\n<ul style='padding-left: 20px; margin: 0; font-size: 14px; list-style-type: disc;'>\n<li style='margin-bottom: 5px;'><strong>MIMO y modulaci\u00f3n:<\/strong> 2&#215;2 MIMO\/OFDM<\/li>\n<li style='margin-bottom: 5px;'><strong>Rango de frecuencias:<\/strong> 4.9 \u2013 5.970 GHz (definido por pa\u00eds de operaci\u00f3n)<\/li>\n<li style='margin-bottom: 5px;'><strong>Potencia m\u00e1xima output:<\/strong> 0 a +29 dB<\/li>\n<li style='margin-bottom: 5px;'><strong>Ganancia:<\/strong> 16 dBi<\/li>\n<li style='margin-bottom: 5px;'><strong>Consumo de potencia m\u00e1ximo:<\/strong> 12 Watts<\/li>\n<li style='margin-bottom: 5px;'><strong>Protecci\u00f3n exterior:<\/strong> IP55<\/li>\n<li style='margin-bottom: 5px;'><strong>Gesti\u00f3n:<\/strong> HTTPs&comma; SSH&comma; SNMPv2c<\/li>\n<li style='margin-bottom: 5px;'><strong>Espacios de canales:<\/strong> Configurable en incrementos de 5 MHz<\/li>\n<li style='margin-bottom: 5px;'><strong>MAC Layer:<\/strong> Cambium Proprietary<\/li>\n<li style='margin-bottom: 5px;'><strong>Estructura Ethernet:<\/strong> 10\/100\/1000BaseT&comma; rate auto negotiated Cambium PoE or Standard PoE<\/li>\n<li style='margin-bottom: 5px;'><strong>Protocolos usados:<\/strong> IPv4&comma; UDP&comma; TCP&comma; IP&comma; ICMP&comma; SSH&comma; SNMPv2c&comma; HTTPs&comma; STP&comma; SSH&comma; IGMP Snooping<\/li>\n<li style='margin-bottom: 5px;'><strong>VLAN:<\/strong> 802.1Q with 802.1p priority<\/li>\n<li style='margin-bottom: 5px;'><strong>Voltaje de entrada:<\/strong> 30 V (PoE Incluido)<\/li>\n<li style='margin-bottom: 5px;'><strong>Encriptaci\u00f3n:<\/strong> 128-bit AES (CCMP mode)<\/li>\n<li style='margin-bottom: 5px;'><strong>Tipo de Antena:<\/strong> Integrada parab\u00f3lica con montaje<\/li>\n<li style='margin-bottom: 5px;'><strong>Ancho de canal:<\/strong> 20 \u0399 40 \u0399 80 Mhz<\/li>\n<\/ul><\/div>\n<\/p><\/div>\n<div style='border: 1px solid rgba(150&comma;150&comma;150&comma;0.3); border-radius: 8px; overflow: hidden;'>\n<div style='padding: 15px; border-bottom: 1px solid rgba(150&comma;150&comma;150&comma;0.2); font-weight: bold; color: inherit;'>Informaci\u00f3n Adicional<\/div>\n<div style='padding: 15px; color: inherit;'>\n<ul style='padding-left: 20px; margin: 0; font-size: 14px; list-style-type: disc;'>\n<li style='margin-bottom: 5px;'><strong>Garant\u00eda:<\/strong> 3 a\u00f1os<\/li>\n<\/ul><\/div>\n<\/p><\/div>\n<\/p><\/div>\n<div style='margin: 30px 0;'>\n<h3 style='font-size: 18px; margin-top: 0; margin-bottom: 15px; color: inherit;'>Herramientas de Gesti\u00f3n<\/h3>\n<div style='display: grid; grid-template-columns: repeat(auto-fill&comma; minmax(225px&comma; 1fr)); gap: 20px; justify-items: center;'>\n<div style='text-align: center;'> <img style='width: 100%; max-width: 225px; height: auto; border: 1px solid rgba(150&comma;150&comma;150&comma;0.3); border-radius: 8px;' src='https:\/\/ftp3.syscom.mx\/usuarios\/dquezada\/Cambium\/ePMP\/Distancias%20Force%20300.jpg' alt='Distancias Force 300'> <\/p>\n<h4 style='margin: 15px 0 5px; font-size: 16px; color: inherit;'>Distancias Force 300<\/h4>\n<\/p><\/div>\n<div style='text-align: center;'> <img style='width: 100%; max-width: 225px; height: auto; border: 1px solid rgba(150&comma;150&comma;150&comma;0.3); border-radius: 8px;' src='https:\/\/ftp3.syscom.mx\/usuarios\/hortega\/Cambium\/ePMP\/cnMaestro2.png' alt='cnMaestro'> <\/p>\n<h4 style='margin: 15px 0 5px; font-size: 16px; color: inherit;'>cnMaestro<\/h4>\n<p style='font-size: 14px; color: inherit;'>Plataforma de software local o basada en la nube para control de red seguro de extremo a extremo<\/p>\n<\/p><\/div>\n<div style='text-align: center;'> <img style='width: 100%; max-width: 225px; height: auto; border: 1px solid rgba(150&comma;150&comma;150&comma;0.3); border-radius: 8px;' src='https:\/\/ftp3.syscom.mx\/usuarios\/hortega\/Cambium\/ePMP\/LinkPlanner-225x225.png' alt='LINKPlanner'> <\/p>\n<h4 style='margin: 15px 0 5px; font-size: 16px; color: inherit;'>LINKPlanner<\/h4>\n<p style='font-size: 14px; color: inherit;'>Herramienta de dise\u00f1o de enlaces gratuita y f\u00e1cil de usar para optimizar el rendimiento del sistema<\/p>\n<\/p><\/div>\n<div style='text-align: center;'> <img style='width: 100%; max-width: 225px; height: auto; border: 1px solid rgba(150&comma;150&comma;150&comma;0.3); border-radius: 8px;' src='https:\/\/ftp3.syscom.mx\/usuarios\/hortega\/Cambium\/ePMP\/cnArcher-225x225.png' alt='cnArcher'> <\/p>\n<h4 style='margin: 15px 0 5px; font-size: 16px; color: inherit;'>cnArcher<\/h4>\n<p style='font-size: 14px; color: inherit;'>Aplicaci\u00f3n m\u00f3vil gratuita para configurar y alinear correctamente los m\u00f3dulos de suscriptores<\/p>\n<\/p><\/div>\n<div style='text-align: center;'> <img style='width: 100%; max-width: 225px; height: auto; border: 1px solid rgba(150&comma;150&comma;150&comma;0.3); border-radius: 8px;' src='https:\/\/ftp3.syscom.mx\/usuarios\/hortega\/Cambium\/ePMP\/cnHeat.png' alt='cnHeat'> <\/p>\n<h4 style='margin: 15px 0 5px; font-size: 16px; color: inherit;'>cnHeat<\/h4>\n<p style='font-size: 14px; color: inherit;'>Herramienta de predicci\u00f3n de RF de alta precisi\u00f3n integrada con datos SIG<\/p>\n<\/p><\/div>\n<\/p><\/div>\n<\/p><\/div>\n<div style='margin: 30px 0;'>\n<div style='position: relative; padding-bottom: 56.25%; height: 0; overflow: hidden; margin-bottom: 30px;'>   <\/div>\n<\/p><\/div>\n<\/p><\/div>\n","protected":false},"excerpt":{"rendered":"<p>Suscriptor Force 300L \/ +600 MBps Reales \/ 5 GHz Wave2 802.11-AC \/ Antena de 16 dBi &#8211; C050910C111A<\/p>\n","protected":false},"featured_media":32,"comment_status":"open","ping_status":"closed","template":"","meta":[],"product_brand":[],"product_cat":[1998],"product_tag":[1999,1316,1980],"class_list":{"0":"post-81710","1":"product","2":"type-product","3":"status-publish","4":"has-post-thumbnail","6":"product_cat-5-y-6-ghz","7":"product_tag-5-y-6-ghz","8":"product_tag-cambium-networks","9":"product_tag-enlaces-ptp-y-ptmp","11":"first","12":"outofstock","13":"sale","14":"shipping-taxable","15":"purchasable","16":"product-type-simple"},"_links":{"self":[{"href":"https:\/\/soydeaqui.ddns.net\/pachuca\/index.php\/wp-json\/wp\/v2\/product\/81710","targetHints":{"allow":["GET"]}}],"collection":[{"href":"https:\/\/soydeaqui.ddns.net\/pachuca\/index.php\/wp-json\/wp\/v2\/product"}],"about":[{"href":"https:\/\/soydeaqui.ddns.net\/pachuca\/index.php\/wp-json\/wp\/v2\/types\/product"}],"replies":[{"embeddable":true,"href":"https:\/\/soydeaqui.ddns.net\/pachuca\/index.php\/wp-json\/wp\/v2\/comments?post=81710"}],"wp:featuredmedia":[{"embeddable":true,"href":"https:\/\/soydeaqui.ddns.net\/pachuca\/index.php\/wp-json\/wp\/v2\/media\/32"}],"wp:attachment":[{"href":"https:\/\/soydeaqui.ddns.net\/pachuca\/index.php\/wp-json\/wp\/v2\/media?parent=81710"}],"wp:term":[{"taxonomy":"product_brand","embeddable":true,"href":"https:\/\/soydeaqui.ddns.net\/pachuca\/index.php\/wp-json\/wp\/v2\/product_brand?post=81710"},{"taxonomy":"product_cat","embeddable":true,"href":"https:\/\/soydeaqui.ddns.net\/pachuca\/index.php\/wp-json\/wp\/v2\/product_cat?post=81710"},{"taxonomy":"product_tag","embeddable":true,"href":"https:\/\/soydeaqui.ddns.net\/pachuca\/index.php\/wp-json\/wp\/v2\/product_tag?post=81710"}],"curies":[{"name":"wp","href":"https:\/\/api.w.org\/{rel}","templated":true}]}}